{"id":707,"date":"2016-10-17T01:01:05","date_gmt":"2016-10-17T01:01:05","guid":{"rendered":"http:\/\/www2.unicentro.br\/ppgq\/?page_id=707"},"modified":"2017-05-24T17:04:59","modified_gmt":"2017-05-24T17:04:59","slug":"infraestrutura","status":"publish","type":"page","link":"https:\/\/www2.unicentro.br\/ppgq\/pt\/mestrado\/infraestrutura\/","title":{"rendered":"Infraestrutura de Pesquisa"},"content":{"rendered":"<p>O programa de Mestrado em Qu\u00edmica Aplicada conta desde a sua forma\u00e7\u00e3o com uma boa infraestrutura de pesquisa financiada pela Finep, CNPq e Funda\u00e7\u00e3o Arauc\u00e1ria e que est\u00e1 em ampla expans\u00e3o. Iniciou suas atividades em 2006 contando com o Centro Institucional Multidisciplinar de Pesquisa Cient\u00edfica e Tecnol\u00f3gica (Cimpe), edifica\u00e7\u00e3o constru\u00edda com o apoio da Finep atrav\u00e9s da aprova\u00e7\u00e3o do projeto no CT-Infra\/2005.<\/p>\n<div id=\"attachment_709\" style=\"width: 435px\" class=\"wp-caption aligncenter\"><img loading=\"lazy\" decoding=\"async\" aria-describedby=\"caption-attachment-709\" id=\"longdesc-return-709\" class=\"size-full wp-image-709\" src=\"http:\/\/www2.unicentro.br\/ppgq\/files\/2016\/10\/infra1.jpg\" alt=\"Cimpe\" width=\"425\" height=\"239\" longdesc=\"http:\/\/www2.unicentro.br\/ppgq?longdesc=709&amp;referrer=707\" srcset=\"https:\/\/www2.unicentro.br\/ppgq\/files\/2016\/10\/infra1.jpg 425w, https:\/\/www2.unicentro.br\/ppgq\/files\/2016\/10\/infra1-300x169.jpg 300w\" sizes=\"auto, (max-width: 425px) 100vw, 425px\" \/><p id=\"caption-attachment-709\" class=\"wp-caption-text\">Foto do Cimpe \u2013 Centro Institucional Multidisciplinar de Pesquisa Cient\u00edfica e Tecnol\u00f3gica<\/p><\/div>\n<p>Em 2012, foi aprovada, no projeto CT-Infra\/2012 da Finep, a constru\u00e7\u00e3o de uma nova edifica\u00e7\u00e3o de 800 m<sup>2<\/sup> constitu\u00edda de 13 laborat\u00f3rios com infraestrutura de pesquisa multiusu\u00e1ria correspondente ao Centro de Ci\u00eancias Moleculares e Nanotecnologia (CCMN) que foi inaugurada em 2016. Atualmente, o programa possui dois bolsistas de p\u00f3s-doutoramento e dois bolsistas de apoio t\u00e9cnico da Funda\u00e7\u00e3o Arauc\u00e1ria para auxiliar os grupos de pesquisa e para a realiza\u00e7\u00e3o de an\u00e1lises multiusu\u00e1rias.<\/p>\n<div id=\"attachment_711\" style=\"width: 435px\" class=\"wp-caption aligncenter\"><img loading=\"lazy\" decoding=\"async\" aria-describedby=\"caption-attachment-711\" id=\"longdesc-return-711\" class=\"wp-image-711 size-full\" src=\"http:\/\/www2.unicentro.br\/ppgq\/files\/2016\/10\/infra2.jpg\" alt=\"CCMN\" width=\"425\" height=\"239\" longdesc=\"http:\/\/www2.unicentro.br\/ppgq?longdesc=711&amp;referrer=707\" srcset=\"https:\/\/www2.unicentro.br\/ppgq\/files\/2016\/10\/infra2.jpg 425w, https:\/\/www2.unicentro.br\/ppgq\/files\/2016\/10\/infra2-300x169.jpg 300w\" sizes=\"auto, (max-width: 425px) 100vw, 425px\" \/><p id=\"caption-attachment-711\" class=\"wp-caption-text\">CCMN<\/p><\/div>\n<div id=\"attachment_712\" style=\"width: 435px\" class=\"wp-caption aligncenter\"><img loading=\"lazy\" decoding=\"async\" aria-describedby=\"caption-attachment-712\" id=\"longdesc-return-712\" class=\"size-full wp-image-712\" src=\"http:\/\/www2.unicentro.br\/ppgq\/files\/2016\/10\/infra3.jpg\" alt=\"Fotos do CCMN \u2013 Centro de Ci\u00eancias Moleculares e Nanotecnologia\" width=\"425\" height=\"239\" longdesc=\"http:\/\/www2.unicentro.br\/ppgq?longdesc=712&amp;referrer=707\" srcset=\"https:\/\/www2.unicentro.br\/ppgq\/files\/2016\/10\/infra3.jpg 425w, https:\/\/www2.unicentro.br\/ppgq\/files\/2016\/10\/infra3-300x169.jpg 300w\" sizes=\"auto, (max-width: 425px) 100vw, 425px\" \/><p id=\"caption-attachment-712\" class=\"wp-caption-text\">Fotos do CCMN \u2013 Centro de Ci\u00eancias Moleculares e Nanotecnologia<\/p><\/div>\n<p>O CCMN \u00e9 um centro de pesquisa multiusu\u00e1rio dedicado \u00e0 realiza\u00e7\u00e3o de pesquisas em 5 eixos tem\u00e1ticos principais &#8211; 1) Remo\u00e7\u00e3o e an\u00e1lise de contaminantes inorg\u00e2nicos e org\u00e2nicos de diversas matrizes; 2) Desenvolvimento, caracteriza\u00e7\u00e3o e aplica\u00e7\u00e3o de nanomateriais como sensores, catalisadores, pigmentos, entre outros 3) Qu\u00edmica de produtos naturais; 4) Adsor\u00e7\u00e3o e cat\u00e1lise; 5) F\u00edsico-Qu\u00edmica Te\u00f3rica e Modelagem Molecular \u2013 todos eles relacionados \u00e0 investiga\u00e7\u00e3o experimental e te\u00f3rica da estrutura da mat\u00e9ria ao n\u00edvel de mol\u00e9culas, macromol\u00e9culas, interfaces e nanopart\u00edculas. Este tipo de investiga\u00e7\u00e3o est\u00e1 fortemente alicer\u00e7ada em t\u00e9cnicas experimentais refinadas e altamente especializadas que s\u00e3o comuns aos 5 eixos tem\u00e1ticos relacionados. Atualmente o CCMN \u00e9 constitu\u00eddo pelos seguintes laborat\u00f3rios:<\/p>\n<ol>\n<li><strong>Laborat\u00f3rio Multiusu\u00e1rio de An\u00e1lise Elementar e An\u00e1lise de Tra\u00e7os.<\/strong> Este laborat\u00f3rio iniciou suas atividades no ano de 2000 com a realiza\u00e7\u00e3o de servi\u00e7os de an\u00e1lise de \u00e1gua e de solos principalmente atrav\u00e9s da t\u00e9cnica de absor\u00e7\u00e3o at\u00f4mica com atomiza\u00e7\u00e3o em chama. Em 2008 com a aquisi\u00e7\u00e3o de equipamento de atomiza\u00e7\u00e3o eletrot\u00e9rmica em forno de grafite, o laborat\u00f3rio capacitou-se para a realiza\u00e7\u00e3o de an\u00e1lises de tra\u00e7os. Em 2017, o laborat\u00f3rio dever\u00e1 incorporar equipamento de espectroscopia de emiss\u00e3o at\u00f4mica de plasma acoplado indutivamente, j\u00e1 existente na institui\u00e7\u00e3o. Este laborat\u00f3rio presta diversos servi\u00e7os atrav\u00e9s da an\u00e1lise de \u00e1guas, solos, produtos ap\u00edcolas, alimentos e bebidas e produtos ligados a cadeia produtiva da erva-mate.<\/li>\n<li><strong>Laborat\u00f3rio Multiusu\u00e1rio de Cromatografia e Produtos Naturais.<\/strong> O laborat\u00f3rio iniciou suas atividades em 2009 e realiza an\u00e1lises de cromatografia l\u00edquida e gasosa. A cromatografia l\u00edquida \u00e9 realizada atrav\u00e9s de equipamento de cromatografia l\u00edquida de alta efici\u00eancia (HPLC), com detectores de ultravioleta, \u00edndice de refra\u00e7\u00e3o e fluoresc\u00eancia adquirido em 2009. A cromatografia gasosa \u00e9 realizada em cromat\u00f3grafo acoplado a espectr\u00f4metro de massa (CG-MS) adquirido em 2013. Em 2017 ser\u00e1 instalado um equipamento de cromatografia liquida de ultra efici\u00eancia acoplado a espectrometria de massas (UPLC-MS\/MS). Este laborat\u00f3rio d\u00e1 suporte a pesquisas na \u00e1rea de produtos ap\u00edcolas e outros produtos aliment\u00edcios em parceria com produtores locais, j\u00e1 tendo gerado diversas patentes e alguns produtos comercializados. Al\u00e9m disso, o laborat\u00f3rio atende a um n\u00famero muito elevado de pesquisadores internos e externos da Unicentro.<\/li>\n<li><strong>Laborat\u00f3rio Multiusu\u00e1rio de Eletroqu\u00edmica e Eletroanal\u00edtica.<\/strong> Este laborat\u00f3rio iniciou suas atividades em 2016 reunindo tr\u00eas grupos de pesquisas pr\u00e9-existentes na \u00e1rea de eletroqu\u00edmica e eletroanal\u00edtica. O laborat\u00f3rio conta com 2 potenciostatos modelo micro-autolab com compli\u00e2ncia de 12V\/80 mA, um potenciostato modelo Gamry 600 com compli\u00e2ncia de 15 V\/600 mA e um polar\u00f3grafo Methrom. Este laborat\u00f3rio tem suportado in\u00fameras pesquisas e tem enorme potencialidade para parcerias com o setor produtivo nas \u00e1reas de galvanoplastia, an\u00e1lise de f\u00e1rmacos e teste de baterias.<\/li>\n<li><strong>Laborat\u00f3rio Multiusu\u00e1rio de Raios-X.<\/strong> Este laborat\u00f3rio iniciou suas atividades em 2008 e d\u00e1 suporte \u00e0s pesquisas na \u00e1rea de novos materiais. O laborat\u00f3rio atende in\u00fameros pesquisadores da Unicentro e de outras institui\u00e7\u00f5es. Est\u00e1 equipado com um difrat\u00f4metro de Raios-X com detector de alta resolu\u00e7\u00e3o adquirido em 2008.<\/li>\n<li><strong>Laborat\u00f3rio Multiusu\u00e1rio de An\u00e1lise T\u00e9rmica<\/strong>. O laborat\u00f3rio iniciou suas atividades em 2008 com a aquisi\u00e7\u00e3o de um equipamento de an\u00e1lise termogravim\u00e9trica e an\u00e1lise t\u00e9rmica diferencial (TG-DTA) e d\u00e1 suporte as pesquisas na \u00e1rea de novos materiais, alimentos, f\u00e1rmacos e amostras ambientais.<\/li>\n<li><strong>Laborat\u00f3rio Multiusu\u00e1rio de Espectroscopia<\/strong>. O laborat\u00f3rio de espectroscopia conta com equipamentos de espectroscopia vibracional e eletr\u00f4nica e espalhamento Raman e tem atendido diversos grupos de pesquisa, especialmente para a caracteriza\u00e7\u00e3o de novos materiais.<\/li>\n<li><strong>Laborat\u00f3rio de Processamento de Materiais<\/strong>. Este \u00e9 um laborat\u00f3rio, criado em 2012, para atender a diversos grupos na produ\u00e7\u00e3o de novos materiais. Conta com muflas, fornos, estufas, prensas e termoprensas.<\/li>\n<li><strong>Laborat\u00f3rio Multiusu\u00e1rio de Microscopia<\/strong>. Inaugurado em 2013, presta servi\u00e7os de microscopia eletr\u00f4nica de varredura, microscopia \u00f3ptica e metalografia, para caracteriza\u00e7\u00e3o de novos materiais, nanopart\u00edculas, amostras ambientais, alimentos, entre outras.<\/li>\n<\/ol>\n","protected":false},"excerpt":{"rendered":"<p>O programa de Mestrado em Qu\u00edmica Aplicada conta desde a sua forma\u00e7\u00e3o com uma boa infraestrutura de pesquisa financiada pela Finep, CNPq e Funda\u00e7\u00e3o Arauc\u00e1ria e que est\u00e1 em ampla expans\u00e3o. Iniciou suas atividades em 2006 contando com o Centro Institucional Multidisciplinar de Pesquisa Cient\u00edfica e Tecnol\u00f3gica (Cimpe), edifica\u00e7\u00e3o constru\u00edda com o apoio da Finep [&hellip;]<\/p>\n","protected":false},"author":2,"featured_media":0,"parent":685,"menu_order":0,"comment_status":"closed","ping_status":"closed","template":"","meta":{"_exactmetrics_skip_tracking":false,"_exactmetrics_sitenote_active":false,"_exactmetrics_sitenote_note":"","_exactmetrics_sitenote_category":0,"ngg_post_thumbnail":0,"footnotes":"","_links_to":"","_links_to_target":""},"class_list":["post-707","page","type-page","status-publish","hentry"],"publishpress_future_action":{"enabled":false,"date":"2026-04-18 08:50:16","action":"change-status","newStatus":"draft","terms":[],"taxonomy":"language","extraData":[]},"publishpress_future_workflow_manual_trigger":{"enabledWorkflows":[]},"_links":{"self":[{"href":"https:\/\/www2.unicentro.br\/ppgq\/wp-json\/wp\/v2\/pages\/707","targetHints":{"allow":["GET"]}}],"collection":[{"href":"https:\/\/www2.unicentro.br\/ppgq\/wp-json\/wp\/v2\/pages"}],"about":[{"href":"https:\/\/www2.unicentro.br\/ppgq\/wp-json\/wp\/v2\/types\/page"}],"author":[{"embeddable":true,"href":"https:\/\/www2.unicentro.br\/ppgq\/wp-json\/wp\/v2\/users\/2"}],"replies":[{"embeddable":true,"href":"https:\/\/www2.unicentro.br\/ppgq\/wp-json\/wp\/v2\/comments?post=707"}],"version-history":[{"count":5,"href":"https:\/\/www2.unicentro.br\/ppgq\/wp-json\/wp\/v2\/pages\/707\/revisions"}],"predecessor-version":[{"id":737,"href":"https:\/\/www2.unicentro.br\/ppgq\/wp-json\/wp\/v2\/pages\/707\/revisions\/737"}],"up":[{"embeddable":true,"href":"https:\/\/www2.unicentro.br\/ppgq\/wp-json\/wp\/v2\/pages\/685"}],"wp:attachment":[{"href":"https:\/\/www2.unicentro.br\/ppgq\/wp-json\/wp\/v2\/media?parent=707"}],"curies":[{"name":"wp","href":"https:\/\/api.w.org\/{rel}","templated":true}]}}