{"id":689,"date":"2016-10-17T00:12:26","date_gmt":"2016-10-17T00:12:26","guid":{"rendered":"http:\/\/www2.unicentro.br\/ppgq\/?page_id=689"},"modified":"2017-05-24T17:05:00","modified_gmt":"2017-05-24T17:05:00","slug":"ingresso","status":"publish","type":"page","link":"https:\/\/www2.unicentro.br\/ppgq\/pt\/mestrado\/ingresso\/","title":{"rendered":"Ingresso"},"content":{"rendered":"<p>O processo seletivo para ingresso no Mestrado em Qu\u00edmica Aplicada \u00e9 realizado anualmente, normalmente nos meses de fevereiro e mar\u00e7o pela Comiss\u00e3o de Bolsas nomeada pelo Colegiado do Programa. O processo de sele\u00e7\u00e3o de candidatos \u00e9 composto por duas etapas:<\/p>\n<p style=\"padding-left: 30px\">a) Prova escrita de conhecimentos espec\u00edficos em Qu\u00edmica Geral<br \/>\nb) An\u00e1lise do Curriculum Lattes;<\/p>\n<p>O detalhamento das etapas do processo de sele\u00e7\u00e3o bem como o \u00a0programa e a bibliografia sugerida para a prova escrita, s\u00e3o divulgados anualmente em Edital espec\u00edfico, normalmente entre os meses de outubro a novembro.<\/p>\n","protected":false},"excerpt":{"rendered":"<p>O processo seletivo para ingresso no Mestrado em Qu\u00edmica Aplicada \u00e9 realizado anualmente, normalmente nos meses de fevereiro e mar\u00e7o pela Comiss\u00e3o de Bolsas nomeada pelo Colegiado do Programa. O processo de sele\u00e7\u00e3o de candidatos \u00e9 composto por duas etapas: a) Prova escrita de conhecimentos espec\u00edficos em Qu\u00edmica Geral b) An\u00e1lise do Curriculum Lattes; O [&hellip;]<\/p>\n","protected":false},"author":2,"featured_media":0,"parent":685,"menu_order":0,"comment_status":"closed","ping_status":"closed","template":"","meta":{"_exactmetrics_skip_tracking":false,"_exactmetrics_sitenote_active":false,"_exactmetrics_sitenote_note":"","_exactmetrics_sitenote_category":0,"ngg_post_thumbnail":0,"footnotes":"","_links_to":"","_links_to_target":""},"class_list":["post-689","page","type-page","status-publish","hentry"],"publishpress_future_action":{"enabled":false,"date":"2026-04-18 08:50:13","action":"change-status","newStatus":"draft","terms":[],"taxonomy":"language","extraData":[]},"publishpress_future_workflow_manual_trigger":{"enabledWorkflows":[]},"_links":{"self":[{"href":"https:\/\/www2.unicentro.br\/ppgq\/wp-json\/wp\/v2\/pages\/689","targetHints":{"allow":["GET"]}}],"collection":[{"href":"https:\/\/www2.unicentro.br\/ppgq\/wp-json\/wp\/v2\/pages"}],"about":[{"href":"https:\/\/www2.unicentro.br\/ppgq\/wp-json\/wp\/v2\/types\/page"}],"author":[{"embeddable":true,"href":"https:\/\/www2.unicentro.br\/ppgq\/wp-json\/wp\/v2\/users\/2"}],"replies":[{"embeddable":true,"href":"https:\/\/www2.unicentro.br\/ppgq\/wp-json\/wp\/v2\/comments?post=689"}],"version-history":[{"count":1,"href":"https:\/\/www2.unicentro.br\/ppgq\/wp-json\/wp\/v2\/pages\/689\/revisions"}],"predecessor-version":[{"id":690,"href":"https:\/\/www2.unicentro.br\/ppgq\/wp-json\/wp\/v2\/pages\/689\/revisions\/690"}],"up":[{"embeddable":true,"href":"https:\/\/www2.unicentro.br\/ppgq\/wp-json\/wp\/v2\/pages\/685"}],"wp:attachment":[{"href":"https:\/\/www2.unicentro.br\/ppgq\/wp-json\/wp\/v2\/media?parent=689"}],"curies":[{"name":"wp","href":"https:\/\/api.w.org\/{rel}","templated":true}]}}