{"id":687,"date":"2016-10-17T00:08:37","date_gmt":"2016-10-17T00:08:37","guid":{"rendered":"http:\/\/www2.unicentro.br\/ppgq\/?page_id=687"},"modified":"2018-12-06T18:24:45","modified_gmt":"2018-12-06T18:24:45","slug":"apresentacao","status":"publish","type":"page","link":"https:\/\/www2.unicentro.br\/ppgq\/pt\/mestrado\/apresentacao\/","title":{"rendered":"Apresenta\u00e7\u00e3o"},"content":{"rendered":"<p>O curso de Mestrado em Qu\u00edmica Aplicada do Programa de P\u00f3s-Gradua\u00e7\u00e3o em Qu\u00edmica da Universidade Estadual do Centro Oeste (Unicentro) foi aprovado em reuni\u00e3o realizada no per\u00edodo de 31 de janeiro a 02 de fevereiro de 2006 pelo Conselho T\u00e9cnico Cient\u00edfico (CTC) da Capes que endossou o parecer da Comiss\u00e3o de \u00c1rea e recomendou o conceito 3. Desta maneira, o Mestrado em Qu\u00edmica Aplicada iniciou suas atividades em 2006 atuando em duas linhas de pesquisa: (1) Materiais, Interfaces e Aplica\u00e7\u00f5es e (2) Metodologias Anal\u00edticas e Aplica\u00e7\u00f5es.<\/p>\n<p>Ao longo da sua exist\u00eancia, o corpo docente do Mestrado em Qu\u00edmica Aplicada tem se comprometido a buscar o fortalecimento das linhas de pesquisa, a consolida\u00e7\u00e3o dos grupos de pesquisa, a aprova\u00e7\u00e3o e prepara\u00e7\u00e3o de novos projetos e a publica\u00e7\u00e3o de artigos cient\u00edficos em revistas nacionais e internacionais de alto fator de impacto.<\/p>\n<p>O Programa de P\u00f3s-Gradua\u00e7\u00e3o em Qu\u00edmica Aplicada, n\u00edvel Mestrado tem procurado tamb\u00e9m oferecer ao mestrando uma forma\u00e7\u00e3o ampla e vers\u00e1til capacitando-o para atuar em diversos setores industriais e acad\u00eamicos \u00a0sem abrir m\u00e3o de uma s\u00f3lida forma\u00e7\u00e3o cient\u00edfica que permita a continua\u00e7\u00e3o dos seus estudos visando um curso de doutoramento.<\/p>\n","protected":false},"excerpt":{"rendered":"<p>O curso de Mestrado em Qu\u00edmica Aplicada do Programa de P\u00f3s-Gradua\u00e7\u00e3o em Qu\u00edmica da Universidade Estadual do Centro Oeste (Unicentro) foi aprovado em reuni\u00e3o realizada no per\u00edodo de 31 de janeiro a 02 de fevereiro de 2006 pelo Conselho T\u00e9cnico Cient\u00edfico (CTC) da Capes que endossou o parecer da Comiss\u00e3o de \u00c1rea e recomendou o [&hellip;]<\/p>\n","protected":false},"author":2,"featured_media":0,"parent":685,"menu_order":0,"comment_status":"closed","ping_status":"closed","template":"","meta":{"_exactmetrics_skip_tracking":false,"_exactmetrics_sitenote_active":false,"_exactmetrics_sitenote_note":"","_exactmetrics_sitenote_category":0,"ngg_post_thumbnail":0,"footnotes":"","_links_to":"","_links_to_target":""},"class_list":["post-687","page","type-page","status-publish","hentry"],"publishpress_future_action":{"enabled":false,"date":"2026-04-18 08:50:51","action":"change-status","newStatus":"draft","terms":[],"taxonomy":"language","extraData":[]},"publishpress_future_workflow_manual_trigger":{"enabledWorkflows":[]},"_links":{"self":[{"href":"https:\/\/www2.unicentro.br\/ppgq\/wp-json\/wp\/v2\/pages\/687","targetHints":{"allow":["GET"]}}],"collection":[{"href":"https:\/\/www2.unicentro.br\/ppgq\/wp-json\/wp\/v2\/pages"}],"about":[{"href":"https:\/\/www2.unicentro.br\/ppgq\/wp-json\/wp\/v2\/types\/page"}],"author":[{"embeddable":true,"href":"https:\/\/www2.unicentro.br\/ppgq\/wp-json\/wp\/v2\/users\/2"}],"replies":[{"embeddable":true,"href":"https:\/\/www2.unicentro.br\/ppgq\/wp-json\/wp\/v2\/comments?post=687"}],"version-history":[{"count":3,"href":"https:\/\/www2.unicentro.br\/ppgq\/wp-json\/wp\/v2\/pages\/687\/revisions"}],"predecessor-version":[{"id":1183,"href":"https:\/\/www2.unicentro.br\/ppgq\/wp-json\/wp\/v2\/pages\/687\/revisions\/1183"}],"up":[{"embeddable":true,"href":"https:\/\/www2.unicentro.br\/ppgq\/wp-json\/wp\/v2\/pages\/685"}],"wp:attachment":[{"href":"https:\/\/www2.unicentro.br\/ppgq\/wp-json\/wp\/v2\/media?parent=687"}],"curies":[{"name":"wp","href":"https:\/\/api.w.org\/{rel}","templated":true}]}}