{"id":1019,"date":"2017-10-17T03:04:37","date_gmt":"2017-10-17T03:04:37","guid":{"rendered":"http:\/\/www2.unicentro.br\/ppgq\/?page_id=1019"},"modified":"2017-10-17T03:04:37","modified_gmt":"2017-10-17T03:04:37","slug":"regulatory-instructions-and-regulations","status":"publish","type":"page","link":"https:\/\/www2.unicentro.br\/ppgq\/en\/regulatory-instructions-and-regulations\/","title":{"rendered":"Regulatory Instructions and Regulations"},"content":{"rendered":"<ul>\n<li><a href=\"http:\/\/www2.unicentro.br\/ppgq\/files\/2013\/11\/Instru%C3%A7%C3%A3o-Normativa-01-2016-completa.pdf?x10372\">Instru\u00e7\u00e3o Normativa 01\/2016 &#8211; Exame de qualifica\u00e7\u00e3o e defesa de mestrado<\/a><\/li>\n<li><a href=\"http:\/\/www2.unicentro.br\/ppgq\/files\/2017\/03\/Instru_o_Normativa_02_2016_Normativa_de_Desempenho_Discente_e_Concess_o_de_Bolsas.pdf\">Instru\u00e7\u00e3o Normativa 02\/2016 &#8211; Normativa de Desempenho Discente e Concess\u00e3o de Bolsas<\/a><\/li>\n<li><a href=\"http:\/\/www2.unicentro.br\/ppgq\/files\/2017\/03\/Instru_o_Normativa_03_2016_Normativa_de_Comiss_o_de_Bolsas.pdf\">Instru\u00e7\u00e3o Normativa 03\/2016 &#8211; PPGQ\/Unicentro &#8211; Estabelece a composi\u00e7\u00e3o e atribui\u00e7\u00f5es da Comiss\u00e3o de Bolsas do Programa de P\u00f3s-Gradua\u00e7\u00e3o em Qu\u00edmica (PPGQ) da Unicentro<\/a><\/li>\n<li><a href=\"http:\/\/www2.unicentro.br\/ppgq\/files\/2013\/11\/Instru%C3%A7%C3%A3o-Normativa-04-2016-Credenciamento.pdf?x10372\">Instru\u00e7\u00e3o Normativa 04\/2016 &#8211; Credenciamento de Docentes<\/a><\/li>\n<\/ul>\n<p>&nbsp;<\/p>\n<ul>\n<li><a href=\"http:\/\/www.unicentro.br\/atos\/201306271629137473.pdf\">Regulamento do curso de Mestrado<\/a><\/li>\n<li><a href=\"http:\/\/www2.unicentro.br\/ppgq\/files\/2013\/11\/Regulamento-do-curso-de-doutorado.doc?x10372\">Regulamento do curso de Doutorado<\/a><\/li>\n<li><a href=\"http:\/\/www.unicentro.br\/atos\/201106091030535451.pdf\">Regulamento Geral da P\u00f3s-Gradua\u00e7\u00e3o na Unicentro<\/a><\/li>\n<\/ul>\n","protected":false},"excerpt":{"rendered":"<p>Instru\u00e7\u00e3o Normativa 01\/2016 &#8211; Exame de qualifica\u00e7\u00e3o e defesa de mestrado Instru\u00e7\u00e3o Normativa 02\/2016 &#8211; Normativa de Desempenho Discente e Concess\u00e3o de Bolsas Instru\u00e7\u00e3o Normativa 03\/2016 &#8211; PPGQ\/Unicentro &#8211; Estabelece a composi\u00e7\u00e3o e atribui\u00e7\u00f5es da Comiss\u00e3o de Bolsas do Programa de P\u00f3s-Gradua\u00e7\u00e3o em Qu\u00edmica (PPGQ) da Unicentro Instru\u00e7\u00e3o Normativa 04\/2016 &#8211; Credenciamento de Docentes &nbsp; [&hellip;]<\/p>\n","protected":false},"author":136,"featured_media":0,"parent":0,"menu_order":0,"comment_status":"closed","ping_status":"closed","template":"","meta":{"_exactmetrics_skip_tracking":false,"_exactmetrics_sitenote_active":false,"_exactmetrics_sitenote_note":"","_exactmetrics_sitenote_category":0,"ngg_post_thumbnail":0,"footnotes":"","_links_to":"","_links_to_target":""},"class_list":["post-1019","page","type-page","status-publish","hentry"],"publishpress_future_action":{"enabled":false,"date":"2026-04-20 10:19:41","action":"change-status","newStatus":"draft","terms":[],"taxonomy":"language","extraData":[]},"publishpress_future_workflow_manual_trigger":{"enabledWorkflows":[]},"_links":{"self":[{"href":"https:\/\/www2.unicentro.br\/ppgq\/wp-json\/wp\/v2\/pages\/1019","targetHints":{"allow":["GET"]}}],"collection":[{"href":"https:\/\/www2.unicentro.br\/ppgq\/wp-json\/wp\/v2\/pages"}],"about":[{"href":"https:\/\/www2.unicentro.br\/ppgq\/wp-json\/wp\/v2\/types\/page"}],"author":[{"embeddable":true,"href":"https:\/\/www2.unicentro.br\/ppgq\/wp-json\/wp\/v2\/users\/136"}],"replies":[{"embeddable":true,"href":"https:\/\/www2.unicentro.br\/ppgq\/wp-json\/wp\/v2\/comments?post=1019"}],"version-history":[{"count":2,"href":"https:\/\/www2.unicentro.br\/ppgq\/wp-json\/wp\/v2\/pages\/1019\/revisions"}],"predecessor-version":[{"id":1021,"href":"https:\/\/www2.unicentro.br\/ppgq\/wp-json\/wp\/v2\/pages\/1019\/revisions\/1021"}],"wp:attachment":[{"href":"https:\/\/www2.unicentro.br\/ppgq\/wp-json\/wp\/v2\/media?parent=1019"}],"curies":[{"name":"wp","href":"https:\/\/api.w.org\/{rel}","templated":true}]}}