{"id":55,"date":"2014-11-19T19:40:09","date_gmt":"2014-11-19T19:40:09","guid":{"rendered":"http:\/\/www2.unicentro.br\/ppgcf\/?page_id=55"},"modified":"2017-05-11T18:41:58","modified_gmt":"2017-05-11T18:41:58","slug":"areas-de-atuacao","status":"publish","type":"page","link":"https:\/\/www2.unicentro.br\/ppgf\/areas-de-atuacao\/","title":{"rendered":"\u00c1reas de Atua\u00e7\u00e3o"},"content":{"rendered":"<ol>\n<li><strong>Silvicultura:<\/strong><\/li>\n<\/ol>\n<ul>\n<li>Silvicultura Clonal<\/li>\n<li>Silvicultura Urbana<\/li>\n<li>Melhoramento Florestal<\/li>\n<\/ul>\n<p>&nbsp;<\/p>\n<ol start=\"2\">\n<li><strong>Manejo Florestal:<\/strong><\/li>\n<\/ol>\n<ul>\n<li>Mensura\u00e7\u00e3o Florestal<\/li>\n<li>Manejo de Florestas Nativas<\/li>\n<li>Manejo de Florestas Plantadas<\/li>\n<li>Modelagem do Crescimento e da Produ\u00e7\u00e3o<\/li>\n<li>Otimiza\u00e7\u00e3o Florestal<\/li>\n<\/ul>\n<p>&nbsp;<\/p>\n<ol start=\"3\">\n<li><strong>Ergonomia, Colheita e Transporte Florestal:<\/strong><\/li>\n<\/ol>\n<ul>\n<li>Sistemas de Colheita de Madeira<\/li>\n<li>Transporte Florestal<\/li>\n<li>Planejamento de Colheita<\/li>\n<li>Ergonomia e seguran\u00e7a no trabalho<\/li>\n<\/ul>\n<p>&nbsp;<\/p>\n<ol start=\"4\">\n<li><strong>Geotecnologias:<\/strong><\/li>\n<\/ol>\n<ul>\n<li>Fotogrametria e Fotointerpreta\u00e7\u00e3o<\/li>\n<li>Sensoriamento Remoto<\/li>\n<li>Sistemas de Informa\u00e7\u00f5es Geogr\u00e1ficas<\/li>\n<\/ul>\n<p>&nbsp;<\/p>\n<ol start=\"5\">\n<li><strong>Tecnologia e Utiliza\u00e7\u00e3o de Produtos Florestais:<\/strong><\/li>\n<\/ol>\n<ul>\n<li>Industrializa\u00e7\u00e3o de Produtos Florestais<\/li>\n<li>Caracteriza\u00e7\u00e3o da Madeira<\/li>\n<li>Qu\u00edmica da Madeira<\/li>\n<li>Res\u00edduos Industriais<\/li>\n<li>Tratamentos de Efluentes<\/li>\n<li>Energia de Biomassa<\/li>\n<\/ul>\n","protected":false},"excerpt":{"rendered":"<p>Silvicultura: Silvicultura Clonal Silvicultura Urbana Melhoramento Florestal &nbsp; Manejo Florestal: Mensura\u00e7\u00e3o Florestal Manejo de Florestas Nativas Manejo de Florestas Plantadas Modelagem do Crescimento e da Produ\u00e7\u00e3o Otimiza\u00e7\u00e3o Florestal &nbsp; Ergonomia, Colheita e Transporte Florestal: Sistemas de Colheita de Madeira Transporte Florestal Planejamento de Colheita Ergonomia e seguran\u00e7a no trabalho &nbsp; Geotecnologias: Fotogrametria e Fotointerpreta\u00e7\u00e3o Sensoriamento [&hellip;]<\/p>\n","protected":false},"author":2,"featured_media":0,"parent":0,"menu_order":0,"comment_status":"closed","ping_status":"closed","template":"","meta":{"_exactmetrics_skip_tracking":false,"_exactmetrics_sitenote_active":false,"_exactmetrics_sitenote_note":"","_exactmetrics_sitenote_category":0,"ngg_post_thumbnail":0,"footnotes":"","_links_to":"","_links_to_target":""},"class_list":["post-55","page","type-page","status-publish","hentry"],"_links":{"self":[{"href":"https:\/\/www2.unicentro.br\/ppgf\/wp-json\/wp\/v2\/pages\/55","targetHints":{"allow":["GET"]}}],"collection":[{"href":"https:\/\/www2.unicentro.br\/ppgf\/wp-json\/wp\/v2\/pages"}],"about":[{"href":"https:\/\/www2.unicentro.br\/ppgf\/wp-json\/wp\/v2\/types\/page"}],"author":[{"embeddable":true,"href":"https:\/\/www2.unicentro.br\/ppgf\/wp-json\/wp\/v2\/users\/2"}],"replies":[{"embeddable":true,"href":"https:\/\/www2.unicentro.br\/ppgf\/wp-json\/wp\/v2\/comments?post=55"}],"version-history":[{"count":5,"href":"https:\/\/www2.unicentro.br\/ppgf\/wp-json\/wp\/v2\/pages\/55\/revisions"}],"predecessor-version":[{"id":1656,"href":"https:\/\/www2.unicentro.br\/ppgf\/wp-json\/wp\/v2\/pages\/55\/revisions\/1656"}],"wp:attachment":[{"href":"https:\/\/www2.unicentro.br\/ppgf\/wp-json\/wp\/v2\/media?parent=55"}],"curies":[{"name":"wp","href":"https:\/\/api.w.org\/{rel}","templated":true}]}}