{"id":1837,"date":"2017-11-08T13:31:24","date_gmt":"2017-11-08T13:31:24","guid":{"rendered":"http:\/\/www2.unicentro.br\/ppgf\/?page_id=1837"},"modified":"2017-11-08T13:31:24","modified_gmt":"2017-11-08T13:31:24","slug":"forms","status":"publish","type":"page","link":"https:\/\/www2.unicentro.br\/ppgf\/en\/forms\/","title":{"rendered":"Forms"},"content":{"rendered":"<p><a href=\"http:\/\/www2.unicentro.br\/ppgf\/files\/2017\/05\/Aproveitamento-de-Cr\u00e9ditos.pdf\">Transfer of Credit<\/a><\/p>\n<p><a href=\"http:\/\/www2.unicentro.br\/ppgf\/files\/2017\/05\/Bolsa-de-Estudos.pdf\">Scholarship<\/a><\/p>\n<p><a href=\"http:\/\/www2.unicentro.br\/ppgf\/files\/2017\/05\/Credenciamento-de-Docentes.pdf\">Accreditation of Teachers<\/a><\/p>\n<p><a href=\"http:\/\/www2.unicentro.br\/ppgf\/files\/2017\/05\/Declara\u00e7\u00e3o-de-Cumprimento-de-Pr\u00e1tica-em-Doc\u00eancia.pdf\">Declaration of Teaching Practice<\/a><\/p>\n<p><a href=\"http:\/\/www2.unicentro.br\/ppgf\/files\/2017\/05\/Exame-de-Qualifica\u00e7\u00e3o.pdf\">Qualification Exam<\/a><\/p>\n<p><a href=\"http:\/\/www2.unicentro.br\/ppgf\/files\/2017\/05\/Plano-de-Atividades-Pr\u00e1tica-em-Doc\u00eancia.pdf\">Activity Plan &#8211; Teaching Practice<\/a><\/p>\n<p><a href=\"http:\/\/www2.unicentro.br\/ppgf\/files\/2017\/05\/Relat\u00f3rio-Semestral-de-Atividades-Discente.pdf\">Semester Activity Report Student<\/a><\/p>\n<p><a href=\"http:\/\/www2.unicentro.br\/ppgf\/files\/2017\/05\/Solicita\u00e7\u00e3o-de-Defesa-P\u00fablica-Mestrado-e-Doutorado.pdf\">Request for Public Defense &#8211; Master&#8217;s and Doctoral<\/a><\/p>\n<p><a href=\"http:\/\/www2.unicentro.br\/ppgf\/files\/2017\/05\/Solicita\u00e7\u00e3o-de-Matr\u00edcula-Aluno-Regular.pdf\">Application for Registration &#8211; Regular Student<\/a><\/p>\n<p><a href=\"http:\/\/www2.unicentro.br\/ppgf\/files\/2017\/05\/Solicita\u00e7\u00e3o-de-Matr\u00edcula-Aluno-N\u00e3o-Regular.pdf\">Application for Registration &#8211; Non-Regular Student<\/a><\/p>\n<p>&nbsp;<\/p>\n","protected":false},"excerpt":{"rendered":"<p>Transfer of Credit Scholarship Accreditation of Teachers Declaration of Teaching Practice Qualification Exam Activity Plan &#8211; Teaching Practice Semester Activity Report Student Request for Public Defense &#8211; Master&#8217;s and Doctoral Application for Registration &#8211; Regular Student Application for Registration &#8211; Non-Regular Student &nbsp;<\/p>\n","protected":false},"author":2,"featured_media":0,"parent":0,"menu_order":0,"comment_status":"closed","ping_status":"closed","template":"","meta":{"_exactmetrics_skip_tracking":false,"_exactmetrics_sitenote_active":false,"_exactmetrics_sitenote_note":"","_exactmetrics_sitenote_category":0,"ngg_post_thumbnail":0,"footnotes":"","_links_to":"","_links_to_target":""},"class_list":["post-1837","page","type-page","status-publish","hentry"],"_links":{"self":[{"href":"https:\/\/www2.unicentro.br\/ppgf\/wp-json\/wp\/v2\/pages\/1837","targetHints":{"allow":["GET"]}}],"collection":[{"href":"https:\/\/www2.unicentro.br\/ppgf\/wp-json\/wp\/v2\/pages"}],"about":[{"href":"https:\/\/www2.unicentro.br\/ppgf\/wp-json\/wp\/v2\/types\/page"}],"author":[{"embeddable":true,"href":"https:\/\/www2.unicentro.br\/ppgf\/wp-json\/wp\/v2\/users\/2"}],"replies":[{"embeddable":true,"href":"https:\/\/www2.unicentro.br\/ppgf\/wp-json\/wp\/v2\/comments?post=1837"}],"version-history":[{"count":1,"href":"https:\/\/www2.unicentro.br\/ppgf\/wp-json\/wp\/v2\/pages\/1837\/revisions"}],"predecessor-version":[{"id":1838,"href":"https:\/\/www2.unicentro.br\/ppgf\/wp-json\/wp\/v2\/pages\/1837\/revisions\/1838"}],"wp:attachment":[{"href":"https:\/\/www2.unicentro.br\/ppgf\/wp-json\/wp\/v2\/media?parent=1837"}],"curies":[{"name":"wp","href":"https:\/\/api.w.org\/{rel}","templated":true}]}}