{"id":8537,"date":"2025-06-16T16:21:50","date_gmt":"2025-06-16T19:21:50","guid":{"rendered":"https:\/\/www2.unicentro.br\/ppge\/?page_id=8537"},"modified":"2025-06-24T10:51:46","modified_gmt":"2025-06-24T13:51:46","slug":"avaliacao-quadrienal-capes","status":"publish","type":"page","link":"https:\/\/www2.unicentro.br\/ppge\/avaliacao-quadrienal-capes\/","title":{"rendered":"Avalia\u00e7\u00e3o Quadrienal Capes"},"content":{"rendered":"<p>O Sistema de Avalia\u00e7\u00e3o desenvolvido pela CAPES divide-se em dois processos distintos, que se referem \u00e0 entrada e \u00e0 perman\u00eancia dos cursos de mestrado e doutorado. Ambos os processos seguem crit\u00e9rios debatidos e atualizados pela comunidade acad\u00eamico-cient\u00edfica a cada per\u00edodo avaliativo, tendo sua qualidade assegurada pela an\u00e1lise dos pares, o que confere reconhecimento e confiabilidade ao processo. As decis\u00f5es, a\u00e7\u00f5es e resultados tem sua transpar\u00eancia firmada a partir da ampla divulga\u00e7\u00e3o no site da CAPES e nas p\u00e1ginas das \u00e1reas de avalia\u00e7\u00e3o.<br \/>\nA Avalia\u00e7\u00e3o Quadrienal \u00e9 parte do processo de perman\u00eancia, e \u00e9 realizada seguindo sistem\u00e1tica e conjunto de quesitos b\u00e1sicos estabelecidos no Conselho T\u00e9cnico Cient\u00edfico da Educa\u00e7\u00e3o Superior (CTC-ES). Os resultados da avalia\u00e7\u00e3o peri\u00f3dica s\u00e3o expressos em notas, numa escala de 1 a 7, e fundamentam quais cursos obter\u00e3o a renova\u00e7\u00e3o de reconhecimento para a continuidade de funcionamento no per\u00edodo subsequente.<\/p>\n<ul>\n<li><a href=\"https:\/\/www2.unicentro.br\/ppge\/files\/2025\/06\/Portaria-no-109-de-25-de-Abril-de-2025.pdf\">PORTARIA CAPES N\u00ba 109\/2025 &#8211; Disciplina o Processo de Avalia\u00e7\u00e3o de Perman\u00eancia dos Programas de P\u00f3s-Gradua\u00e7\u00e3o stricto sensu no pa\u00eds<\/a><\/li>\n<li><a href=\"https:\/\/www.gov.br\/capes\/pt-br\/centrais-de-conteudo\/documentos\/avaliacao\/19052025_20250502_DocumentoReferencial_FICHA.pdf\">Diretrizes Comuns na Avalia\u00e7\u00e3o Quadrienal Ciclo Avaliativo 2025-2028<\/a><\/li>\n<li><a href=\"https:\/\/www.gov.br\/capes\/pt-br\/acesso-a-informacao\/acoes-e-programas\/avaliacao\/sobre-a-avaliacao\/areas-avaliacao\/sobre-as-areas-de-avaliacao\/colegio-de-humanidades\/ciencias-humanas\/copy_of_EDUCACAO_DOCAREA_2025_2028.pdf\">Documento de \u00c1rea da Educa\u00e7\u00e3o (2025-2028)<\/a><\/li>\n<li><a href=\"https:\/\/www.gov.br\/capes\/pt-br\/acesso-a-informacao\/acoes-e-programas\/avaliacao\/sobre-a-avaliacao\/areas-avaliacao\/sobre-as-areas-de-avaliacao\/colegio-de-humanidades\/ciencias-humanas\/copy_of_EDUCACAO_FICHA_2025_2028.pdf\">Ficha de Avalia\u00e7\u00e3o &#8211; Educa\u00e7\u00e3o (2025-2028)<\/a><\/li>\n<li><a href=\"https:\/\/www.gov.br\/capes\/pt-br\/acesso-a-informacao\/acoes-e-programas\/avaliacao\/sobre-a-avaliacao\/areas-avaliacao\/sobre-as-areas-de-avaliacao\/colegio-de-humanidades\/ciencias-humanas\/copy2_of_EDUCACAO_ANEXOFICHA_2025_2028.pdf\">Anexos das Fichas de Avalia\u00e7\u00e3o &#8211; Educa\u00e7\u00e3o (2025-2028)<\/a><\/li>\n<li><a href=\"https:\/\/www2.unicentro.br\/ppge\/files\/2025\/06\/EDUC_INFORME_LIVROS_2025.pdf\">Avalia\u00e7\u00e3o de Livros &#8211; Educa\u00e7\u00e3o<\/a><\/li>\n<\/ul>\n","protected":false},"excerpt":{"rendered":"<p>O Sistema de Avalia\u00e7\u00e3o desenvolvido pela CAPES divide-se em dois processos distintos, que se referem \u00e0 entrada e \u00e0 perman\u00eancia dos cursos de mestrado e doutorado. Ambos os processos seguem crit\u00e9rios debatidos e atualizados pela comunidade acad\u00eamico-cient\u00edfica a cada per\u00edodo avaliativo, tendo sua qualidade assegurada pela an\u00e1lise dos pares, o que confere reconhecimento e confiabilidade [&hellip;]<\/p>\n","protected":false},"author":6,"featured_media":0,"parent":0,"menu_order":0,"comment_status":"closed","ping_status":"open","template":"","meta":{"_exactmetrics_skip_tracking":false,"_exactmetrics_sitenote_active":false,"_exactmetrics_sitenote_note":"","_exactmetrics_sitenote_category":0,"ngg_post_thumbnail":0,"footnotes":"","_links_to":"","_links_to_target":""},"class_list":["post-8537","page","type-page","status-publish","hentry"],"publishpress_future_action":{"enabled":false,"date":"2026-04-17 14:49:01","action":"change-status","newStatus":"draft","terms":[],"taxonomy":"","extraData":[]},"publishpress_future_workflow_manual_trigger":{"enabledWorkflows":[]},"_links":{"self":[{"href":"https:\/\/www2.unicentro.br\/ppge\/wp-json\/wp\/v2\/pages\/8537","targetHints":{"allow":["GET"]}}],"collection":[{"href":"https:\/\/www2.unicentro.br\/ppge\/wp-json\/wp\/v2\/pages"}],"about":[{"href":"https:\/\/www2.unicentro.br\/ppge\/wp-json\/wp\/v2\/types\/page"}],"author":[{"embeddable":true,"href":"https:\/\/www2.unicentro.br\/ppge\/wp-json\/wp\/v2\/users\/6"}],"replies":[{"embeddable":true,"href":"https:\/\/www2.unicentro.br\/ppge\/wp-json\/wp\/v2\/comments?post=8537"}],"version-history":[{"count":11,"href":"https:\/\/www2.unicentro.br\/ppge\/wp-json\/wp\/v2\/pages\/8537\/revisions"}],"predecessor-version":[{"id":8579,"href":"https:\/\/www2.unicentro.br\/ppge\/wp-json\/wp\/v2\/pages\/8537\/revisions\/8579"}],"wp:attachment":[{"href":"https:\/\/www2.unicentro.br\/ppge\/wp-json\/wp\/v2\/media?parent=8537"}],"curies":[{"name":"wp","href":"https:\/\/api.w.org\/{rel}","templated":true}]}}