{"id":8532,"date":"2025-06-16T16:20:56","date_gmt":"2025-06-16T19:20:56","guid":{"rendered":"https:\/\/www2.unicentro.br\/ppge\/?page_id=8532"},"modified":"2025-06-17T09:41:07","modified_gmt":"2025-06-17T12:41:07","slug":"portarias","status":"publish","type":"page","link":"https:\/\/www2.unicentro.br\/ppge\/portarias\/","title":{"rendered":"Portarias"},"content":{"rendered":"<ul>\n<li><a href=\"https:\/\/www2.unicentro.br\/ppge\/files\/2014\/02\/Portaria_076_RegulamentoDS.pdf?x16490\">PORTARIA CAPES N\u00ba 76\/2010 &#8211; Regulamento do Programa de Demanda Social<\/a><\/li>\n<li><a style=\"line-height: 1.5em\" href=\"http:\/\/www2.unicentro.br\/ppge\/files\/2014\/02\/Portaria_248_19dez2011_LicencaMaternidade.pdf\">PORTARIA CAPES N\u00ba 248\/2011 &#8211; Licen\u00e7a Maternidade para Bolsistas CAPES<\/a><\/li>\n<li><a href=\"https:\/\/www2.unicentro.br\/ppge\/files\/2025\/05\/Port_MEC_1_324_08_11_12_15942258569229_2215.pdf\">PORTARIA MEC N\u00ba 1324\/2012 &#8211; Reconhecimento do curso de P\u00f3s-Gradua\u00e7\u00e3o em Educa\u00e7\u00e3o, n\u00edvel Mestrado<\/a><\/li>\n<li><a href=\"https:\/\/www2.unicentro.br\/ppge\/files\/2025\/06\/Portaria-no-81-de-3-de-Junho-de-2016.pdf\">PORTARIA CAPES N\u00ba 81\/2016 &#8211; Define as categorias de docentes que comp\u00f5em os PPG&#8217;s<\/a><\/li>\n<li><a href=\"https:\/\/www2.unicentro.br\/ppge\/files\/2025\/06\/02012018-portaria-289-de-28-12-2018-pdf.pdf\">PORTARIA CAPES N\u00ba 289\/2018 &#8211; Regulamento para Bolsas no Exterior<\/a><\/li>\n<li><a href=\"https:\/\/www2.unicentro.br\/ppge\/files\/2025\/05\/Port.-MEC-540.pdf\">PORTARIA MEC N\u00ba 540\/2020 &#8211; Reconhecimento do curso de P\u00f3s-Gradua\u00e7\u00e3o em Educa\u00e7\u00e3o, n\u00edvel Doutorado<\/a><\/li>\n<li><a href=\"https:\/\/www2.unicentro.br\/ppge\/files\/2025\/04\/Portaria-no-133-de-10-de-Julho-de-2023.pdf\">PORTARIA CAPES N\u00ba 133\/2023 &#8211; Regulamenta o ac\u00famulo de bolsas de mestrado, doutorado e p\u00f3s-doutorado concedidas pela CAPES<\/a><\/li>\n<li><a href=\"https:\/\/www2.unicentro.br\/ppge\/files\/2025\/06\/Portaria-no-77-de-8-de-Marco-de-2024.pdf\">PORTARIA CAPES N\u00ba 77\/2024 &#8211; Regulamento do Programa Institucional de Doutorado Sandu\u00edche no Exterior &#8211; PDSE<\/a><\/li>\n<li><a href=\"https:\/\/www2.unicentro.br\/ppge\/files\/2025\/06\/Portaria-no-109-de-25-de-Abril-de-2025.pdf\">PORTARIA CAPES N\u00ba 109\/2025 &#8211; Disciplina o Processo de Avalia\u00e7\u00e3o de Perman\u00eancia dos Programas de P\u00f3s-Gradua\u00e7\u00e3o stricto sensu no pa\u00eds<\/a><\/li>\n<\/ul>\n","protected":false},"excerpt":{"rendered":"<p>PORTARIA CAPES N\u00ba 76\/2010 &#8211; Regulamento do Programa de Demanda Social PORTARIA CAPES N\u00ba 248\/2011 &#8211; Licen\u00e7a Maternidade para Bolsistas CAPES PORTARIA MEC N\u00ba 1324\/2012 &#8211; Reconhecimento do curso de P\u00f3s-Gradua\u00e7\u00e3o em Educa\u00e7\u00e3o, n\u00edvel Mestrado PORTARIA CAPES N\u00ba 81\/2016 &#8211; Define as categorias de docentes que comp\u00f5em os PPG&#8217;s PORTARIA CAPES N\u00ba 289\/2018 &#8211; Regulamento [&hellip;]<\/p>\n","protected":false},"author":6,"featured_media":0,"parent":0,"menu_order":0,"comment_status":"closed","ping_status":"open","template":"","meta":{"_exactmetrics_skip_tracking":false,"_exactmetrics_sitenote_active":false,"_exactmetrics_sitenote_note":"","_exactmetrics_sitenote_category":0,"ngg_post_thumbnail":0,"footnotes":"","_links_to":"","_links_to_target":""},"class_list":["post-8532","page","type-page","status-publish","hentry"],"publishpress_future_action":{"enabled":false,"date":"2026-04-17 12:09:32","action":"change-status","newStatus":"draft","terms":[],"taxonomy":"","extraData":[]},"publishpress_future_workflow_manual_trigger":{"enabledWorkflows":[]},"_links":{"self":[{"href":"https:\/\/www2.unicentro.br\/ppge\/wp-json\/wp\/v2\/pages\/8532","targetHints":{"allow":["GET"]}}],"collection":[{"href":"https:\/\/www2.unicentro.br\/ppge\/wp-json\/wp\/v2\/pages"}],"about":[{"href":"https:\/\/www2.unicentro.br\/ppge\/wp-json\/wp\/v2\/types\/page"}],"author":[{"embeddable":true,"href":"https:\/\/www2.unicentro.br\/ppge\/wp-json\/wp\/v2\/users\/6"}],"replies":[{"embeddable":true,"href":"https:\/\/www2.unicentro.br\/ppge\/wp-json\/wp\/v2\/comments?post=8532"}],"version-history":[{"count":10,"href":"https:\/\/www2.unicentro.br\/ppge\/wp-json\/wp\/v2\/pages\/8532\/revisions"}],"predecessor-version":[{"id":8559,"href":"https:\/\/www2.unicentro.br\/ppge\/wp-json\/wp\/v2\/pages\/8532\/revisions\/8559"}],"wp:attachment":[{"href":"https:\/\/www2.unicentro.br\/ppge\/wp-json\/wp\/v2\/media?parent=8532"}],"curies":[{"name":"wp","href":"https:\/\/api.w.org\/{rel}","templated":true}]}}