{"id":7929,"date":"2025-02-11T08:15:02","date_gmt":"2025-02-11T11:15:02","guid":{"rendered":"https:\/\/www2.unicentro.br\/ppge\/?page_id=7929"},"modified":"2026-03-30T09:51:52","modified_gmt":"2026-03-30T12:51:52","slug":"teses-2025","status":"publish","type":"page","link":"https:\/\/www2.unicentro.br\/ppge\/teses-2025\/","title":{"rendered":"Teses 2025"},"content":{"rendered":"<table style=\"height: 550px;width: 100.189%;background-color: #ffffff\">\n<tbody>\n<tr style=\"background-color: #c4c4c4\">\n<td style=\"height: 10px;width: 22.8517%;text-align: center\"><strong>AUTOR(A)<\/strong><\/td>\n<td style=\"text-align: center;height: 10px;width: 44.6348%\"><strong>T\u00cdTULO<\/strong><\/td>\n<td style=\"text-align: center;height: 10px;width: 23.9084%\"><strong>ORIENTADOR(A)<\/strong><\/td>\n<td style=\"text-align: center;height: 10px;width: 7.66295%\"><strong>TESE<\/strong><\/td>\n<\/tr>\n<tr style=\"height: 10px\" bgcolor=\"#02d2d2\">\n<td style=\"width: 22.8517%;height: 10px;background-color: #ffffff;text-align: center\" bgcolor=\"#ffffff\" width=\"157\">ADONIAS NELSON DA LUZ<\/td>\n<td style=\"width: 44.6348%;height: 10px;background-color: #ffffff;text-align: center\" bgcolor=\"#ffffff\" width=\"313\">OS PROJETOS DE VIDA NO ENSINO M\u00c9DIO E A SOCIALIZA\u00c7\u00c3O: UMA AN\u00c1LISE DOS LIVROS DID\u00c1TICOS NA PERSPECTIVA DA TEORIA CR\u00cdTICA<\/td>\n<td style=\"width: 23.9084%;height: 10px;background-color: #ffffff;text-align: center\" bgcolor=\"#ffffff\" width=\"161\">Prof.\u00aa Dra. Luciane Neuvald<\/td>\n<td style=\"width: 7.66295%;height: 10px;background-color: #ffffff\" bgcolor=\"#ffffff\" width=\"639\"><a href=\"https:\/\/biblioteca.sophia.com.br\/terminalri\/9566\/acervo\/detalhe\/157111?guid=1757450917914&amp;returnUrl=%2fterminalri%2f9566%2fresultado%2flistar%3fguid%3d1757450917914%26quantidadePaginas%3d1%26codigoRegistro%3d157111%23157111&amp;i=2\"><span style=\"color: #000080\"><img loading=\"lazy\" decoding=\"async\" class=\"aligncenter\" src=\"http:\/\/www2.unicentro.br\/ppge\/files\/2016\/06\/d-pdf-100x100.png\" width=\"43\" height=\"43\" \/><\/span><\/a><\/td>\n<\/tr>\n<tr style=\"height: 48px\">\n<td style=\"width: 22.8517%;text-align: center;height: 48px;background-color: #a3d5f0\">ANDR\u00c9 LUIZ DA SILVA CAZULA<\/td>\n<td style=\"width: 44.6348%;text-align: center;height: 48px;background-color: #a3d5f0\">A PR\u00c1XIS DOCENTE DA EDUCA\u00c7\u00c3O HIST\u00d3RICA: O FUTURO COMO OBJETO DA ORIENTA\u00c7\u00c3O TEMPORAL EM AULAS DE HIST\u00d3RIA<\/td>\n<td style=\"width: 23.9084%;text-align: center;height: 48px;background-color: #a3d5f0\">Prof. Dr. Geyso Dongley Germinari<\/td>\n<td style=\"width: 7.66295%;height: 48px;background-color: #a3d5f0\"><a href=\"https:\/\/biblioteca.sophia.com.br\/terminalri\/9566\/acervo\/detalhe\/159103?guid=1774874647950&amp;returnUrl=%2fterminalri%2f9566%2fresultado%2flistar%3fguid%3d1774874647950%26quantidadePaginas%3d1%26codigoRegistro%3d159103%23159103&amp;i=1\"><span style=\"color: #000080\"><img loading=\"lazy\" decoding=\"async\" class=\"aligncenter\" src=\"http:\/\/www2.unicentro.br\/ppge\/files\/2016\/06\/d-pdf-100x100.png\" width=\"43\" height=\"43\" \/><\/span><\/a><\/td>\n<\/tr>\n<tr style=\"height: 82px\">\n<td style=\"width: 22.8517%;text-align: center;height: 82px;background-color: #ffffff\">DIEGO PAIVA BAHLS<\/td>\n<td style=\"width: 44.6348%;text-align: center;height: 82px;background-color: #ffffff\">AFETIVIDADE NA EDUCA\u00c7\u00c3O INFANTIL: UMA AN\u00c1LISE A PARTIR DA PERCEP\u00c7\u00c3O DE PROFESSORES HOMENS<\/td>\n<td style=\"width: 23.9084%;text-align: center;height: 82px;background-color: #ffffff\">Prof.\u00aa Dra. Aliandra Cristina Mesomo Lira<\/td>\n<td style=\"width: 7.66295%;height: 82px;background-color: #ffffff\">\n<p align=\"center\"><span style=\"color: #000080\"><a href=\"https:\/\/biblioteca.sophia.com.br\/terminalri\/9566\/acervo\/detalhe\/156717?guid=1754914645398&amp;returnUrl=%2fterminalri%2f9566%2fresultado%2flistar%3fguid%3d1754914645398%26quantidadePaginas%3d1%26codigoRegistro%3d156717%23156717&amp;i=3\"><img loading=\"lazy\" decoding=\"async\" class=\"\" src=\"http:\/\/www2.unicentro.br\/ppge\/files\/2016\/06\/d-pdf-100x100.png\" width=\"43\" height=\"43\" \/><\/a><\/span><\/p>\n<\/td>\n<\/tr>\n<tr style=\"height: 82px\">\n<td style=\"width: 22.8517%;text-align: center;height: 82px;background-color: #a3d5f0\">EDUARDO ALEXANDRE SANTOS DE OLIVEIRA<\/td>\n<td style=\"width: 44.6348%;text-align: center;height: 82px;background-color: #a3d5f0\">VIOL\u00caNCIA ENTRE CRIAN\u00c7AS EM DUAS ESCOLAS DE GUARAPUAVA-PR: UMA AN\u00c1LISE DA N\u00c3O EFETIVA\u00c7\u00c3O DESSE FEN\u00d4MENO A PARTIR DA <em>PARRES\u00cdA<\/em><\/td>\n<td style=\"width: 23.9084%;text-align: center;height: 82px;background-color: #a3d5f0\">Prof.\u00aa Dra. Poliana Fab\u00edula Cardozo<\/td>\n<td style=\"width: 7.66295%;height: 82px;background-color: #a3d5f0\">\n<p align=\"center\"><a href=\"https:\/\/biblioteca.sophia.com.br\/terminalri\/9566\/acervo\/detalhe\/157905?guid=1769430930074&amp;returnUrl=%2fterminalri%2f9566%2fresultado%2flistar%3fguid%3d1769430930074%26quantidadePaginas%3d1%26codigoRegistro%3d157905%23157905&amp;i=1\"><span style=\"color: #000080\"><img loading=\"lazy\" decoding=\"async\" class=\"\" src=\"http:\/\/www2.unicentro.br\/ppge\/files\/2016\/06\/d-pdf-100x100.png\" width=\"43\" height=\"43\" \/><\/span><\/a><\/p>\n<\/td>\n<\/tr>\n<tr>\n<td style=\"width: 22.8517%;text-align: center;background-color: #ffffff\">ELEM LUSTOSA<\/td>\n<td style=\"width: 44.6348%;text-align: center;background-color: #ffffff\">APROPRIA\u00c7\u00c3O DO PENSAMENTO DE ANTONIO GRAMSCI NA \u00c1REA DA EDUCA\u00c7\u00c3O: AN\u00c1LISE DE TESES DAS LINHAS DE POL\u00cdTICAS EDUCACIONAIS<\/td>\n<td style=\"width: 23.9084%;text-align: center;background-color: #ffffff\">Prof.\u00aa Dra. Michelle Fernandes Lima<\/td>\n<td style=\"width: 7.66295%;background-color: #ffffff\">\n<p align=\"center\"><a href=\"https:\/\/biblioteca.sophia.com.br\/terminalri\/9566\/acervo\/detalhe\/158800?guid=1774874660974&amp;returnUrl=%2fterminalri%2f9566%2fresultado%2flistar%3fguid%3d1774874660974%26quantidadePaginas%3d1%26codigoRegistro%3d158800%23158800&amp;i=1\"><span style=\"color: #000080\"><img loading=\"lazy\" decoding=\"async\" class=\"\" src=\"http:\/\/www2.unicentro.br\/ppge\/files\/2016\/06\/d-pdf-100x100.png\" width=\"43\" height=\"43\" \/><\/span><\/a><\/p>\n<\/td>\n<\/tr>\n<tr style=\"height: 144px\">\n<td style=\"width: 22.8517%;text-align: center;height: 144px;background-color: #a3d5f0\">FERNANDA SEIDEL BORTOLOTTI<\/td>\n<td style=\"width: 44.6348%;text-align: center;height: 144px;background-color: #a3d5f0\">SENTIDOS ATRIBU\u00cdDOS AO PROCESSO DE ENSINO E APRENDIZAGEM DE INGL\u00caS POR ESTUDANTES DAS REDES P\u00daBLICA E PRIVADA DA EDUCA\u00c7\u00c3O B\u00c1SICA DE GUARAPUAVA &#8211; PR E A RELA\u00c7\u00c3O CONSTRU\u00cdDA ENTRE AS PR\u00c1TICAS PEDAG\u00d3GICAS E A BASE NACIONAL COMUM CURRICULAR<\/td>\n<td style=\"width: 23.9084%;text-align: center;height: 144px;background-color: #a3d5f0\">Prof.\u00aa Dra. Cibele Krause Lemke<\/td>\n<td style=\"width: 7.66295%;height: 144px;background-color: #a3d5f0\">\n<p align=\"center\"><a href=\"https:\/\/biblioteca.sophia.com.br\/terminalri\/9566\/acervo\/detalhe\/157112?guid=1757450884029&amp;returnUrl=%2fterminalri%2f9566%2fresultado%2flistar%3fguid%3d1757450884029%26quantidadePaginas%3d1%26codigoRegistro%3d157112%23157112&amp;i=1\"><span style=\"color: #000080\"><img loading=\"lazy\" decoding=\"async\" class=\"\" src=\"http:\/\/www2.unicentro.br\/ppge\/files\/2016\/06\/d-pdf-100x100.png\" width=\"43\" height=\"43\" \/><\/span><\/a><\/p>\n<\/td>\n<\/tr>\n<tr style=\"height: 10px\" bgcolor=\"#02d2d2\">\n<td style=\"width: 22.8517%;height: 10px;text-align: center;background-color: #ffffff\" bgcolor=\"#ffffff\" width=\"157\">IONAH BEATRIZ BERALDO MATEUS<\/td>\n<td style=\"width: 44.6348%;height: 10px;text-align: center;background-color: #ffffff\" bgcolor=\"#ffffff\" width=\"313\">PEDAGOGIA IND\u00cdGENA UNICENTRO: A UNIVERSIDADE VAI PARA A ALDEIA<\/td>\n<td style=\"width: 23.9084%;height: 10px;text-align: center;background-color: #ffffff\" bgcolor=\"#ffffff\" width=\"161\">Prof. Dr. Marcos Gehrke<\/td>\n<td style=\"width: 7.66295%;height: 10px;background-color: #ffffff\" bgcolor=\"#ffffff\" width=\"639\">\n<p align=\"center\"><a href=\"https:\/\/biblioteca.sophia.com.br\/terminalri\/9566\/acervo\/detalhe\/156720?guid=1754914645398&amp;returnUrl=%2fterminalri%2f9566%2fresultado%2flistar%3fguid%3d1754914645398%26quantidadePaginas%3d1%26codigoRegistro%3d156720%23156720&amp;i=6\"><span style=\"color: #000080\"><img loading=\"lazy\" decoding=\"async\" class=\"\" src=\"http:\/\/www2.unicentro.br\/ppge\/files\/2016\/06\/d-pdf-100x100.png\" width=\"43\" height=\"43\" \/><\/span><\/a><\/p>\n<\/td>\n<\/tr>\n<tr>\n<td style=\"width: 22.8517%;text-align: center;background-color: #a3d5f0\">MIGUEL FARIA<\/td>\n<td style=\"width: 44.6348%;text-align: center;background-color: #a3d5f0\">A PR\u00c1TICA PEDAG\u00d3GICA DIGITAL DOCENTE UNIVERSIT\u00c1RIA E A INTELIG\u00caNCIA ARTIFICIAL GENERATIVA (IAG): AS IMPLICA\u00c7\u00d5ES E OS DESAFIOS EM UMA UNIVERSIDADE P\u00daBLICA DO ESTADO DO PARAN\u00c1<\/td>\n<td style=\"width: 23.9084%;text-align: center;background-color: #a3d5f0\">Prof.\u00aa Dra. Jamile Santinello<\/td>\n<td style=\"width: 7.66295%;background-color: #a3d5f0\">\n<p align=\"center\"><a href=\"https:\/\/biblioteca.sophia.com.br\/terminalri\/9566\/acervo\/detalhe\/159102?guid=1774874687501&amp;returnUrl=%2fterminalri%2f9566%2fresultado%2flistar%3fguid%3d1774874687501%26quantidadePaginas%3d1%26codigoRegistro%3d159102%23159102&amp;i=1\"><span style=\"color: #000080\"><img loading=\"lazy\" decoding=\"async\" class=\"\" src=\"http:\/\/www2.unicentro.br\/ppge\/files\/2016\/06\/d-pdf-100x100.png\" width=\"43\" height=\"43\" \/><\/span><\/a><\/p>\n<\/td>\n<\/tr>\n<tr>\n<td style=\"width: 22.8517%;text-align: center;background-color: #ffffff\">NILSON FERREIRA DE ALMEIDA<\/td>\n<td style=\"width: 44.6348%;text-align: center;background-color: #ffffff\">DOC\u00caNCIA EM (RE)CONSTRU\u00c7\u00c3O: PERCEP\u00c7\u00d5ES DE PROFESSORES DAS S\u00c9RIES INICIAIS EM UMA ESCOLA MUNICIPAL P\u00daBLICA PARANAENSE ENTRE PANDEMIA E P\u00d3S PANDEMIA<\/td>\n<td style=\"width: 23.9084%;text-align: center;background-color: #ffffff\">Prof.\u00aa Dra. Jamile Santinello<\/td>\n<td style=\"width: 7.66295%;background-color: #ffffff\">\n<p align=\"center\"><a href=\"https:\/\/biblioteca.sophia.com.br\/terminalri\/9566\/acervo\/detalhe\/159105?guid=1774874699541&amp;returnUrl=%2fterminalri%2f9566%2fresultado%2flistar%3fguid%3d1774874699541%26quantidadePaginas%3d1%26codigoRegistro%3d159105%23159105&amp;i=1\"><span style=\"color: #000080\"><img loading=\"lazy\" decoding=\"async\" class=\"\" src=\"http:\/\/www2.unicentro.br\/ppge\/files\/2016\/06\/d-pdf-100x100.png\" width=\"43\" height=\"43\" \/><\/span><\/a><\/p>\n<\/td>\n<\/tr>\n<tr style=\"height: 82px\">\n<td style=\"width: 22.8517%;text-align: center;height: 82px;background-color: #a3d5f0\">SILV\u00c9RIA DA APARECIDA FERREIRA<\/td>\n<td style=\"width: 44.6348%;text-align: center;height: 82px;background-color: #a3d5f0\">A HIST\u00d3RIA DAS MULHERES E ATRIBUI\u00c7\u00c3O DE SENTIDO HIST\u00d3RICO POR JOVENS ESCOLARIZADOS<\/td>\n<td style=\"width: 23.9084%;text-align: center;height: 82px;background-color: #a3d5f0\">Prof. Dr. Geyso Dongley<br \/>\nGerminari<\/td>\n<td style=\"width: 7.66295%;height: 82px;background-color: #a3d5f0\">\n<p align=\"center\"><a href=\"https:\/\/biblioteca.sophia.com.br\/terminalri\/9566\/acervo\/detalhe\/156716?guid=1754914645398&amp;returnUrl=%2fterminalri%2f9566%2fresultado%2flistar%3fguid%3d1754914645398%26quantidadePaginas%3d1%26codigoRegistro%3d156716%23156716&amp;i=2\"><span style=\"color: #000080\"><img loading=\"lazy\" decoding=\"async\" class=\"\" src=\"http:\/\/www2.unicentro.br\/ppge\/files\/2016\/06\/d-pdf-100x100.png\" width=\"43\" height=\"43\" \/><\/span><\/a><\/p>\n<\/td>\n<\/tr>\n<tr style=\"height: 82px\">\n<td style=\"width: 22.8517%;text-align: center;height: 82px;background-color: #ffffff\">SU\u00c9LEN PONTES MACHADO<\/td>\n<td style=\"width: 44.6348%;text-align: center;height: 82px;background-color: #ffffff\">A EDUCA\u00c7\u00c3O E O PROCESSO DE ACOLHIMENTO: RE(EXIST\u00caNCIA) MARCADA PELA MAIORIDADE<\/td>\n<td style=\"width: 23.9084%;text-align: center;height: 82px;background-color: #ffffff\">Prof.\u00aa Dra. Juliane Sachser<br \/>\nAngnes<\/td>\n<td style=\"width: 7.66295%;height: 82px;background-color: #ffffff\">\n<p align=\"center\"><a href=\"https:\/\/biblioteca.sophia.com.br\/terminalri\/9566\/acervo\/detalhe\/156787?guid=1754914645398&amp;returnUrl=%2fterminalri%2f9566%2fresultado%2flistar%3fguid%3d1754914645398%26quantidadePaginas%3d1%26codigoRegistro%3d156787%23156787&amp;i=1\"><span style=\"color: #000080\"><img loading=\"lazy\" decoding=\"async\" class=\"\" src=\"http:\/\/www2.unicentro.br\/ppge\/files\/2016\/06\/d-pdf-100x100.png\" width=\"43\" height=\"43\" \/><\/span><\/a><\/p>\n<\/td>\n<\/tr>\n<\/tbody>\n<\/table>\n","protected":false},"excerpt":{"rendered":"<p>AUTOR(A) T\u00cdTULO ORIENTADOR(A) TESE ADONIAS NELSON DA LUZ OS PROJETOS DE VIDA NO ENSINO M\u00c9DIO E A SOCIALIZA\u00c7\u00c3O: UMA AN\u00c1LISE DOS LIVROS DID\u00c1TICOS NA PERSPECTIVA DA TEORIA CR\u00cdTICA Prof.\u00aa Dra. Luciane Neuvald ANDR\u00c9 LUIZ DA SILVA CAZULA A PR\u00c1XIS DOCENTE DA EDUCA\u00c7\u00c3O HIST\u00d3RICA: O FUTURO COMO OBJETO DA ORIENTA\u00c7\u00c3O TEMPORAL EM AULAS DE HIST\u00d3RIA Prof. [&hellip;]<\/p>\n","protected":false},"author":2,"featured_media":0,"parent":0,"menu_order":0,"comment_status":"closed","ping_status":"closed","template":"","meta":{"_exactmetrics_skip_tracking":false,"_exactmetrics_sitenote_active":false,"_exactmetrics_sitenote_note":"","_exactmetrics_sitenote_category":0,"ngg_post_thumbnail":0,"footnotes":"","_links_to":"","_links_to_target":""},"class_list":["post-7929","page","type-page","status-publish","hentry"],"publishpress_future_action":{"enabled":false,"date":"2026-04-17 10:13:46","action":"change-status","newStatus":"draft","terms":[],"taxonomy":"","extraData":[]},"publishpress_future_workflow_manual_trigger":{"enabledWorkflows":[]},"_links":{"self":[{"href":"https:\/\/www2.unicentro.br\/ppge\/wp-json\/wp\/v2\/pages\/7929","targetHints":{"allow":["GET"]}}],"collection":[{"href":"https:\/\/www2.unicentro.br\/ppge\/wp-json\/wp\/v2\/pages"}],"about":[{"href":"https:\/\/www2.unicentro.br\/ppge\/wp-json\/wp\/v2\/types\/page"}],"author":[{"embeddable":true,"href":"https:\/\/www2.unicentro.br\/ppge\/wp-json\/wp\/v2\/users\/2"}],"replies":[{"embeddable":true,"href":"https:\/\/www2.unicentro.br\/ppge\/wp-json\/wp\/v2\/comments?post=7929"}],"version-history":[{"count":10,"href":"https:\/\/www2.unicentro.br\/ppge\/wp-json\/wp\/v2\/pages\/7929\/revisions"}],"predecessor-version":[{"id":9252,"href":"https:\/\/www2.unicentro.br\/ppge\/wp-json\/wp\/v2\/pages\/7929\/revisions\/9252"}],"wp:attachment":[{"href":"https:\/\/www2.unicentro.br\/ppge\/wp-json\/wp\/v2\/media?parent=7929"}],"curies":[{"name":"wp","href":"https:\/\/api.w.org\/{rel}","templated":true}]}}