{"id":453,"date":"2014-02-27T20:04:35","date_gmt":"2014-02-27T20:04:35","guid":{"rendered":"http:\/\/www2.unicentro.br\/ppge\/?page_id=453"},"modified":"2020-12-02T23:33:58","modified_gmt":"2020-12-03T02:33:58","slug":"faq","status":"publish","type":"page","link":"https:\/\/www2.unicentro.br\/ppge\/faq\/","title":{"rendered":"Perguntas e Respostas"},"content":{"rendered":"<p><strong>PERGUNTAS FREQUENTES SOBRE O MESTRADO E DOUTORADO EM EDUCA\u00c7\u00c3O<\/strong><\/p>\n<p>A Coordena\u00e7\u00e3o do PPGE\/UNICENTRO, visando prestar informa\u00e7\u00f5es sobre o programa e, especialmente prevenir erros que prejudiquem os potenciais candidatos nos processos de sele\u00e7\u00e3o, sistematizou as perguntas mais frequentes que s\u00e3o apresentadas abaixo:<\/p>\n<p><strong>1. Tenho que pagar para fazer o mestrado ou o doutorado em Educa\u00e7\u00e3o?<\/strong><br \/>\nResposta \u2013 A Universidade Estadual do Centro-Oeste, UNICENTRO \u00e9 uma institui\u00e7\u00e3o p\u00fablica estadual e, portanto, seus programas de p\u00f3s-gradua\u00e7\u00e3o stricto sensu s\u00e3o gratuitos.<\/p>\n<p><strong>2. Quando \u00e9 realizado o processo de sele\u00e7\u00e3o para o Mestrado e Doutorado?<\/strong><br \/>\nResposta \u2013 O processo de sele\u00e7\u00e3o acontece anualmente, geralmente no segundo semestre, e o in\u00edcio das aulas ocorrem no m\u00eas de mar\u00e7o de cada ano.<\/p>\n<p><strong>3. Como \u00e9 o processo de sele\u00e7\u00e3o para o Mestrado e Doutorado?<\/strong><br \/>\nResposta \u2013 Consiste em 3 etapas, a saber:<\/p>\n<p style=\"padding-left: 40px\">1. Prova Escrita;<br \/>\n2. An\u00e1lise do Curriculum Lattes;<br \/>\n3. Entrevista.<br \/>\nObserva\u00e7\u00e3o: Este esquema \u00e9 o mais comum, mas a cada sele\u00e7\u00e3o \u00e9 o Edital que indica a forma que ser\u00e1 adotada, por isso \u00e9 importante a leitura atenta dos Editais de Sele\u00e7\u00e3o.<\/p>\n<p><strong>4. O que deve conter um projeto de disserta\u00e7\u00e3o de Mestrado ou de tese de Doutorado?<\/strong><br \/>\nResposta \u2013 O projeto de disserta\u00e7\u00e3o e tese deve revelar o interesse do candidato por um tema espec\u00edfico, explicitamente relacionado \u00e0 \u00e1rea de concentra\u00e7\u00e3o do Programa e a uma de suas linhas de pesquisa. Al\u00e9m disso deve demonstrar uma inser\u00e7\u00e3o te\u00f3rica na tem\u00e1tica escolhida, bem como a articula\u00e7\u00e3o com uma metodologia adequada para a realiza\u00e7\u00e3o dos objetivos. No caso de projeto de doutorado exige-se, al\u00e9m de tudo isso, a capacidade de demonstrar dom\u00ednio te\u00f3rico-metodol\u00f3gico e atualizado da \u00e1rea escolhida. Cada Edital de Sele\u00e7\u00e3o traz uma descri\u00e7\u00e3o detalhada do que se exige do projeto.<br \/>\nO projeto dever\u00e1 incluir:<\/p>\n<p style=\"padding-left: 40px\">1. t\u00edtulo;<br \/>\n2. identifica\u00e7\u00e3o do autor;<br \/>\n3. defini\u00e7\u00e3o do problema e do objetivo da disserta\u00e7\u00e3o;<br \/>\n4. justificativa da relev\u00e2ncia do tema;<br \/>\n5. delimita\u00e7\u00e3o do objeto de estudo e do universo de pesquisa \u2013 revis\u00e3o da literatura;<br \/>\n6. identifica\u00e7\u00e3o e justificativa dos procedimentos metodol\u00f3gicos pertinentes;<br \/>\n7. indica\u00e7\u00e3o de uma bibliografia preliminar a ser utilizada, distinguindo os textos j\u00e1 consultados e os que ser\u00e3o utilizados ao longo da investiga\u00e7\u00e3o;<br \/>\n8. cronograma de trabalho. Para o mestrado este cronograma deve conter 24 meses, e para o doutorado, 48 meses. Leva-se em conta o per\u00edodo de frequ\u00eancia \u00e0s disciplinas, \u00e0 constru\u00e7\u00e3o do projeto, \u00e0s leituras te\u00f3ricas e o trabalho de campo, quando for o caso, produ\u00e7\u00e3o do texto da disserta\u00e7\u00e3o ou tese, publica\u00e7\u00e3o de resultados parciais.<\/p>\n<p><strong>5. Posso me inscrever como Aluno Especial no Mestrado ou Doutorado em Educa\u00e7\u00e3o?<\/strong><br \/>\nResposta \u2013 S\u00e3o alunos especiais em disciplinas isoladas aqueles que nelas ingressaram sem terem sido admitidos no Programa como alunos regulares.<br \/>\nN\u00e3o ser\u00e3o admitidos alunos especiais nas disciplinas obrigat\u00f3rias. Ao aluno especial ser\u00e1 permitido cursar somente duas disciplinas. Para participar do processo de sele\u00e7\u00e3o para alunos especiais, o candidato dever\u00e1 seguir as orienta\u00e7\u00f5es dos editais de abertura de vagas para alunos especiais no 1\u00ba e 2o Semestre de cada ano.<\/p>\n<p><strong>6. N\u00e3o resido no Brasil. Posso me candidatar ao Programa?<\/strong><br \/>\nResposta \u2013 Sim, pode.<br \/>\nOs candidatos ser\u00e3o selecionados mediante an\u00e1lise de Curriculum Lattes ou outra vers\u00e3o; hist\u00f3rico escolar do curso de gradua\u00e7\u00e3o e hist\u00f3rico escolar do curso de gradua\u00e7\u00e3o e certificado de profici\u00eancia em ingl\u00eas\/espanhol expedido por institui\u00e7\u00f5es reconhecidas internacionalmente al\u00e9m de comprova\u00e7\u00e3o de dom\u00ednio da l\u00edngua portuguesa, a crit\u00e9rio da Comiss\u00e3o de Sele\u00e7\u00e3o.<\/p>\n<p><strong>7. Tenho chances de conseguir uma bolsa para o Mestrado ou Doutorado?<\/strong><br \/>\nResposta \u2013 As bolsas s\u00e3o concedidas por Ag\u00eancias de Fomento.<br \/>\nS\u00e3o poucas bolsas, se considerarmos que, em geral, muitos dos alunos solicitam bolsa.<br \/>\nA Comiss\u00e3o de Bolsas \u00e9 a inst\u00e2ncia que decide sobre a concess\u00e3o de bolsas, de acordo com crit\u00e9rios pr\u00e9-estabelecidos, dos quais o mais relevante \u00e9 o crit\u00e9rio de m\u00e9rito acad\u00eamico.<\/p>\n","protected":false},"excerpt":{"rendered":"<p>PERGUNTAS FREQUENTES SOBRE O MESTRADO E DOUTORADO EM EDUCA\u00c7\u00c3O A Coordena\u00e7\u00e3o do PPGE\/UNICENTRO, visando prestar informa\u00e7\u00f5es sobre o programa e, especialmente prevenir erros que prejudiquem os potenciais candidatos nos processos de sele\u00e7\u00e3o, sistematizou as perguntas mais frequentes que s\u00e3o apresentadas abaixo: 1. Tenho que pagar para fazer o mestrado ou o doutorado em Educa\u00e7\u00e3o? Resposta [&hellip;]<\/p>\n","protected":false},"author":2,"featured_media":0,"parent":0,"menu_order":0,"comment_status":"closed","ping_status":"closed","template":"","meta":{"_exactmetrics_skip_tracking":false,"_exactmetrics_sitenote_active":false,"_exactmetrics_sitenote_note":"","_exactmetrics_sitenote_category":0,"ngg_post_thumbnail":0,"footnotes":"","_links_to":"","_links_to_target":""},"class_list":["post-453","page","type-page","status-publish","hentry"],"publishpress_future_action":{"enabled":false,"date":"2026-05-03 11:04:27","action":"change-status","newStatus":"draft","terms":[],"taxonomy":"","extraData":[]},"publishpress_future_workflow_manual_trigger":{"enabledWorkflows":[]},"_links":{"self":[{"href":"https:\/\/www2.unicentro.br\/ppge\/wp-json\/wp\/v2\/pages\/453","targetHints":{"allow":["GET"]}}],"collection":[{"href":"https:\/\/www2.unicentro.br\/ppge\/wp-json\/wp\/v2\/pages"}],"about":[{"href":"https:\/\/www2.unicentro.br\/ppge\/wp-json\/wp\/v2\/types\/page"}],"author":[{"embeddable":true,"href":"https:\/\/www2.unicentro.br\/ppge\/wp-json\/wp\/v2\/users\/2"}],"replies":[{"embeddable":true,"href":"https:\/\/www2.unicentro.br\/ppge\/wp-json\/wp\/v2\/comments?post=453"}],"version-history":[{"count":5,"href":"https:\/\/www2.unicentro.br\/ppge\/wp-json\/wp\/v2\/pages\/453\/revisions"}],"predecessor-version":[{"id":4161,"href":"https:\/\/www2.unicentro.br\/ppge\/wp-json\/wp\/v2\/pages\/453\/revisions\/4161"}],"wp:attachment":[{"href":"https:\/\/www2.unicentro.br\/ppge\/wp-json\/wp\/v2\/media?parent=453"}],"curies":[{"name":"wp","href":"https:\/\/api.w.org\/{rel}","templated":true}]}}