{"id":4126,"date":"2020-12-02T21:18:47","date_gmt":"2020-12-03T00:18:47","guid":{"rendered":"https:\/\/www2.unicentro.br\/ppge\/?page_id=4126"},"modified":"2020-12-02T21:23:40","modified_gmt":"2020-12-03T00:23:40","slug":"doutorado","status":"publish","type":"page","link":"https:\/\/www2.unicentro.br\/ppge\/doutorado\/","title":{"rendered":"Doutorado em Educa\u00e7\u00e3o"},"content":{"rendered":"<p><strong>N\u00edvel<\/strong><br \/>\nDoutorado Acad\u00eamico em Educa\u00e7\u00e3o<\/p>\n<p><strong>\u00c1rea de Concentra\u00e7\u00e3o<\/strong><br \/>\nEduca\u00e7\u00e3o<\/p>\n<p><strong>Periodicidade de Sele\u00e7\u00e3o<\/strong><br \/>\nAnual<\/p>\n<p><strong>Objetivos do curso\/Perfil do profissional a ser formado<\/strong><\/p>\n<p>O Doutorado em Educa\u00e7\u00e3o do PPGE\/Unicentro tem como objetivo formar profissionais pesquisadores de alto n\u00edvel capazes de produzir pesquisas, reflex\u00f5es cr\u00edticas e propostas sobre a educa\u00e7\u00e3o, compreendida como pr\u00e1tica social inclusiva, cultural e pol\u00edtica, bem como proporcionar a forma\u00e7\u00e3o de profissionais para a doc\u00eancia no ensino superior e na forma\u00e7\u00e3o continuada de professores da educa\u00e7\u00e3o b\u00e1sica, e em outras atividades que requeiram conhecimentos na \u00e1rea educacional. Pretende ainda formar profissionais que impactem o contexto regional em que est\u00e3o inseridos, qualificando-os para agir, interagir, propor e realizar propostas educativas que sejam significativas para o desenvolvimento regional e a inclus\u00e3o social.<\/p>\n<p>O Doutorado em Educa\u00e7\u00e3o da Unicentro apresenta, em rela\u00e7\u00e3o ao mestrado, o diferencial de ampliar as reflex\u00f5es e possibilidades investigativas das tem\u00e1ticas relacionadas \u00e0 Educa\u00e7\u00e3o uma vez que agrega um rol variado, inovador e abrangente de disciplinas ofertadas pelos professores a partir de seus estudos. As linhas de pesquisa do Programa apresentam-se como especialmente importantes e diferenciadas de outros programas, e a proposta de doutorado contempla a oferta de 21 disciplinas novas, permitindo que doutorandos proponham projetos investigativos a partir das demandas sociais e de seus interesses no sentido de interpretar, compreender e enfrentar os m\u00faltiplos desafios da educa\u00e7\u00e3o contempor\u00e2nea.<\/p>\n<p><strong>Objetivos espec\u00edficos:<\/strong><br \/>\n\u2022 Produzir conhecimentos de relev\u00e2ncia social na \u00e1rea da Educa\u00e7\u00e3o;<br \/>\n\u2022 Proporcionar a forma\u00e7\u00e3o de pesquisadores qualificados ao trabalho na p\u00f3s-gradua\u00e7\u00e3o, visando a forma\u00e7\u00e3o de novos pesquisadores da educa\u00e7\u00e3o;<br \/>\n\u2022 Formar pesquisadores capazes de desenvolver projetos educacionais, tendo em vista o di\u00e1logo com a educa\u00e7\u00e3o b\u00e1sica e outros setores e institui\u00e7\u00f5es.<\/p>\n<p><strong>Estrutura do curso:<\/strong><br \/>\nCr\u00e9ditos Disciplinas: 20<br \/>\nCr\u00e9ditos Tese: 26<br \/>\nCr\u00e9ditos outros: 18<\/p>\n","protected":false},"excerpt":{"rendered":"<p>N\u00edvel Doutorado Acad\u00eamico em Educa\u00e7\u00e3o \u00c1rea de Concentra\u00e7\u00e3o Educa\u00e7\u00e3o Periodicidade de Sele\u00e7\u00e3o Anual Objetivos do curso\/Perfil do profissional a ser formado O Doutorado em Educa\u00e7\u00e3o do PPGE\/Unicentro tem como objetivo formar profissionais pesquisadores de alto n\u00edvel capazes de produzir pesquisas, reflex\u00f5es cr\u00edticas e propostas sobre a educa\u00e7\u00e3o, compreendida como pr\u00e1tica social inclusiva, cultural e pol\u00edtica, [&hellip;]<\/p>\n","protected":false},"author":6,"featured_media":0,"parent":0,"menu_order":0,"comment_status":"closed","ping_status":"closed","template":"","meta":{"_exactmetrics_skip_tracking":false,"_exactmetrics_sitenote_active":false,"_exactmetrics_sitenote_note":"","_exactmetrics_sitenote_category":0,"ngg_post_thumbnail":0,"footnotes":"","_links_to":"","_links_to_target":""},"class_list":["post-4126","page","type-page","status-publish","hentry"],"publishpress_future_action":{"enabled":false,"date":"2026-04-17 16:15:08","action":"change-status","newStatus":"draft","terms":[],"taxonomy":"","extraData":[]},"publishpress_future_workflow_manual_trigger":{"enabledWorkflows":[]},"_links":{"self":[{"href":"https:\/\/www2.unicentro.br\/ppge\/wp-json\/wp\/v2\/pages\/4126","targetHints":{"allow":["GET"]}}],"collection":[{"href":"https:\/\/www2.unicentro.br\/ppge\/wp-json\/wp\/v2\/pages"}],"about":[{"href":"https:\/\/www2.unicentro.br\/ppge\/wp-json\/wp\/v2\/types\/page"}],"author":[{"embeddable":true,"href":"https:\/\/www2.unicentro.br\/ppge\/wp-json\/wp\/v2\/users\/6"}],"replies":[{"embeddable":true,"href":"https:\/\/www2.unicentro.br\/ppge\/wp-json\/wp\/v2\/comments?post=4126"}],"version-history":[{"count":4,"href":"https:\/\/www2.unicentro.br\/ppge\/wp-json\/wp\/v2\/pages\/4126\/revisions"}],"predecessor-version":[{"id":4131,"href":"https:\/\/www2.unicentro.br\/ppge\/wp-json\/wp\/v2\/pages\/4126\/revisions\/4131"}],"wp:attachment":[{"href":"https:\/\/www2.unicentro.br\/ppge\/wp-json\/wp\/v2\/media?parent=4126"}],"curies":[{"name":"wp","href":"https:\/\/api.w.org\/{rel}","templated":true}]}}