{"id":368,"date":"2014-02-17T20:26:23","date_gmt":"2014-02-17T20:26:23","guid":{"rendered":"http:\/\/www2.unicentro.br\/ppge\/?page_id=368"},"modified":"2014-04-10T12:53:21","modified_gmt":"2014-04-10T12:53:21","slug":"credenciamento","status":"publish","type":"page","link":"https:\/\/www2.unicentro.br\/ppge\/credenciamento\/","title":{"rendered":"Credenciamento de Docentes"},"content":{"rendered":"<p>A solicita\u00e7\u00e3o de credenciamento de professores para atuar como professor colaborador ou permanente no PPGE para o exerc\u00edcio das atividades de ensino, pesquisa e orienta\u00e7\u00e3o, respeitadas as linhas de pesquisa e a \u00e1rea de concentra\u00e7\u00e3o \u00e9 realizado via processo de credenciamento, iniciado nos Protocolos da Institui\u00e7\u00e3o.<br \/>\nO candidato deve observar o que segue:<\/p>\n<p><strong>1- Documentos<\/strong><\/p>\n<ul>\n<li>Instru\u00e7\u00e3o Normativa N\u00ba 001\/2013 \u2013 PPGE\/Unicentro [<a href=\"http:\/\/www2.unicentro.br\/ppge\/files\/2014\/02\/IN_001_13_credenciamento.doc\">.doc<\/a>] [<a href=\"http:\/\/www2.unicentro.br\/ppge\/files\/2014\/02\/IN_001_13_credenciamento1.pdf\">.pdf<\/a>];<\/li>\n<li>Preenchimento do Formul\u00e1rio para credenciamento e envio de documentos, de acordo com a Instru\u00e7\u00e3o Normativa N\u00ba 001\/2013 \u2013 PPGE\/Unicentro) [<a href=\"http:\/\/www2.unicentro.br\/ppge\/files\/2014\/02\/Credenciamento_formul_rio1.doc\">.doc<\/a>] [<a href=\"http:\/\/www2.unicentro.br\/ppge\/files\/2014\/02\/Credenciamento_formul_rio1.pdf\">.pdf<\/a>];<\/li>\n<li>Anexar comprovante das publica\u00e7\u00f5es<\/li>\n<li>Anexar exemplar de livro<\/li>\n<\/ul>\n<p><strong>2- Per\u00edodo de Inscri\u00e7\u00e3o<\/strong><\/p>\n<ul>\n<li>Conforme a necessidade do Programa, atendendo aos crit\u00e9rios estipulados na IN 001-2003\/PPGE-Unicentro e por meio de edital espec\u00edfico.<\/li>\n<\/ul>\n<p><strong>3- Local de Inscri\u00e7\u00e3o<\/strong><\/p>\n<ul>\n<li>Protocolos dos campi Santa Cruz, Irati e Cedeteg.<\/li>\n<\/ul>\n<p><em><strong>Obs:<\/strong><\/em><\/p>\n<ul>\n<li><span style=\"line-height: 1.5em\">Seguir as orienta\u00e7\u00f5es do documento de \u00e1rea da Capes\/2013 [<\/span><a style=\"line-height: 1.5em\" href=\"http:\/\/www2.unicentro.br\/ppge\/files\/2014\/02\/Documento_de_area.pdf\">.pdf<\/a><span style=\"line-height: 1.5em\">]<\/span><\/li>\n<li>O Colegiado analisar\u00e1 o pedido at\u00e9 60 dias da data de Protocolo.<\/li>\n<\/ul>\n","protected":false},"excerpt":{"rendered":"<p>A solicita\u00e7\u00e3o de credenciamento de professores para atuar como professor colaborador ou permanente no PPGE para o exerc\u00edcio das atividades de ensino, pesquisa e orienta\u00e7\u00e3o, respeitadas as linhas de pesquisa e a \u00e1rea de concentra\u00e7\u00e3o \u00e9 realizado via processo de credenciamento, iniciado nos Protocolos da Institui\u00e7\u00e3o. O candidato deve observar o que segue: 1- Documentos [&hellip;]<\/p>\n","protected":false},"author":2,"featured_media":0,"parent":0,"menu_order":0,"comment_status":"closed","ping_status":"closed","template":"","meta":{"_exactmetrics_skip_tracking":false,"_exactmetrics_sitenote_active":false,"_exactmetrics_sitenote_note":"","_exactmetrics_sitenote_category":0,"ngg_post_thumbnail":0,"footnotes":"","_links_to":"","_links_to_target":""},"class_list":["post-368","page","type-page","status-publish","hentry"],"publishpress_future_action":{"enabled":false,"date":"2026-04-18 08:35:34","action":"change-status","newStatus":"draft","terms":[],"taxonomy":"","extraData":[]},"publishpress_future_workflow_manual_trigger":{"enabledWorkflows":[]},"_links":{"self":[{"href":"https:\/\/www2.unicentro.br\/ppge\/wp-json\/wp\/v2\/pages\/368","targetHints":{"allow":["GET"]}}],"collection":[{"href":"https:\/\/www2.unicentro.br\/ppge\/wp-json\/wp\/v2\/pages"}],"about":[{"href":"https:\/\/www2.unicentro.br\/ppge\/wp-json\/wp\/v2\/types\/page"}],"author":[{"embeddable":true,"href":"https:\/\/www2.unicentro.br\/ppge\/wp-json\/wp\/v2\/users\/2"}],"replies":[{"embeddable":true,"href":"https:\/\/www2.unicentro.br\/ppge\/wp-json\/wp\/v2\/comments?post=368"}],"version-history":[{"count":5,"href":"https:\/\/www2.unicentro.br\/ppge\/wp-json\/wp\/v2\/pages\/368\/revisions"}],"predecessor-version":[{"id":5720,"href":"https:\/\/www2.unicentro.br\/ppge\/wp-json\/wp\/v2\/pages\/368\/revisions\/5720"}],"wp:attachment":[{"href":"https:\/\/www2.unicentro.br\/ppge\/wp-json\/wp\/v2\/media?parent=368"}],"curies":[{"name":"wp","href":"https:\/\/api.w.org\/{rel}","templated":true}]}}