{"id":174,"date":"2014-02-10T12:34:06","date_gmt":"2014-02-10T12:34:06","guid":{"rendered":"http:\/\/www2.unicentro.br\/ppge\/?page_id=174"},"modified":"2026-03-02T13:20:17","modified_gmt":"2026-03-02T16:20:17","slug":"instrucoes-normativas","status":"publish","type":"page","link":"https:\/\/www2.unicentro.br\/ppge\/instrucoes-normativas\/","title":{"rendered":"Instru\u00e7\u00f5es Normativas &#8211; PPGE"},"content":{"rendered":"<ul>\n<li><a href=\"http:\/\/www2.unicentro.br\/ppge\/files\/2014\/02\/IN_003_13_coorientador.pdf\"><strong>INSTRU\u00c7\u00c3O NORMATIVA N\u00ba 003\/2013 \u2013 PPGE\/UNICENTRO<\/strong><br \/>\n<\/a>Aprova o Regulamento para Coorienta\u00e7\u00e3o no Programa de P\u00f3s-Gradua\u00e7\u00e3o Stricto Sensu da Universidade Estadual do Centro-Oeste, UNICENTRO, e d\u00e1 outras provid\u00eancias.<\/li>\n<li><a href=\"http:\/\/www2.unicentro.br\/ppge\/files\/2014\/02\/IN_007_13___defesa_25-5.pdf\"><strong>INSTRU\u00c7\u00c3O NORMATIVA N\u00ba 007\/2013 \u2013 PPGE\/UNICENTRO<\/strong><br \/>\n<\/a>Regulamenta a Disserta\u00e7\u00e3o e Defesa da Disserta\u00e7\u00e3o no Curso de Mestrado do Programa de P\u00f3s-Gradua\u00e7\u00e3o em Educa\u00e7\u00e3o.<\/li>\n<li><a style=\"line-height: 1.5em\" href=\"http:\/\/www2.unicentro.br\/ppge\/files\/2014\/02\/IN_008_13__Di_rios_de_classe.pdf\"><strong>INSTRU\u00c7\u00c3O NORMATIVA N\u00ba 008\/2013 \u2013 PPGE\/UNICENTRO<\/strong><br \/>\n<\/a>Estabelece prazo para entrega dos di\u00e1rios preenchidos na Secretaria do Programa de P\u00f3s-Gradua\u00e7\u00e3o em Educa\u00e7\u00e3o da Universidade Estadual do Centro-Oeste.<\/li>\n<li><a href=\"http:\/\/www2.unicentro.br\/ppge\/files\/2014\/02\/IN_009_13_Aux_lios_financeiros_29_05_2013.pdf\"><strong>INSTRU\u00c7\u00c3O NORMATIVA N\u00ba 009\/2013 \u2013 PPGE\/UNICENTRO<\/strong><br \/>\n<\/a>Estabelece crit\u00e9rios para Apresenta\u00e7\u00e3o de Solicita\u00e7\u00f5es de Aux\u00edlios Financeiros para Participa\u00e7\u00e3o de Docentes e Discentes em Eventos Cient\u00edficos e Trabalhos de Campo.<\/li>\n<li><a href=\"https:\/\/www2.unicentro.br\/ppge\/files\/2021\/05\/IN-001-2020.pdf\"><strong>INSTRU\u00c7\u00c3O NORMATIVA N\u00ba 001\/2020 \u2013 PPGE\/UNICENTRO<\/strong><br \/>\n<\/a>Regulamenta a normatiza\u00e7\u00e3o das a\u00e7\u00f5es afirmativas no \u00e2mbito do PPGE.<\/li>\n<li><strong><a href=\"https:\/\/www2.unicentro.br\/ppge\/files\/2023\/03\/INSTRUCAO-NORMATIVA-001_2022_PPGE_ATIVIDADES-COMPLEMENTARES.pdf\">INSTRU\u00c7\u00c3O NORMATIVA N\u00ba 001\/2022 \u2013 PPGE\/UNICENTRO<\/a><br \/>\n<\/strong>Estabelece <span style=\"font-family: georgia, palatino, serif\">par\u00e2metros<\/span> <span style=\"font-family: georgia, palatino, serif\">e<\/span> <span style=\"font-family: georgia, palatino, serif\">condi\u00e7\u00f5es<\/span> <span style=\"font-family: georgia, palatino, serif\">para valida\u00e7\u00e3o das<\/span> <span style=\"font-family: georgia, palatino, serif\">Atividades<\/span> <span style=\"font-family: georgia, palatino, serif\">Complementares<\/span> <span style=\"font-family: georgia, palatino, serif\">no<\/span> <span style=\"font-family: georgia, palatino, serif\">\u00e2mbito<\/span> <span style=\"font-family: georgia, palatino, serif\">do<\/span> <span style=\"font-family: georgia, palatino, serif\">Programa<\/span> <span style=\"font-family: georgia, palatino, serif\">de<\/span> <span style=\"font-family: georgia, palatino, serif\">P\u00f3s-Gradua\u00e7\u00e3o<\/span> <span style=\"font-family: georgia, palatino, serif\">em<\/span> <span style=\"font-family: georgia, palatino, serif\">Educa\u00e7\u00e3o<\/span> <span style=\"font-family: georgia, palatino, serif\">da<\/span> <span style=\"font-family: georgia, palatino, serif\">Universidade<\/span> <span style=\"font-family: georgia, palatino, serif\">Estadual<\/span> <span style=\"font-family: georgia, palatino, serif\">do<\/span> <span style=\"font-family: georgia, palatino, serif\">Centro-Oeste,<\/span> <span style=\"font-family: georgia, palatino, serif\">UNICENTRO,<\/span> <span style=\"font-family: georgia, palatino, serif\">e<\/span> <span style=\"font-family: georgia, palatino, serif\">d\u00e1<\/span> <span style=\"font-family: georgia, palatino, serif\">outras<\/span> <span style=\"font-family: georgia, palatino, serif\"><span style=\"font-family: georgia, palatino, serif\">provid\u00eancias.<\/span><\/span><\/li>\n<li><strong><a href=\"https:\/\/www2.unicentro.br\/ppge\/files\/2022\/11\/INSTRUCAO-NORMATIVA-003_2022_PPGE_Concessao-de-Bolsas.pdf\">INSTRU\u00c7\u00c3O NORMATIVA\u00a0 N\u00ba 003\/2022 \u2013 PPGE\/UNICENTRO<\/a><\/strong><br \/>\nOrienta sobre\u00a0 os\u00a0 procedimentos, normas e crit\u00e9rios para a concess\u00e3o, manuten\u00e7\u00e3o e substitui\u00e7\u00e3o de bolsas do PPGE.<\/li>\n<li><strong><a href=\"https:\/\/www2.unicentro.br\/ppge\/files\/2022\/12\/INSTRUCAO-NORMATIVA-004_2022_PPGE_estagio-em-docencia.pdf\">INSTRU\u00c7\u00c3O NORMATIVA\u00a0 N\u00ba 004\/2022 \u2013 PPGE\/UNICENTRO<\/a><br \/>\n<\/strong>Regulamenta o est\u00e1gio de doc\u00eancia de alunos do Programa de P\u00f3s-Gradua\u00e7\u00e3o em Educa\u00e7\u00e3o da UNICENTRO.<\/li>\n<li><a href=\"https:\/\/www2.unicentro.br\/ppge\/files\/2023\/04\/IN_001-_2023-EXAME-DE-PROFICIENCIA.pdf\"><strong>INSTRU\u00c7\u00c3O NORMATIVA\u00a0 N\u00ba 001\/2023 \u2013 PPGE\/UNICENTRO<\/strong><\/a><br \/>\nRegulamenta normas para a apresenta\u00e7\u00e3o de exame de profici\u00eancia de estudantes dos cursos de Mestrado e Doutorado do Programa de P\u00f3s-Gradua\u00e7\u00e3o em Educa\u00e7\u00e3o da UNICENTRO.<\/li>\n<li><a href=\"https:\/\/www2.unicentro.br\/ppge\/files\/2025\/04\/2024_IN_prorrogacoes-e-trancamentos_aprovada.pdf\"><strong>INSTRU\u00c7\u00c3O NORMATIVA\u00a0 N\u00ba 001\/2024 \u2013 PPGE\/UNICENTRO<\/strong><\/a><br \/>\nInstrui sobre os pedidos de trancamento e de prorroga\u00e7\u00e3o do prazo para conclus\u00e3o do curso no PPGE\/UNICENTRO.<\/li>\n<li><a href=\"https:\/\/www2.unicentro.br\/ppge\/files\/2025\/04\/2024_IN_estudantes-nao-regulares_aprovada.pdf\"><strong>INSTRU\u00c7\u00c3O NORMATIVA\u00a0 N\u00ba 002\/2024 \u2013 PPGE\/UNICENTRO<\/strong><\/a><br \/>\nInstrui sobre a oferta de vagas e matr\u00edcula para cursar disciplinas do Programa de P\u00f3s-Gradua\u00e7\u00e3o em Educa\u00e7\u00e3o da UNICENTRO na condi\u00e7\u00e3o de estudante n\u00e3o-regular.<\/li>\n<li><a href=\"https:\/\/www2.unicentro.br\/ppge\/files\/2025\/04\/2025_IN_credenciamento-e-recredenciamento.pdf\"><strong>INSTRU\u00c7\u00c3O NORMATIVA N\u00ba 001\/2025 \u2013 PPGE\/UNICENTRO<br \/>\n<\/strong><\/a>Institui normas e crit\u00e9rios para o credenciamento, recredenciamento e descredenciamento de docentes do PPGE\/UNICENTRO.<\/li>\n<li><a href=\"https:\/\/www2.unicentro.br\/ppge\/files\/2026\/03\/IN_Transferencia-direta-MD_27fev.pdf\"><strong>INSTRU\u00c7\u00c3O NORMATIVA N\u00ba 001\/2026 \u2013 PPGE\/UNICENTRO<br \/>\n<\/strong><\/a>Instrui sobre os crit\u00e9rios e procedimentos para a transfer\u00eancia direta do Mestrado para o Doutorado.<\/li>\n<\/ul>\n","protected":false},"excerpt":{"rendered":"<p>INSTRU\u00c7\u00c3O NORMATIVA N\u00ba 003\/2013 \u2013 PPGE\/UNICENTRO Aprova o Regulamento para Coorienta\u00e7\u00e3o no Programa de P\u00f3s-Gradua\u00e7\u00e3o Stricto Sensu da Universidade Estadual do Centro-Oeste, UNICENTRO, e d\u00e1 outras provid\u00eancias. INSTRU\u00c7\u00c3O NORMATIVA N\u00ba 007\/2013 \u2013 PPGE\/UNICENTRO Regulamenta a Disserta\u00e7\u00e3o e Defesa da Disserta\u00e7\u00e3o no Curso de Mestrado do Programa de P\u00f3s-Gradua\u00e7\u00e3o em Educa\u00e7\u00e3o. INSTRU\u00c7\u00c3O NORMATIVA N\u00ba 008\/2013 \u2013 [&hellip;]<\/p>\n","protected":false},"author":2,"featured_media":0,"parent":0,"menu_order":0,"comment_status":"closed","ping_status":"closed","template":"","meta":{"_exactmetrics_skip_tracking":false,"_exactmetrics_sitenote_active":false,"_exactmetrics_sitenote_note":"","_exactmetrics_sitenote_category":0,"ngg_post_thumbnail":0,"footnotes":"","_links_to":"","_links_to_target":""},"class_list":["post-174","page","type-page","status-publish","hentry"],"publishpress_future_action":{"enabled":false,"date":"2026-04-17 07:23:00","action":"change-status","newStatus":"draft","terms":[],"taxonomy":"","extraData":[]},"publishpress_future_workflow_manual_trigger":{"enabledWorkflows":[]},"_links":{"self":[{"href":"https:\/\/www2.unicentro.br\/ppge\/wp-json\/wp\/v2\/pages\/174","targetHints":{"allow":["GET"]}}],"collection":[{"href":"https:\/\/www2.unicentro.br\/ppge\/wp-json\/wp\/v2\/pages"}],"about":[{"href":"https:\/\/www2.unicentro.br\/ppge\/wp-json\/wp\/v2\/types\/page"}],"author":[{"embeddable":true,"href":"https:\/\/www2.unicentro.br\/ppge\/wp-json\/wp\/v2\/users\/2"}],"replies":[{"embeddable":true,"href":"https:\/\/www2.unicentro.br\/ppge\/wp-json\/wp\/v2\/comments?post=174"}],"version-history":[{"count":54,"href":"https:\/\/www2.unicentro.br\/ppge\/wp-json\/wp\/v2\/pages\/174\/revisions"}],"predecessor-version":[{"id":9180,"href":"https:\/\/www2.unicentro.br\/ppge\/wp-json\/wp\/v2\/pages\/174\/revisions\/9180"}],"wp:attachment":[{"href":"https:\/\/www2.unicentro.br\/ppge\/wp-json\/wp\/v2\/media?parent=174"}],"curies":[{"name":"wp","href":"https:\/\/api.w.org\/{rel}","templated":true}]}}