{"id":27,"date":"2015-09-18T15:19:02","date_gmt":"2015-09-18T18:19:02","guid":{"rendered":"http:\/\/www2.unicentro.br\/pet-letras\/?page_id=27"},"modified":"2017-03-24T10:10:40","modified_gmt":"2017-03-24T13:10:40","slug":"pesquisa","status":"publish","type":"page","link":"https:\/\/www2.unicentro.br\/pet-letras\/pesquisa\/","title":{"rendered":"Pesquisa"},"content":{"rendered":"<p style=\"text-align: center\"><strong>PROJETO: <em>Grupo de Estudos do Discurso- PET-UNICENTRO <\/em><\/strong><\/p>\n<p style=\"text-align: center\"><strong>P\u00daBLICO-ALVO:<\/strong> Petianos de Letras<\/p>\n<p style=\"text-align: left\">\u00a0 \u00a0 \u00a0 \u00a0 \u00a0 A implanta\u00e7\u00e3o de um Grupo de Estudos do Discurso, al\u00e9m de proporcionar a consolida\u00e7\u00e3o de pesquisas j\u00e1 em andamento, tem em vista garantir uma forma\u00e7\u00e3o interdiscisplinar mediante unidade do ensino, extens\u00e3o e pesquisa. O Grupo de Estudos do Discurso \u00e9 um espa\u00e7o de debates e aprofundamento de tem\u00e1ticas relacionadas ao Discurso. \u00c9 uma forma de inicia\u00e7\u00e3o cient\u00edfica, estudos e aprofundamento; um espa\u00e7o onde os alunos elaboram projetos de pesquisa que podem aprofundar, posteriormente, em n\u00edvel de p\u00f3s-gradua\u00e7\u00e3o.<\/p>\n<p>OBJETIVOS:<\/p>\n<ul>\n<li style=\"text-align: left\">\u00a0Refletir sobre teorias ligadas ao Discurso.<\/li>\n<\/ul>\n<p>&nbsp;<\/p>\n<p style=\"text-align: center\"><strong>PROJETO:\u00a0<em>Grupo de Estudos Liter\u00e1rios- PET-UNICENTRO<\/em><\/strong><\/p>\n<p style=\"text-align: center\"><strong> P\u00daBLICO-ALVO:<\/strong> Petianos de Letras<\/p>\n<p>\u00a0 \u00a0 \u00a0 \u00a0 \u00a0 O Grupo de Estudos Liter\u00e1rios \u00e9 um espa\u00e7o de debates e aprofundamento de tem\u00e1ticas relacionadas ao Literatura Discurso. \u00c9 uma forma de inicia\u00e7\u00e3o cient\u00edfica, estudos e aprofundamento; um espa\u00e7o onde os alunos elaboram projetos de pesquisa que podem aprofundar, posteriormente, em n\u00edvel de p\u00f3s-gradua\u00e7\u00e3o. Os mediadores do grupo ser\u00e3o professores volunt\u00e1rios do departamento de Letras.<br \/>\nA implanta\u00e7\u00e3o de um Grupo de Estudos Liter\u00e1rios, al\u00e9m de proporcionar a consolida\u00e7\u00e3o de pesquisas j\u00e1 em andamento, tem em vista garantir uma forma\u00e7\u00e3o interdisciplinar mediante unidade do ensino, extens\u00e3o e pesquisa.<\/p>\n<p>OBJETIVOS:<\/p>\n<ul>\n<li>Refletir sobre teorias ligadas \u00e0 Literatura.<\/li>\n<\/ul>\n<p>&nbsp;<\/p>\n<p style=\"text-align: center\"><strong>PESQUISAS INDIVIDUAIS DOS PETIANOS<\/strong><\/p>\n<p style=\"text-align: left\">\u00a0 \u00a0 \u00a0 \u00a0 \u00a0 As pesquisas ser\u00e3o desenvolvidas dentro das linhas de Estudos Liter\u00e1rios e\u00a0Estudos Lingu\u00edsticos. Os professores orientadores ser\u00e3o indicados pelo departamento de Letras da UNICENTRO.<br \/>\nOs petianos deve, estar inscritos nos grupos de Pesquisa de Departamento de Letras: \u201cRela\u00e7\u00f5es de g\u00eanero: intersec\u00e7\u00f5es multiculturais\u201d; L\u00edngua e Linguagem, Literatura e Ensino e Literatura e Interfaces.<\/p>\n<p style=\"text-align: left\">\n<p style=\"text-align: center\"><strong>ATIVIDADES DE CAR\u00c1TER COLETIVO<\/strong><\/p>\n<p style=\"text-align: center\">(participa\u00e7\u00e3o em eventos cient\u00edficos, feiras, mostras, encontros locais, regionais, nacionais, outros.<\/p>\n<p style=\"text-align: left\">\nDurante o per\u00edodo de vig\u00eancia desse planejamento o grupo pretende participar de eventos relacionados diretamente ao Programa de Educa\u00e7\u00e3o Tutorial e tamb\u00e9m eventos que se relacionem ao curso de Letras. \u00c9 importante ressaltar que s\u00e3o previs\u00f5es e que podem ser alteradas de acordo com o andamento do grupo.<\/p>\n<p style=\"text-align: left\">\n<p style=\"text-align: left\">Planejamento completo:\u00a0<a href=\"http:\/\/www2.unicentro.br\/pet-letras\/files\/2015\/09\/planejamento-pet-2017.pdf\">planejamento-pet-2017<\/a><\/p>\n","protected":false},"excerpt":{"rendered":"<p>PROJETO: Grupo de Estudos do Discurso- PET-UNICENTRO P\u00daBLICO-ALVO: Petianos de Letras \u00a0 \u00a0 \u00a0 \u00a0 \u00a0 A implanta\u00e7\u00e3o de um Grupo de Estudos do Discurso, al\u00e9m de proporcionar a consolida\u00e7\u00e3o de pesquisas j\u00e1 em andamento, tem em vista garantir uma forma\u00e7\u00e3o interdiscisplinar mediante unidade do ensino, extens\u00e3o e pesquisa. O Grupo de Estudos do Discurso [&hellip;]<\/p>\n","protected":false},"author":2,"featured_media":0,"parent":0,"menu_order":0,"comment_status":"closed","ping_status":"closed","template":"","meta":{"_exactmetrics_skip_tracking":false,"_exactmetrics_sitenote_active":false,"_exactmetrics_sitenote_note":"","_exactmetrics_sitenote_category":0,"ngg_post_thumbnail":0,"footnotes":"","_links_to":"","_links_to_target":""},"class_list":["post-27","page","type-page","status-publish","hentry"],"_links":{"self":[{"href":"https:\/\/www2.unicentro.br\/pet-letras\/wp-json\/wp\/v2\/pages\/27","targetHints":{"allow":["GET"]}}],"collection":[{"href":"https:\/\/www2.unicentro.br\/pet-letras\/wp-json\/wp\/v2\/pages"}],"about":[{"href":"https:\/\/www2.unicentro.br\/pet-letras\/wp-json\/wp\/v2\/types\/page"}],"author":[{"embeddable":true,"href":"https:\/\/www2.unicentro.br\/pet-letras\/wp-json\/wp\/v2\/users\/2"}],"replies":[{"embeddable":true,"href":"https:\/\/www2.unicentro.br\/pet-letras\/wp-json\/wp\/v2\/comments?post=27"}],"version-history":[{"count":4,"href":"https:\/\/www2.unicentro.br\/pet-letras\/wp-json\/wp\/v2\/pages\/27\/revisions"}],"predecessor-version":[{"id":146,"href":"https:\/\/www2.unicentro.br\/pet-letras\/wp-json\/wp\/v2\/pages\/27\/revisions\/146"}],"wp:attachment":[{"href":"https:\/\/www2.unicentro.br\/pet-letras\/wp-json\/wp\/v2\/media?parent=27"}],"curies":[{"name":"wp","href":"https:\/\/api.w.org\/{rel}","templated":true}]}}