{"id":22,"date":"2015-09-18T15:18:04","date_gmt":"2015-09-18T18:18:04","guid":{"rendered":"http:\/\/www2.unicentro.br\/pet-letras\/?page_id=22"},"modified":"2016-12-06T13:35:37","modified_gmt":"2016-12-06T16:35:37","slug":"tutora","status":"publish","type":"page","link":"https:\/\/www2.unicentro.br\/pet-letras\/tutora\/","title":{"rendered":"Tutora"},"content":{"rendered":"<p><a href=\"http:\/\/lattes.cnpq.br\/1934531868783088\"><img loading=\"lazy\" decoding=\"async\" class=\"alignleft size-full wp-image-23\" src=\"http:\/\/www2.unicentro.br\/pet-letras\/files\/2015\/09\/lattes.jpg\" alt=\"lattes\" width=\"20\" height=\"20\" \/><\/a>Prof\u00aa N\u00edncia Cec\u00edlia Ribas Borges Teixeira<br \/>\nnincia@unicentro.br<br \/>\nP\u00f3s-Doutora em Literatura Brasileira pela Universidade Federal do Rio de Janeiro, UFRJ<br \/>\nDocente do Departamento de Letras da Unicentro<\/p>\n<p>Lattes: http:\/\/lattes.cnpq.br\/1934531868783088<\/p>\n","protected":false},"excerpt":{"rendered":"<p>Prof\u00aa N\u00edncia Cec\u00edlia Ribas Borges Teixeira nincia@unicentro.br P\u00f3s-Doutora em Literatura Brasileira pela Universidade Federal do Rio de Janeiro, UFRJ Docente do Departamento de Letras da Unicentro Lattes: http:\/\/lattes.cnpq.br\/1934531868783088<\/p>\n","protected":false},"author":2,"featured_media":0,"parent":0,"menu_order":0,"comment_status":"closed","ping_status":"closed","template":"","meta":{"_exactmetrics_skip_tracking":false,"_exactmetrics_sitenote_active":false,"_exactmetrics_sitenote_note":"","_exactmetrics_sitenote_category":0,"ngg_post_thumbnail":0,"footnotes":"","_links_to":"","_links_to_target":""},"class_list":["post-22","page","type-page","status-publish","hentry"],"_links":{"self":[{"href":"https:\/\/www2.unicentro.br\/pet-letras\/wp-json\/wp\/v2\/pages\/22","targetHints":{"allow":["GET"]}}],"collection":[{"href":"https:\/\/www2.unicentro.br\/pet-letras\/wp-json\/wp\/v2\/pages"}],"about":[{"href":"https:\/\/www2.unicentro.br\/pet-letras\/wp-json\/wp\/v2\/types\/page"}],"author":[{"embeddable":true,"href":"https:\/\/www2.unicentro.br\/pet-letras\/wp-json\/wp\/v2\/users\/2"}],"replies":[{"embeddable":true,"href":"https:\/\/www2.unicentro.br\/pet-letras\/wp-json\/wp\/v2\/comments?post=22"}],"version-history":[{"count":4,"href":"https:\/\/www2.unicentro.br\/pet-letras\/wp-json\/wp\/v2\/pages\/22\/revisions"}],"predecessor-version":[{"id":110,"href":"https:\/\/www2.unicentro.br\/pet-letras\/wp-json\/wp\/v2\/pages\/22\/revisions\/110"}],"wp:attachment":[{"href":"https:\/\/www2.unicentro.br\/pet-letras\/wp-json\/wp\/v2\/media?parent=22"}],"curies":[{"name":"wp","href":"https:\/\/api.w.org\/{rel}","templated":true}]}}