{"id":167,"date":"2015-07-14T15:56:19","date_gmt":"2015-07-14T18:56:19","guid":{"rendered":"http:\/\/www2.unicentro.br\/orteseprotese\/?page_id=167"},"modified":"2015-07-14T15:56:19","modified_gmt":"2015-07-14T18:56:19","slug":"divulgacao","status":"publish","type":"page","link":"https:\/\/www2.unicentro.br\/orteseprotese\/divulgacao\/","title":{"rendered":"Divulga\u00e7\u00e3o"},"content":{"rendered":"<ul>\n<li>\n<p class=\"postheader\"><a href=\"http:\/\/www2.unicentro.br\/noticias\/2014\/04\/25\/projeto-ortese-e-protese-alcanca-marca-de-4300-pacientes-cadastrados\/\">Projeto \u00d3rtese e Pr\u00f3tese alcan\u00e7a marca de 4300 pacientes cadastrados<\/a><\/p>\n<\/li>\n<li>\n<p class=\"postheader\"><a href=\"http:\/\/www2.unicentro.br\/noticias\/2014\/05\/14\/projeto-ortese-e-protese-entrega-mais-uma-cadeira-de-rodas-motorizada\/\">Projeto \u00d3rtese e Pr\u00f3tese entrega mais uma cadeira de rodas motorizada<\/a><\/p>\n<\/li>\n<li>\n<p class=\"postheader\"><a href=\"https:\/\/www.youtube.com\/watch?v=N6HwSGftIbo\">Cl\u00ednica de \u00d3rtese e Pr\u00f3tese da Unicentro atende comunidade em Guarapuava<\/a><\/p>\n<\/li>\n<li>\n<p class=\"postheader\"><a href=\"http:\/\/g1.globo.com\/pr\/campos-gerais-sul\/noticia\/2014\/05\/projeto-universitario-ajuda-deficientes-fisicos-retomarem-independencia.html\">Projeto universit\u00e1rio ajuda deficientes f\u00edsicos a retomarem a independ\u00eancia<\/a><\/p>\n<\/li>\n<li><a href=\"http:\/\/g1.globo.com\/pr\/parana\/paranatv-2edicao\/videos\/t\/edicoes\/v\/projeto-universitario-faz-o-bem-a-pessoas-com-deficiencia-fisica\/3369025\/\">Projeto Universit\u00e1rio faz o bem a pessoas com defici\u00eancia f\u00edsica<\/a><\/li>\n<\/ul>\n","protected":false},"excerpt":{"rendered":"<p>Projeto \u00d3rtese e Pr\u00f3tese alcan\u00e7a marca de 4300 pacientes cadastrados Projeto \u00d3rtese e Pr\u00f3tese entrega mais uma cadeira de rodas motorizada Cl\u00ednica de \u00d3rtese e Pr\u00f3tese da Unicentro atende comunidade em Guarapuava Projeto universit\u00e1rio ajuda deficientes f\u00edsicos a retomarem a independ\u00eancia Projeto Universit\u00e1rio faz o bem a pessoas com defici\u00eancia f\u00edsica<\/p>\n","protected":false},"author":2,"featured_media":0,"parent":0,"menu_order":0,"comment_status":"closed","ping_status":"closed","template":"","meta":{"_exactmetrics_skip_tracking":false,"_exactmetrics_sitenote_active":false,"_exactmetrics_sitenote_note":"","_exactmetrics_sitenote_category":0,"footnotes":"","_links_to":"","_links_to_target":""},"class_list":["post-167","page","type-page","status-publish","hentry"],"_links":{"self":[{"href":"https:\/\/www2.unicentro.br\/orteseprotese\/wp-json\/wp\/v2\/pages\/167","targetHints":{"allow":["GET"]}}],"collection":[{"href":"https:\/\/www2.unicentro.br\/orteseprotese\/wp-json\/wp\/v2\/pages"}],"about":[{"href":"https:\/\/www2.unicentro.br\/orteseprotese\/wp-json\/wp\/v2\/types\/page"}],"author":[{"embeddable":true,"href":"https:\/\/www2.unicentro.br\/orteseprotese\/wp-json\/wp\/v2\/users\/2"}],"replies":[{"embeddable":true,"href":"https:\/\/www2.unicentro.br\/orteseprotese\/wp-json\/wp\/v2\/comments?post=167"}],"version-history":[{"count":1,"href":"https:\/\/www2.unicentro.br\/orteseprotese\/wp-json\/wp\/v2\/pages\/167\/revisions"}],"predecessor-version":[{"id":170,"href":"https:\/\/www2.unicentro.br\/orteseprotese\/wp-json\/wp\/v2\/pages\/167\/revisions\/170"}],"wp:attachment":[{"href":"https:\/\/www2.unicentro.br\/orteseprotese\/wp-json\/wp\/v2\/media?parent=167"}],"curies":[{"name":"wp","href":"https:\/\/api.w.org\/{rel}","templated":true}]}}