{"id":33,"date":"2015-07-10T15:19:51","date_gmt":"2015-07-10T18:19:51","guid":{"rendered":"http:\/\/www2.unicentro.br\/lapefi\/?page_id=33"},"modified":"2015-08-11T21:19:17","modified_gmt":"2015-08-12T00:19:17","slug":"calendario","status":"publish","type":"page","link":"https:\/\/www2.unicentro.br\/lapefi\/calendario\/","title":{"rendered":"Calend\u00e1rio"},"content":{"rendered":"<table style=\"height: 178px\" width=\"545\">\n<tbody>\n<tr>\n<td><\/td>\n<td><span style=\"font-size: 18pt\">19 de agosto &#8211; 0900 horas.<\/span><\/p>\n<p><span style=\"font-size: 18pt\">Local: LAPEF<\/span><\/p>\n<p><span style=\"font-size: 18pt\">Sele\u00e7\u00e3o de bolsistas OBEDUC<\/span><\/p>\n<p><span style=\"font-size: 18pt\">Gradua\u00e7\u00e3o e Educa\u00e7\u00e3o B\u00e1sica.<\/span><\/td>\n<\/tr>\n<\/tbody>\n<\/table>\n<p>&nbsp;<\/p>\n<p>&nbsp;<\/p>\n","protected":false},"excerpt":{"rendered":"<p>19 de agosto &#8211; 0900 horas. Local: LAPEF Sele\u00e7\u00e3o de bolsistas OBEDUC Gradua\u00e7\u00e3o e Educa\u00e7\u00e3o B\u00e1sica. &nbsp; &nbsp;<\/p>\n","protected":false},"author":104,"featured_media":0,"parent":0,"menu_order":0,"comment_status":"closed","ping_status":"closed","template":"","meta":{"_exactmetrics_skip_tracking":false,"_exactmetrics_sitenote_active":false,"_exactmetrics_sitenote_note":"","_exactmetrics_sitenote_category":0,"ngg_post_thumbnail":0,"footnotes":"","_links_to":"","_links_to_target":""},"class_list":["post-33","page","type-page","status-publish","hentry"],"_links":{"self":[{"href":"https:\/\/www2.unicentro.br\/lapefi\/wp-json\/wp\/v2\/pages\/33","targetHints":{"allow":["GET"]}}],"collection":[{"href":"https:\/\/www2.unicentro.br\/lapefi\/wp-json\/wp\/v2\/pages"}],"about":[{"href":"https:\/\/www2.unicentro.br\/lapefi\/wp-json\/wp\/v2\/types\/page"}],"author":[{"embeddable":true,"href":"https:\/\/www2.unicentro.br\/lapefi\/wp-json\/wp\/v2\/users\/104"}],"replies":[{"embeddable":true,"href":"https:\/\/www2.unicentro.br\/lapefi\/wp-json\/wp\/v2\/comments?post=33"}],"version-history":[{"count":3,"href":"https:\/\/www2.unicentro.br\/lapefi\/wp-json\/wp\/v2\/pages\/33\/revisions"}],"predecessor-version":[{"id":111,"href":"https:\/\/www2.unicentro.br\/lapefi\/wp-json\/wp\/v2\/pages\/33\/revisions\/111"}],"wp:attachment":[{"href":"https:\/\/www2.unicentro.br\/lapefi\/wp-json\/wp\/v2\/media?parent=33"}],"curies":[{"name":"wp","href":"https:\/\/api.w.org\/{rel}","templated":true}]}}