{"id":25,"date":"2015-07-10T15:18:58","date_gmt":"2015-07-10T18:18:58","guid":{"rendered":"http:\/\/www2.unicentro.br\/lapefi\/?page_id=25"},"modified":"2015-10-21T19:26:45","modified_gmt":"2015-10-21T22:26:45","slug":"producao-cientifica","status":"publish","type":"page","link":"https:\/\/www2.unicentro.br\/lapefi\/producao-cientifica\/","title":{"rendered":"Produ\u00e7\u00e3o Cient\u00edfica"},"content":{"rendered":"<h3><span style=\"font-family: 'arial black', sans-serif\"><em><strong><span style=\"font-size: 18pt\">Artigos:<\/span><\/strong><\/em><\/span><\/h3>\n<p><b><a class=\"tooltip\" href=\"http:\/\/lattes.cnpq.br\/1387231652305882\" target=\"_blank\">CAMPIGOTO, J. A.<\/a><\/b> ; SERPA, \u00c9. C. ; SCHORNER, A. \u00a0Regi\u00f5es e totalidades nos textos de cr\u00edticos portugueses a respeito de escritos de hist\u00f3ria do Brasil (1942 &#8211; 1968). ArtCultura (UFU), v. 15, p. 10, 2014.<\/p>\n<p>CAMPIGOTO, J. A<span style=\"color: #000000\">.<\/span><span style=\"color: #0000ff\"><span style=\"color: #000000\"> ;\u00a0<\/span><span style=\"text-decoration: underline\"><b>KLEIN, R.<\/b><\/span><\/span>\u00a0Regi\u00f5es: espa\u00e7os de pr\u00e1ticas e rela\u00e7\u00f5es de poder. Investigaciones Socio-Hist\u00f3ricas Regionales, v. 4, p. 01-04, 2014.<\/p>\n<p><b><a class=\"tooltip\" href=\"http:\/\/lattes.cnpq.br\/1387231652305882\" target=\"_blank\">CAMPIGOTO, J. A.<\/a><\/b> ; SLOMINSKI., S. ; SCHORNER, A. \u00a0Produtoras de cerveja caseira e cotidiano dos descendentes de imigrantes eslavos na regi\u00e3o Centro Sul do Paran\u00e1. Revista Tempo, Espa\u00e7o e Linguagem, v. 5, p. 23, 2014.<\/p>\n<p>Benatte, Ant\u00f4nio Paulo; NASCIMENTO, J. J. V. ; <b><a class=\"tooltip\" href=\"http:\/\/lattes.cnpq.br\/1387231652305882\" target=\"_blank\">CAMPIGOTO, J. A.<\/a><\/b>\u00a0 Povos faxinalenses: sa\u00fade e conhecimentos tradicionais. Dialogos (Maringa), v. 17, p. 41-68, 2013.<\/p>\n<p><b><a class=\"tooltip\" href=\"http:\/\/lattes.cnpq.br\/1387231652305882\" target=\"_blank\">CAMPIGOTO, J. A.<\/a><\/b> ; CORSO, J. C. ; KLEIN, R. . Terras e doa\u00e7\u00f5es &#8211; Igrejas, irmandades e migrantes poloneses no Paran\u00e1.. Hist\u00f3ria Revista (Online), v. 18, p. 275-304, 2013.<\/p>\n<p><b><a class=\"tooltip\" href=\"http:\/\/lattes.cnpq.br\/1387231652305882\" target=\"_blank\">CAMPIGOTO, J. A.<\/a><\/b> ; SCHORNER, A. ; NOVAK., J. \u00a0Festas e ritos, memoria e diversidade cultural.. Canadian Journal of Latin American and Caribbean Studies, v. 37, p. 97-124, 2012.<\/p>\n<p>Benatte, Ant\u00f4nio Paulo. ; <b><a class=\"tooltip\" href=\"http:\/\/lattes.cnpq.br\/1387231652305882\" target=\"_blank\">CAMPIGOTO, J. A.<\/a><\/b> ; Carvalho, Rosenaldo de. . Os santos nos faxinais: religiosidade e povos tradicionais. Topoi (Rio de Janeiro), v. 12, p. 140-160, 2011.<\/p>\n<p><b><a class=\"tooltip\" href=\"http:\/\/lattes.cnpq.br\/1387231652305882\" target=\"_blank\">CAMPIGOTO, J. A.<\/a><\/b> ; SCHORNER, Ancelmo. \u00a0Migrantes no faxinal e migra\u00e7\u00f5es de faxinalenses: territ\u00f3rios e povos tradicionais.. Esbo\u00e7os (UFSC), v. 18, p. 53-72, 2011.<\/p>\n<p><span style=\"text-decoration: underline\"><span style=\"color: #0000ff;text-decoration: underline\"><b>KLEIN, Rejane<\/b> <\/span><\/span>. O Ato da Escrita e a Constitui\u00e7\u00e3o docente &#8211; Discursos da M\u00eddia Impressa. Revista FAED &#8211; UNEMAT, v. 22, p. 31, 2014.<\/p>\n<p>STADLER, C. B. ; <b><a class=\"tooltip\" href=\"http:\/\/lattes.cnpq.br\/9551626877143095\" target=\"_blank\">SCH\u00d6RNER, Ancelmo.<\/a><\/b> . Estudio de las comunidades tradicionales: los faxinales integraci\u00f3n entre la escuela y las vivencias del alumno. Investigaciones Socio-Hist\u00f3ricas Regionales, v. 4, p. 5-22, 2014.LUCAVEI, Luc\u00e9lia ;<\/p>\n<p><b><a class=\"tooltip\" href=\"http:\/\/lattes.cnpq.br\/9551626877143095\" target=\"_blank\">SCH\u00d6RNER, Ancelmo.<\/a><\/b> . Os rituais de casamento ucraniano entre perman\u00eancias e transforma\u00e7\u00f5es ? Irati\/PR (1978-2008). Revista Tempo, Espa\u00e7o e Linguagem, v. v, p. 49-63, 2013.<\/p>\n<p><b><a class=\"tooltip\" href=\"http:\/\/lattes.cnpq.br\/9551626877143095\" target=\"_blank\">SCH\u00d6RNER, Ancelmo.<\/a><\/b> ; CAMPIGOTO, Jos\u00e9 Adil\u00e7on . Migra\u00e7\u00e3o, imprensa e pol\u00edticas migrat\u00f3rias em Jaragu\u00e1 do Sul\/SC (1980-1990): fechando as fronteiras para os produtos indesej\u00e1veis do progresso.. REMHU (Bras\u00edlia), v. 36, p. 197-216, 2011.<\/p>\n<p><b>CORSO, J. C.<\/b> . Identidades dos Sem-Terra: as quest\u00f5es identit\u00e1rias nos discursos da CPT e do MST. Revista Tempo, Espa\u00e7o e Linguagem, v. 3, p. 45-61, 2012.<\/p>\n<p><b><a class=\"tooltip\" href=\"http:\/\/lattes.cnpq.br\/2855415041274093\" target=\"_blank\">SILVA, E. S.<\/a><\/b> . A torre de Babel da tradu\u00e7\u00e3o: percurso hist\u00f3rico. Interlinguagens, v. 6, p. 23-33, 2015.<\/p>\n<p><b><a class=\"tooltip\" href=\"http:\/\/lattes.cnpq.br\/2855415041274093\" target=\"_blank\">SILVA, E. S.<\/a><\/b> . Da opacidade \u00e0 transpar\u00eancia: a ironia nos Espelhos de Eduardo Galeano. revista Interlinguagens, v. 4, p. 26, 2013.<\/p>\n<p><span style=\"font-family: 'arial black', sans-serif\"><em><strong><span style=\"font-size: 18pt\">Livros:<\/span><\/strong><\/em><\/span><\/p>\n<p><b><a class=\"tooltip\" href=\"http:\/\/lattes.cnpq.br\/1387231652305882\" target=\"_blank\">CAMPIGOTO, J. A.<\/a><\/b> . Herm\u00eautica de Fronteira. 1\u00aa. ed. Guarapuava: Edunicentro, 2014.<\/p>\n<p><b><a class=\"tooltip\" href=\"http:\/\/lattes.cnpq.br\/1387231652305882\" target=\"_blank\">CAMPIGOTO, J. A.<\/a><\/b> (Org.) ; CHICOSKI, R. (Org.) ; TROYAN, S. (Org.) ; LOREGIAN-PENKAL, L. (Org.) ; KRAUSE-LEMKE, C. (Org.) ; COSTA, L. T. (Org.) ; JACUMASSO, T. D. (Org.) ; Silva, E. S. (Org.) ; GARTNER, M. (Org.) ; KYRYDON, A. (Org.) ; CHOMA, A. G. (Org.) ; CZUCZMAN, L. (Org.) ; SCHORNER, A. (Org.) ; SUTULINA, L. (Org.) . Brasil Ucr\u00e2nia:Linguagem, cultura e identidade. 1\u00aa. ed. Jundia\u00ed: Paco Editorial, 2013. v. 1. 153p .<\/p>\n<p>Benatte, Ant\u00f4nio Paulo. (Org.) ; <b><a class=\"tooltip\" href=\"http:\/\/lattes.cnpq.br\/1387231652305882\" target=\"_blank\">CAMPIGOTO, J. A.<\/a><\/b> (Org.) . Religi\u00e3o e Cultura: Tem\u00e1ticas de hist\u00f3ria cultural da religi\u00f5es. 1. ed. Gurapuava: Unicentro, 2013. v. 1. 257p .<\/p>\n<p><b><a class=\"tooltip\" href=\"http:\/\/lattes.cnpq.br\/9551626877143095\" target=\"_blank\">SCH\u00d6RNER, Ancelmo.<\/a><\/b> . Paranaenses em movimento: trajet\u00f3rias e travessias migrat\u00f3rias (1980-2000). 1. ed. Guarapuava\/PR: Editora da Unicentro\/PR, 2009. v. 400. 209p .<\/p>\n<p><b><a class=\"tooltip\" href=\"http:\/\/lattes.cnpq.br\/2855415041274093\" target=\"_blank\">SILVA, E. S.<\/a><\/b> (Org.) . S\u00e1bados Liter\u00e1rios: grandes nomes. 1. ed. S\u00e3o Paulo: Todas as Musas, 2015. v. 1. 137p .GODOY, M. A. B. (Org.) ;<\/p>\n<p><b>KLEIN, Rejane<\/b> (Org.) . Amplitude e Olhares na Forma\u00e7\u00e3o de Professores. 1\u00aa. ed. Curitiba &#8211; PR: CRV, 2015. 182p .<\/p>\n<p>&nbsp;<\/p>\n<p>&nbsp;<\/p>\n<p><span style=\"font-family: 'arial black', sans-serif\"><em><strong><span style=\"font-size: 18pt\">Cap\u00edtulos de livros :<\/span><\/strong><\/em><\/span><\/p>\n<p><b><a class=\"tooltip\" href=\"http:\/\/lattes.cnpq.br\/9551626877143095\" target=\"_blank\">SCH\u00d6RNER, Ancelmo.<\/a><\/b> ; CAMPIGOTO, Jos\u00e9 Adil\u00e7on . Antigos conflitos e novos contornos: sociabilidade e regime de cercas no Paran\u00e1. In: TEDESCO, Jo\u00e3o Carlos; NEUMANN, Rosane Marcia. (Org.). Colonos, col\u00f4nias e colonizadoras: aspectos da territorializa\u00e7\u00e3o agr\u00e1ria no Sul do Brasil. 1ed.Porto Alegre: Letra&amp;Vida, 2015, v. 1, p. 133-155.<\/p>\n<p><b><a class=\"tooltip\" href=\"http:\/\/lattes.cnpq.br\/1387231652305882\" target=\"_blank\">CAMPIGOTO, J. A.<\/a><\/b> ; SCHORNER, A. ; SLOMINSKI, S. . Produtoras de cerveja caseira e cotidiano dos descendentes de imigrantes eslavos na regi\u00e3o centro sul do Paran\u00e1. In: H\u00e9lio Sochodolak; H\u00e9lio Rebello Cardoso Jr.. (Org.). Cotidiano, Saberes e Pr\u00e1ticas Tradicionais.. 1ed.Jundiai -SP.: Paco Editorial., 2015, v. , p. 45-72.;<\/p>\n<p><b><a class=\"tooltip\" href=\"http:\/\/lattes.cnpq.br\/9551626877143095\" target=\"_blank\">SCH\u00d6RNER, Ancelmo.<\/a><\/b> ; CAMPIGOTO, Jos\u00e9 Adil\u00e7on ; CHICOSKI, R. . Lugares de mem\u00f3rias e etnicidades: imigrantes ?eslavos? e seus descendentes na Regi\u00e3o Centro-Sul do Paran\u00e1. In: CHICOSKI, Regina; CAMPIGOTO, Jos\u00e9 Adil\u00e7on. (Org.). Brasil-Ucr\u00e2nia: linguagem, cultura e identidade. 1ed.Jundia\u00ed (SP): Paco Editorial, 2013, v. , p. 95-129.<\/p>\n<p><b><a class=\"tooltip\" href=\"http:\/\/lattes.cnpq.br\/9551626877143095\" target=\"_blank\">SCH\u00d6RNER, Ancelmo.<\/a><\/b> ; VERAS., M. P. B. . Migra\u00e7\u00e3o, desigualdade e alteridade em Jaragu\u00e1 do Sul (SC): o caso do Loteamento Souza. In: Cla\u00e9rcio Ivan Schneider; Jair Antunes; Os\u00e9ias de Oliveira. (Org.). Educa\u00e7\u00e3o e movimento populacionais: quest\u00f5es e debates. 1ed.Curitiba: CRV, 2014, v. 1, p. 65-88.<\/p>\n<p><b><a class=\"tooltip\" href=\"http:\/\/lattes.cnpq.br\/9551626877143095\" target=\"_blank\">SCH\u00d6RNER, Ancelmo.<\/a><\/b> ; SANTOS, J. A. S. . Centro de Mem\u00f3ria Escolar (CEME): uma proposta em Educa\u00e7\u00e3o Patrimonial ? Pomerode\/SC. In: SOCHODOLAK, H\u00e9lio; OLIVEIRA, Os\u00e9ias de. (Org.). Ensino e pesquisa de Hist\u00f3ria: Abordagens e metodologias.. 1ed.Bauru (SP): Cabal 6, 2013, v. , p. 53-61.BENATTE., A. P. ;<\/p>\n<p><b><a class=\"tooltip\" href=\"http:\/\/lattes.cnpq.br\/1387231652305882\" target=\"_blank\">CAMPIGOTO, J. A.<\/a><\/b> . Leitura e espiritualidade em grupos assembleianos brasileiros (s\u00e9culos XX e XXI). In: J\u00e9rri Ribeiro Marin; Andr\u00e9 Dioney Fonseca. (Org.). Olhares sobre a Igreja Assembleia de Deus. 1\u00aaed.Campo Grande &#8211; MS.: Ed. UFMS., 2015, v. 1, p. 17-48.<\/p>\n<p>&nbsp;<\/p>\n","protected":false},"excerpt":{"rendered":"<p>Artigos: CAMPIGOTO, J. A. ; SERPA, \u00c9. C. ; SCHORNER, A. \u00a0Regi\u00f5es e totalidades nos textos de cr\u00edticos portugueses a respeito de escritos de hist\u00f3ria do Brasil (1942 &#8211; 1968). ArtCultura (UFU), v. 15, p. 10, 2014. CAMPIGOTO, J. A. ;\u00a0KLEIN, R.\u00a0Regi\u00f5es: espa\u00e7os de pr\u00e1ticas e rela\u00e7\u00f5es de poder. Investigaciones Socio-Hist\u00f3ricas Regionales, v. 4, p. [&hellip;]<\/p>\n","protected":false},"author":2,"featured_media":0,"parent":0,"menu_order":0,"comment_status":"closed","ping_status":"closed","template":"","meta":{"_exactmetrics_skip_tracking":false,"_exactmetrics_sitenote_active":false,"_exactmetrics_sitenote_note":"","_exactmetrics_sitenote_category":0,"ngg_post_thumbnail":0,"footnotes":"","_links_to":"","_links_to_target":""},"class_list":["post-25","page","type-page","status-publish","hentry"],"_links":{"self":[{"href":"https:\/\/www2.unicentro.br\/lapefi\/wp-json\/wp\/v2\/pages\/25","targetHints":{"allow":["GET"]}}],"collection":[{"href":"https:\/\/www2.unicentro.br\/lapefi\/wp-json\/wp\/v2\/pages"}],"about":[{"href":"https:\/\/www2.unicentro.br\/lapefi\/wp-json\/wp\/v2\/types\/page"}],"author":[{"embeddable":true,"href":"https:\/\/www2.unicentro.br\/lapefi\/wp-json\/wp\/v2\/users\/2"}],"replies":[{"embeddable":true,"href":"https:\/\/www2.unicentro.br\/lapefi\/wp-json\/wp\/v2\/comments?post=25"}],"version-history":[{"count":13,"href":"https:\/\/www2.unicentro.br\/lapefi\/wp-json\/wp\/v2\/pages\/25\/revisions"}],"predecessor-version":[{"id":565,"href":"https:\/\/www2.unicentro.br\/lapefi\/wp-json\/wp\/v2\/pages\/25\/revisions\/565"}],"wp:attachment":[{"href":"https:\/\/www2.unicentro.br\/lapefi\/wp-json\/wp\/v2\/media?parent=25"}],"curies":[{"name":"wp","href":"https:\/\/api.w.org\/{rel}","templated":true}]}}