{"id":26,"date":"2013-10-28T10:59:32","date_gmt":"2013-10-28T10:59:32","guid":{"rendered":"http:\/\/www2.unicentro.br\/intercom2014\/?page_id=26"},"modified":"2014-08-06T12:43:48","modified_gmt":"2014-08-06T12:43:48","slug":"hospedagem","status":"publish","type":"page","link":"https:\/\/www2.unicentro.br\/intercom2014\/hospedagem\/","title":{"rendered":"Hospedagem"},"content":{"rendered":"<h3><a href=\"http:\/\/www.frontureventos.com.br\"><img loading=\"lazy\" decoding=\"async\" class=\"alignnone wp-image-171 size-medium\" src=\"http:\/\/www2.unicentro.br\/intercom2014\/files\/2013\/10\/LOGO-FRONTUR-Congressos-e-eventos-5-300x88.jpg\" alt=\"LOGO FRONTUR - Congressos e eventos (5)\" width=\"300\" height=\"88\" srcset=\"https:\/\/www2.unicentro.br\/intercom2014\/files\/2013\/10\/LOGO-FRONTUR-Congressos-e-eventos-5-300x88.jpg 300w, https:\/\/www2.unicentro.br\/intercom2014\/files\/2013\/10\/LOGO-FRONTUR-Congressos-e-eventos-5.jpg 558w\" sizes=\"auto, (max-width: 300px) 100vw, 300px\" \/><\/a><\/h3>\n<h3><strong>Ag\u00eancia de Turismo Oficial do Intercom 2014<\/strong><\/h3>\n<p><strong>Reserve sua hospedagem, Passagens a\u00e9reas com descontos, Transfers e passeios Tur\u00edsticos.<\/strong><strong>\u00a0<\/strong><\/p>\n<p><strong>Consulte: \u00a00300 210 11 22 (custo de uma liga\u00e7\u00e3o local) \/\u00a0(45) 3574-7800<\/strong><\/p>\n<p><strong>E-mail:\u00a0reservas@frontureventos.com.br<\/strong><\/p>\n<p><strong>site:\u00a0<a href=\"http:\/\/www.frontureventos.com.br\/\">www.frontureventos.com.br<\/a><\/strong><\/p>\n<ul>\n<li><a href=\"\/intercom2014\/files\/2013\/10\/hospedagem-14-5.pdf\">Clique aqui para conferir op\u00e7\u00f5es de hospedagem<\/a><\/li>\n<li><a href=\"http:\/\/www.brazilian.hostelworld.com\/Hostels\/Foz-do-Iguacu\/Brasil\" target=\"_blank\">Listagem de hostels<\/a><\/li>\n<li><a href=\"http:\/\/www.booking.com\/searchresults.pt-br.html?aid=356986;label=gog235jc-city_hostels-xb-br-fozNdoNiguacu-unspec-br-com-L%3Axb-O%3Aunk-B%3Aunk-N%3AXX-S%3Abo;sid=38a5648624a44ed668097191613f4ae0;dcid=1;city=-643720;src=city\" target=\"_blank\">Listagem de albergues e hot\u00e9is<\/a><\/li>\n<\/ul>\n","protected":false},"excerpt":{"rendered":"<p>Ag\u00eancia de Turismo Oficial do Intercom 2014 Reserve sua hospedagem, Passagens a\u00e9reas com descontos, Transfers e passeios Tur\u00edsticos.\u00a0 Consulte: \u00a00300 210 11 22 (custo de uma liga\u00e7\u00e3o local) \/\u00a0(45) 3574-7800 E-mail:\u00a0reservas@frontureventos.com.br site:\u00a0www.frontureventos.com.br Clique aqui para conferir op\u00e7\u00f5es de hospedagem Listagem de hostels Listagem de albergues e hot\u00e9is<\/p>\n","protected":false},"author":2,"featured_media":0,"parent":0,"menu_order":0,"comment_status":"closed","ping_status":"closed","template":"","meta":{"_exactmetrics_skip_tracking":false,"_exactmetrics_sitenote_active":false,"_exactmetrics_sitenote_note":"","_exactmetrics_sitenote_category":0,"footnotes":"","_links_to":"","_links_to_target":""},"class_list":["post-26","page","type-page","status-publish","hentry"],"publishpress_future_action":{"enabled":false,"date":"2026-04-22 09:16:39","action":"change-status","newStatus":"draft","terms":[],"taxonomy":"","extraData":[]},"publishpress_future_workflow_manual_trigger":{"enabledWorkflows":[]},"_links":{"self":[{"href":"https:\/\/www2.unicentro.br\/intercom2014\/wp-json\/wp\/v2\/pages\/26","targetHints":{"allow":["GET"]}}],"collection":[{"href":"https:\/\/www2.unicentro.br\/intercom2014\/wp-json\/wp\/v2\/pages"}],"about":[{"href":"https:\/\/www2.unicentro.br\/intercom2014\/wp-json\/wp\/v2\/types\/page"}],"author":[{"embeddable":true,"href":"https:\/\/www2.unicentro.br\/intercom2014\/wp-json\/wp\/v2\/users\/2"}],"replies":[{"embeddable":true,"href":"https:\/\/www2.unicentro.br\/intercom2014\/wp-json\/wp\/v2\/comments?post=26"}],"version-history":[{"count":20,"href":"https:\/\/www2.unicentro.br\/intercom2014\/wp-json\/wp\/v2\/pages\/26\/revisions"}],"predecessor-version":[{"id":198,"href":"https:\/\/www2.unicentro.br\/intercom2014\/wp-json\/wp\/v2\/pages\/26\/revisions\/198"}],"wp:attachment":[{"href":"https:\/\/www2.unicentro.br\/intercom2014\/wp-json\/wp\/v2\/media?parent=26"}],"curies":[{"name":"wp","href":"https:\/\/api.w.org\/{rel}","templated":true}]}}