{"id":43,"date":"2015-12-02T12:08:26","date_gmt":"2015-12-02T14:08:26","guid":{"rendered":"http:\/\/www2.unicentro.br\/gepoge\/?page_id=43"},"modified":"2020-06-08T19:53:08","modified_gmt":"2020-06-08T21:53:08","slug":"inicial","status":"publish","type":"page","link":"https:\/\/www2.unicentro.br\/gepoge\/","title":{"rendered":"Inicial"},"content":{"rendered":"<p style=\"text-align: center\"><span style=\"font-size: 12pt;font-family: georgia, palatino, serif\"><strong>Criado em 2013, o Grupo Estado, Pol\u00edticas e Gest\u00e3o da Educa\u00e7\u00e3o re\u00fane professores do Programa de P\u00f3s Gradua\u00e7\u00e3o em Educa\u00e7\u00e3o (PPGE-Unicentro), professores da Unicentro (Irati e Guarapuava), al\u00e9m de alunos da gradua\u00e7\u00e3o e da p\u00f3s gradua\u00e7\u00e3o.<\/strong><\/span><\/p>\n<p>&nbsp;<\/p>\n<p style=\"text-align: justify\"><span style=\"font-family: georgia, palatino, serif;font-size: 12pt\"><strong>\u00c1rea do Conhecimento: <\/strong>Educa\u00e7\u00e3o \/ Pol\u00edticas e Gest\u00e3o Educacional<\/span><\/p>\n<p style=\"text-align: justify\"><span style=\"font-family: georgia, palatino, serif;font-size: 12pt\"><strong>Institui\u00e7\u00e3o Proponente:<\/strong> Universidade Estadual do Centro-Oeste \u2013 UNICENTRO<\/span><\/p>\n<p><span style=\"font-family: georgia, palatino, serif;font-size: 12pt\"><strong>Link do CNPq:\u00a0<\/strong>http:\/\/dgp.cnpq.br\/dgp\/espelhogrupo\/3544169141533263\u00a0<\/span><\/p>\n<p><span style=\"font-family: georgia, palatino, serif;font-size: 12pt\"><strong>Professoras coordenadoras:<\/strong><span style=\"color: #000000\">\u00a0<\/span><\/span><\/p>\n<p><span style=\"font-family: georgia, palatino, serif;font-size: 12pt;color: #000000\"><a style=\"color: #000000\" href=\"http:\/\/lattes.cnpq.br\/3326773034222088\">Michelle Fernandes Lima\u00a0<\/a>\u00a0\u2013\u00a0Professora Permanente do PPGE\/Unicentro Deped\/Irati\u00a0 \u00a0<\/span><\/p>\n<p><span style=\"font-family: georgia, palatino, serif;font-size: 12pt;color: #000000\"><a style=\"color: #000000\" href=\"http:\/\/lattes.cnpq.br\/5981450525733302\">Marisa Schneckenberg<\/a>\u00a0\u2013\u00a0Professora Permanente do PPGE\/Unicentro Deped\/Irati<\/span><\/p>\n<p>&nbsp;<\/p>\n","protected":false},"excerpt":{"rendered":"<p>Criado em 2013, o Grupo Estado, Pol\u00edticas e Gest\u00e3o da Educa\u00e7\u00e3o re\u00fane professores do Programa de P\u00f3s Gradua\u00e7\u00e3o em Educa\u00e7\u00e3o (PPGE-Unicentro), professores da Unicentro (Irati e Guarapuava), al\u00e9m de alunos da gradua\u00e7\u00e3o e da p\u00f3s gradua\u00e7\u00e3o. &nbsp; \u00c1rea do Conhecimento: Educa\u00e7\u00e3o \/ Pol\u00edticas e Gest\u00e3o Educacional Institui\u00e7\u00e3o Proponente: Universidade Estadual do Centro-Oeste \u2013 UNICENTRO Link [&hellip;]<\/p>\n","protected":false},"author":2,"featured_media":0,"parent":0,"menu_order":0,"comment_status":"closed","ping_status":"closed","template":"","meta":{"_exactmetrics_skip_tracking":false,"_exactmetrics_sitenote_active":false,"_exactmetrics_sitenote_note":"","_exactmetrics_sitenote_category":0,"footnotes":"","_links_to":"","_links_to_target":""},"class_list":["post-43","page","type-page","status-publish","hentry"],"_links":{"self":[{"href":"https:\/\/www2.unicentro.br\/gepoge\/wp-json\/wp\/v2\/pages\/43","targetHints":{"allow":["GET"]}}],"collection":[{"href":"https:\/\/www2.unicentro.br\/gepoge\/wp-json\/wp\/v2\/pages"}],"about":[{"href":"https:\/\/www2.unicentro.br\/gepoge\/wp-json\/wp\/v2\/types\/page"}],"author":[{"embeddable":true,"href":"https:\/\/www2.unicentro.br\/gepoge\/wp-json\/wp\/v2\/users\/2"}],"replies":[{"embeddable":true,"href":"https:\/\/www2.unicentro.br\/gepoge\/wp-json\/wp\/v2\/comments?post=43"}],"version-history":[{"count":8,"href":"https:\/\/www2.unicentro.br\/gepoge\/wp-json\/wp\/v2\/pages\/43\/revisions"}],"predecessor-version":[{"id":662,"href":"https:\/\/www2.unicentro.br\/gepoge\/wp-json\/wp\/v2\/pages\/43\/revisions\/662"}],"wp:attachment":[{"href":"https:\/\/www2.unicentro.br\/gepoge\/wp-json\/wp\/v2\/media?parent=43"}],"curies":[{"name":"wp","href":"https:\/\/api.w.org\/{rel}","templated":true}]}}