{"id":172,"date":"2016-07-15T16:34:32","date_gmt":"2016-07-15T19:34:32","guid":{"rendered":"http:\/\/www2.unicentro.br\/feiradasprofissoes\/?page_id=172"},"modified":"2016-07-15T16:57:46","modified_gmt":"2016-07-15T19:57:46","slug":"podcasts","status":"publish","type":"page","link":"https:\/\/www2.unicentro.br\/feiradasprofissoes\/podcasts\/","title":{"rendered":"Podcasts"},"content":{"rendered":"<table  class=\"pgpodcasts table table-hover\"  style=\"height: 1189px\" width=\"100%\">\n<thead>\n<tr>\n<td><strong>\u00a0Curso ofertado<\/strong><\/td>\n<td><strong>\u00a0Podcast<\/strong><\/td>\n<\/tr>\n<\/thead>\n<tbody>\n<tr>\n<td>\u00a0Administra\u00e7\u00e3o<\/td>\n<td><audio class=\"wp-audio-shortcode\" id=\"audio-172-1\" preload=\"none\" style=\"width: 100%;\" controls=\"controls\"><source type=\"audio\/mpeg\" src=\"http:\/\/www.unicentro.br\/feiradasprofissoes\/podcasts\/podcast_administracao.mp3?_=1\" \/><a href=\"http:\/\/www.unicentro.br\/feiradasprofissoes\/podcasts\/podcast_administracao.mp3\">http:\/\/www.unicentro.br\/feiradasprofissoes\/podcasts\/podcast_administracao.mp3<\/a><\/audio><\/td>\n<\/tr>\n<tr>\n<td>\u00a0Agronomia<\/td>\n<td><audio class=\"wp-audio-shortcode\" id=\"audio-172-2\" preload=\"none\" style=\"width: 100%;\" controls=\"controls\"><source type=\"audio\/mpeg\" src=\"http:\/\/www.unicentro.br\/feiradasprofissoes\/podcasts\/podcast_agronomia.mp3?_=2\" \/><a href=\"http:\/\/www.unicentro.br\/feiradasprofissoes\/podcasts\/podcast_agronomia.mp3\">http:\/\/www.unicentro.br\/feiradasprofissoes\/podcasts\/podcast_agronomia.mp3<\/a><\/audio><\/td>\n<\/tr>\n<tr>\n<td>\u00a0Arte<\/td>\n<td><audio class=\"wp-audio-shortcode\" id=\"audio-172-3\" preload=\"none\" style=\"width: 100%;\" controls=\"controls\"><source type=\"audio\/mpeg\" src=\"http:\/\/www.unicentro.br\/feiradasprofissoes\/podcasts\/podcast_arte.mp3?_=3\" \/><a href=\"http:\/\/www.unicentro.br\/feiradasprofissoes\/podcasts\/podcast_arte.mp3\">http:\/\/www.unicentro.br\/feiradasprofissoes\/podcasts\/podcast_arte.mp3<\/a><\/audio><\/td>\n<\/tr>\n<tr>\n<td>\u00a0Ci\u00eancia da Computa\u00e7\u00e3o<\/td>\n<td><audio class=\"wp-audio-shortcode\" id=\"audio-172-4\" preload=\"none\" style=\"width: 100%;\" controls=\"controls\"><source type=\"audio\/mpeg\" src=\"http:\/\/www.unicentro.br\/feiradasprofissoes\/podcasts\/podcast_cienciadacomputacao.mp3?_=4\" \/><a href=\"http:\/\/www.unicentro.br\/feiradasprofissoes\/podcasts\/podcast_cienciadacomputacao.mp3\">http:\/\/www.unicentro.br\/feiradasprofissoes\/podcasts\/podcast_cienciadacomputacao.mp3<\/a><\/audio><\/td>\n<\/tr>\n<tr>\n<td>\u00a0Ci\u00eancias Biol\u00f3gicas &#8211; Bacharelado<\/td>\n<td><audio class=\"wp-audio-shortcode\" id=\"audio-172-5\" preload=\"none\" style=\"width: 100%;\" controls=\"controls\"><source type=\"audio\/mpeg\" src=\"http:\/\/www.unicentro.br\/feiradasprofissoes\/podcasts\/podcast_biologiabacharelado.mp3?_=5\" \/><a href=\"http:\/\/www.unicentro.br\/feiradasprofissoes\/podcasts\/podcast_biologiabacharelado.mp3\">http:\/\/www.unicentro.br\/feiradasprofissoes\/podcasts\/podcast_biologiabacharelado.mp3<\/a><\/audio><\/td>\n<\/tr>\n<tr>\n<td>\u00a0Ci\u00eancias Biol\u00f3gicas &#8211; Licenciatura<\/td>\n<td><audio class=\"wp-audio-shortcode\" id=\"audio-172-6\" preload=\"none\" style=\"width: 100%;\" controls=\"controls\"><source type=\"audio\/mpeg\" src=\"http:\/\/www.unicentro.br\/feiradasprofissoes\/podcasts\/podcast_cienciasbiologiaslicenciatura.mp3?_=6\" \/><a href=\"http:\/\/www.unicentro.br\/feiradasprofissoes\/podcasts\/podcast_cienciasbiologiaslicenciatura.mp3\">http:\/\/www.unicentro.br\/feiradasprofissoes\/podcasts\/podcast_cienciasbiologiaslicenciatura.mp3<\/a><\/audio><\/td>\n<\/tr>\n<tr>\n<td>\u00a0Ci\u00eancias Cont\u00e1beis<\/td>\n<td><audio class=\"wp-audio-shortcode\" id=\"audio-172-7\" preload=\"none\" style=\"width: 100%;\" controls=\"controls\"><source type=\"audio\/mpeg\" src=\"http:\/\/www.unicentro.br\/feiradasprofissoes\/podcasts\/podcast_cienciascontabeis.mp3?_=7\" \/><a href=\"http:\/\/www.unicentro.br\/feiradasprofissoes\/podcasts\/podcast_cienciascontabeis.mp3\">http:\/\/www.unicentro.br\/feiradasprofissoes\/podcasts\/podcast_cienciascontabeis.mp3<\/a><\/audio><\/td>\n<\/tr>\n<tr>\n<td>\u00a0Ci\u00eancias Econ\u00f4micas<\/td>\n<td><audio class=\"wp-audio-shortcode\" id=\"audio-172-8\" preload=\"none\" style=\"width: 100%;\" controls=\"controls\"><source type=\"audio\/mpeg\" src=\"http:\/\/www.unicentro.br\/feiradasprofissoes\/podcasts\/podcast_cienciaseconomicas.mp3?_=8\" \/><a href=\"http:\/\/www.unicentro.br\/feiradasprofissoes\/podcasts\/podcast_cienciaseconomicas.mp3\">http:\/\/www.unicentro.br\/feiradasprofissoes\/podcasts\/podcast_cienciaseconomicas.mp3<\/a><\/audio><\/td>\n<\/tr>\n<tr>\n<td>\u00a0Educa\u00e7\u00e3o F\u00edsica &#8211; Bacharelado<\/td>\n<td><audio class=\"wp-audio-shortcode\" id=\"audio-172-9\" preload=\"none\" style=\"width: 100%;\" controls=\"controls\"><source type=\"audio\/mpeg\" src=\"http:\/\/www.unicentro.br\/feiradasprofissoes\/podcasts\/podcast_educacaofisicabacharelado.mp3?_=9\" \/><a href=\"http:\/\/www.unicentro.br\/feiradasprofissoes\/podcasts\/podcast_educacaofisicabacharelado.mp3\">http:\/\/www.unicentro.br\/feiradasprofissoes\/podcasts\/podcast_educacaofisicabacharelado.mp3<\/a><\/audio><\/td>\n<\/tr>\n<tr>\n<td>\u00a0Educa\u00e7\u00e3o F\u00edsica &#8211; Licenciatura<\/td>\n<td><audio class=\"wp-audio-shortcode\" id=\"audio-172-10\" preload=\"none\" style=\"width: 100%;\" controls=\"controls\"><source type=\"audio\/mpeg\" src=\"http:\/\/www.unicentro.br\/feiradasprofissoes\/podcasts\/podcast_educacaofisicalicenciatura.mp3?_=10\" \/><a href=\"http:\/\/www.unicentro.br\/feiradasprofissoes\/podcasts\/podcast_educacaofisicalicenciatura.mp3\">http:\/\/www.unicentro.br\/feiradasprofissoes\/podcasts\/podcast_educacaofisicalicenciatura.mp3<\/a><\/audio><\/td>\n<\/tr>\n<tr>\n<td>\u00a0Enfermagem<\/td>\n<td><audio class=\"wp-audio-shortcode\" id=\"audio-172-11\" preload=\"none\" style=\"width: 100%;\" controls=\"controls\"><source type=\"audio\/mpeg\" src=\"http:\/\/www.unicentro.br\/feiradasprofissoes\/podcasts\/podcast_enfermagem.mp3?_=11\" \/><a href=\"http:\/\/www.unicentro.br\/feiradasprofissoes\/podcasts\/podcast_enfermagem.mp3\">http:\/\/www.unicentro.br\/feiradasprofissoes\/podcasts\/podcast_enfermagem.mp3<\/a><\/audio><\/td>\n<\/tr>\n<tr>\n<td>\u00a0Engenharia Ambiental<\/td>\n<td><audio class=\"wp-audio-shortcode\" id=\"audio-172-12\" preload=\"none\" style=\"width: 100%;\" controls=\"controls\"><source type=\"audio\/mpeg\" src=\"http:\/\/www.unicentro.br\/feiradasprofissoes\/podcasts\/podcast_engenhariaambiental.mp3?_=12\" \/><a href=\"http:\/\/www.unicentro.br\/feiradasprofissoes\/podcasts\/podcast_engenhariaambiental.mp3\">http:\/\/www.unicentro.br\/feiradasprofissoes\/podcasts\/podcast_engenhariaambiental.mp3<\/a><\/audio><\/td>\n<\/tr>\n<tr>\n<td>\u00a0Engenharia de Alimentos<\/td>\n<td><audio class=\"wp-audio-shortcode\" id=\"audio-172-13\" preload=\"none\" style=\"width: 100%;\" controls=\"controls\"><source type=\"audio\/mpeg\" src=\"http:\/\/www.unicentro.br\/feiradasprofissoes\/podcasts\/podcast_engenhariadealimentos.mp3?_=13\" \/><a href=\"http:\/\/www.unicentro.br\/feiradasprofissoes\/podcasts\/podcast_engenhariadealimentos.mp3\">http:\/\/www.unicentro.br\/feiradasprofissoes\/podcasts\/podcast_engenhariadealimentos.mp3<\/a><\/audio><\/td>\n<\/tr>\n<tr>\n<td>\u00a0Engenharia Florestal<\/td>\n<td><audio class=\"wp-audio-shortcode\" id=\"audio-172-14\" preload=\"none\" style=\"width: 100%;\" controls=\"controls\"><source type=\"audio\/mpeg\" src=\"http:\/\/www.unicentro.br\/feiradasprofissoes\/podcasts\/podcast_engenhariaflorestal.mp3?_=14\" \/><a href=\"http:\/\/www.unicentro.br\/feiradasprofissoes\/podcasts\/podcast_engenhariaflorestal.mp3\">http:\/\/www.unicentro.br\/feiradasprofissoes\/podcasts\/podcast_engenhariaflorestal.mp3<\/a><\/audio><\/td>\n<\/tr>\n<tr>\n<td>\u00a0Farm\u00e1cia<\/td>\n<td><audio class=\"wp-audio-shortcode\" id=\"audio-172-15\" preload=\"none\" style=\"width: 100%;\" controls=\"controls\"><source type=\"audio\/mpeg\" src=\"http:\/\/www.unicentro.br\/feiradasprofissoes\/podcasts\/podcast_farmacia.mp3?_=15\" \/><a href=\"http:\/\/www.unicentro.br\/feiradasprofissoes\/podcasts\/podcast_farmacia.mp3\">http:\/\/www.unicentro.br\/feiradasprofissoes\/podcasts\/podcast_farmacia.mp3<\/a><\/audio><\/td>\n<\/tr>\n<tr>\n<td>\u00a0Filosofia<\/td>\n<td><audio class=\"wp-audio-shortcode\" id=\"audio-172-16\" preload=\"none\" style=\"width: 100%;\" controls=\"controls\"><source type=\"audio\/mpeg\" src=\"http:\/\/www.unicentro.br\/feiradasprofissoes\/podcasts\/podcast_filosofia.mp3?_=16\" \/><a href=\"http:\/\/www.unicentro.br\/feiradasprofissoes\/podcasts\/podcast_filosofia.mp3\">http:\/\/www.unicentro.br\/feiradasprofissoes\/podcasts\/podcast_filosofia.mp3<\/a><\/audio><\/td>\n<\/tr>\n<tr>\n<td>\u00a0F\u00edsica<\/td>\n<td><audio class=\"wp-audio-shortcode\" id=\"audio-172-17\" preload=\"none\" style=\"width: 100%;\" controls=\"controls\"><source type=\"audio\/mpeg\" src=\"http:\/\/www.unicentro.br\/feiradasprofissoes\/podcasts\/podcast_fisica.mp3?_=17\" \/><a href=\"http:\/\/www.unicentro.br\/feiradasprofissoes\/podcasts\/podcast_fisica.mp3\">http:\/\/www.unicentro.br\/feiradasprofissoes\/podcasts\/podcast_fisica.mp3<\/a><\/audio><\/td>\n<\/tr>\n<tr>\n<td>\u00a0Fisioterapia<\/td>\n<td><audio class=\"wp-audio-shortcode\" id=\"audio-172-18\" preload=\"none\" style=\"width: 100%;\" controls=\"controls\"><source type=\"audio\/mpeg\" src=\"http:\/\/www.unicentro.br\/feiradasprofissoes\/podcasts\/podcast_fisioterapia.mp3?_=18\" \/><a href=\"http:\/\/www.unicentro.br\/feiradasprofissoes\/podcasts\/podcast_fisioterapia.mp3\">http:\/\/www.unicentro.br\/feiradasprofissoes\/podcasts\/podcast_fisioterapia.mp3<\/a><\/audio><\/td>\n<\/tr>\n<tr>\n<td>\u00a0Fonoaudiologia<\/td>\n<td><audio class=\"wp-audio-shortcode\" id=\"audio-172-19\" preload=\"none\" style=\"width: 100%;\" controls=\"controls\"><source type=\"audio\/mpeg\" src=\"http:\/\/www.unicentro.br\/feiradasprofissoes\/podcasts\/podcast_fonoaudiologia.mp3?_=19\" \/><a href=\"http:\/\/www.unicentro.br\/feiradasprofissoes\/podcasts\/podcast_fonoaudiologia.mp3\">http:\/\/www.unicentro.br\/feiradasprofissoes\/podcasts\/podcast_fonoaudiologia.mp3<\/a><\/audio><\/td>\n<\/tr>\n<tr>\n<td>\u00a0Geografia &#8211; Bacharelado<\/td>\n<td><audio class=\"wp-audio-shortcode\" id=\"audio-172-20\" preload=\"none\" style=\"width: 100%;\" controls=\"controls\"><source type=\"audio\/mpeg\" src=\"http:\/\/www.unicentro.br\/feiradasprofissoes\/podcasts\/podcast_geografiabacharelado.mp3?_=20\" \/><a href=\"http:\/\/www.unicentro.br\/feiradasprofissoes\/podcasts\/podcast_geografiabacharelado.mp3\">http:\/\/www.unicentro.br\/feiradasprofissoes\/podcasts\/podcast_geografiabacharelado.mp3<\/a><\/audio><\/td>\n<\/tr>\n<tr>\n<td>\u00a0Geografia &#8211; Licenciatura<\/td>\n<td><audio class=\"wp-audio-shortcode\" id=\"audio-172-21\" preload=\"none\" style=\"width: 100%;\" controls=\"controls\"><source type=\"audio\/mpeg\" src=\"http:\/\/www.unicentro.br\/feiradasprofissoes\/podcasts\/podcast_geografialicenciatura.mp3?_=21\" \/><a href=\"http:\/\/www.unicentro.br\/feiradasprofissoes\/podcasts\/podcast_geografialicenciatura.mp3\">http:\/\/www.unicentro.br\/feiradasprofissoes\/podcasts\/podcast_geografialicenciatura.mp3<\/a><\/audio><\/td>\n<\/tr>\n<tr>\n<td>\u00a0Hist\u00f3ria<\/td>\n<td><audio class=\"wp-audio-shortcode\" id=\"audio-172-22\" preload=\"none\" style=\"width: 100%;\" controls=\"controls\"><source type=\"audio\/mpeg\" src=\"http:\/\/www.unicentro.br\/feiradasprofissoes\/podcasts\/podcast_historia.mp3?_=22\" \/><a href=\"http:\/\/www.unicentro.br\/feiradasprofissoes\/podcasts\/podcast_historia.mp3\">http:\/\/www.unicentro.br\/feiradasprofissoes\/podcasts\/podcast_historia.mp3<\/a><\/audio><\/td>\n<\/tr>\n<tr>\n<td>\u00a0Jornalismo<\/td>\n<td><audio class=\"wp-audio-shortcode\" id=\"audio-172-23\" preload=\"none\" style=\"width: 100%;\" controls=\"controls\"><source type=\"audio\/mpeg\" src=\"http:\/\/www.unicentro.br\/feiradasprofissoes\/podcasts\/podcast_jornalismo.mp3?_=23\" \/><a href=\"http:\/\/www.unicentro.br\/feiradasprofissoes\/podcasts\/podcast_jornalismo.mp3\">http:\/\/www.unicentro.br\/feiradasprofissoes\/podcasts\/podcast_jornalismo.mp3<\/a><\/audio><\/td>\n<\/tr>\n<tr>\n<td>\u00a0Letras &#8211; Espanhol<\/td>\n<td><audio class=\"wp-audio-shortcode\" id=\"audio-172-24\" preload=\"none\" style=\"width: 100%;\" controls=\"controls\"><source type=\"audio\/mpeg\" src=\"http:\/\/www.unicentro.br\/feiradasprofissoes\/podcasts\/podcast_letrasespanhol.mp3?_=24\" \/><a href=\"http:\/\/www.unicentro.br\/feiradasprofissoes\/podcasts\/podcast_letrasespanhol.mp3\">http:\/\/www.unicentro.br\/feiradasprofissoes\/podcasts\/podcast_letrasespanhol.mp3<\/a><\/audio><\/td>\n<\/tr>\n<tr>\n<td>\u00a0Letras &#8211; Ingl\u00eas<\/td>\n<td><audio class=\"wp-audio-shortcode\" id=\"audio-172-25\" preload=\"none\" style=\"width: 100%;\" controls=\"controls\"><source type=\"audio\/mpeg\" src=\"http:\/\/www.unicentro.br\/feiradasprofissoes\/podcasts\/podcast_letrasingles.mp3?_=25\" \/><a href=\"http:\/\/www.unicentro.br\/feiradasprofissoes\/podcasts\/podcast_letrasingles.mp3\">http:\/\/www.unicentro.br\/feiradasprofissoes\/podcasts\/podcast_letrasingles.mp3<\/a><\/audio><\/td>\n<\/tr>\n<tr>\n<td>\u00a0Letras &#8211; Portugu\u00eas<\/td>\n<td><audio class=\"wp-audio-shortcode\" id=\"audio-172-26\" preload=\"none\" style=\"width: 100%;\" controls=\"controls\"><source type=\"audio\/mpeg\" src=\"http:\/\/www.unicentro.br\/feiradasprofissoes\/podcasts\/podcast_letrasportugues.mp3?_=26\" \/><a href=\"http:\/\/www.unicentro.br\/feiradasprofissoes\/podcasts\/podcast_letrasportugues.mp3\">http:\/\/www.unicentro.br\/feiradasprofissoes\/podcasts\/podcast_letrasportugues.mp3<\/a><\/audio><\/td>\n<\/tr>\n<tr>\n<td>\u00a0Matem\u00e1tica<\/td>\n<td><audio class=\"wp-audio-shortcode\" id=\"audio-172-27\" preload=\"none\" style=\"width: 100%;\" controls=\"controls\"><source type=\"audio\/mpeg\" src=\"http:\/\/www.unicentro.br\/feiradasprofissoes\/podcasts\/podcast_matematica.mp3?_=27\" \/><a href=\"http:\/\/www.unicentro.br\/feiradasprofissoes\/podcasts\/podcast_matematica.mp3\">http:\/\/www.unicentro.br\/feiradasprofissoes\/podcasts\/podcast_matematica.mp3<\/a><\/audio><\/td>\n<\/tr>\n<tr>\n<td>\u00a0Matem\u00e1tica Aplicada e Computacional<\/td>\n<td><audio class=\"wp-audio-shortcode\" id=\"audio-172-28\" preload=\"none\" style=\"width: 100%;\" controls=\"controls\"><source type=\"audio\/mpeg\" src=\"http:\/\/www.unicentro.br\/feiradasprofissoes\/podcasts\/podcast_mac.mp3?_=28\" \/><a href=\"http:\/\/www.unicentro.br\/feiradasprofissoes\/podcasts\/podcast_mac.mp3\">http:\/\/www.unicentro.br\/feiradasprofissoes\/podcasts\/podcast_mac.mp3<\/a><\/audio><\/td>\n<\/tr>\n<tr>\n<td>\u00a0Medicina Veterin\u00e1ria<\/td>\n<td><audio class=\"wp-audio-shortcode\" id=\"audio-172-29\" preload=\"none\" style=\"width: 100%;\" controls=\"controls\"><source type=\"audio\/mpeg\" src=\"http:\/\/www.unicentro.br\/feiradasprofissoes\/podcasts\/podcast_medicinaveterinaria.mp3?_=29\" \/><a href=\"http:\/\/www.unicentro.br\/feiradasprofissoes\/podcasts\/podcast_medicinaveterinaria.mp3\">http:\/\/www.unicentro.br\/feiradasprofissoes\/podcasts\/podcast_medicinaveterinaria.mp3<\/a><\/audio><\/td>\n<\/tr>\n<tr>\n<td>\u00a0Nutri\u00e7\u00e3o<\/td>\n<td><audio class=\"wp-audio-shortcode\" id=\"audio-172-30\" preload=\"none\" style=\"width: 100%;\" controls=\"controls\"><source type=\"audio\/mpeg\" src=\"http:\/\/www.unicentro.br\/feiradasprofissoes\/podcasts\/podcast_nutricao.mp3?_=30\" \/><a href=\"http:\/\/www.unicentro.br\/feiradasprofissoes\/podcasts\/podcast_nutricao.mp3\">http:\/\/www.unicentro.br\/feiradasprofissoes\/podcasts\/podcast_nutricao.mp3<\/a><\/audio><\/td>\n<\/tr>\n<tr>\n<td>\u00a0Pedagogia<\/td>\n<td><audio class=\"wp-audio-shortcode\" id=\"audio-172-31\" preload=\"none\" style=\"width: 100%;\" controls=\"controls\"><source type=\"audio\/mpeg\" src=\"http:\/\/www.unicentro.br\/feiradasprofissoes\/podcasts\/podcast_pedagogia.mp3?_=31\" \/><a href=\"http:\/\/www.unicentro.br\/feiradasprofissoes\/podcasts\/podcast_pedagogia.mp3\">http:\/\/www.unicentro.br\/feiradasprofissoes\/podcasts\/podcast_pedagogia.mp3<\/a><\/audio><\/td>\n<\/tr>\n<tr>\n<td>\u00a0Psicologia<\/td>\n<td><audio class=\"wp-audio-shortcode\" id=\"audio-172-32\" preload=\"none\" style=\"width: 100%;\" controls=\"controls\"><source type=\"audio\/mpeg\" src=\"http:\/\/www.unicentro.br\/feiradasprofissoes\/podcasts\/podcast_psicologia.mp3?_=32\" \/><a href=\"http:\/\/www.unicentro.br\/feiradasprofissoes\/podcasts\/podcast_psicologia.mp3\">http:\/\/www.unicentro.br\/feiradasprofissoes\/podcasts\/podcast_psicologia.mp3<\/a><\/audio><\/td>\n<\/tr>\n<tr>\n<td>\u00a0Publicidade e Propaganda<\/td>\n<td><audio class=\"wp-audio-shortcode\" id=\"audio-172-33\" preload=\"none\" style=\"width: 100%;\" controls=\"controls\"><source type=\"audio\/mpeg\" src=\"http:\/\/www.unicentro.br\/feiradasprofissoes\/podcasts\/podcast_publicidade.mp3?_=33\" \/><a href=\"http:\/\/www.unicentro.br\/feiradasprofissoes\/podcasts\/podcast_publicidade.mp3\">http:\/\/www.unicentro.br\/feiradasprofissoes\/podcasts\/podcast_publicidade.mp3<\/a><\/audio><\/td>\n<\/tr>\n<tr>\n<td>\u00a0Qu\u00edmica &#8211; Bacharelado<\/td>\n<td><audio class=\"wp-audio-shortcode\" id=\"audio-172-34\" preload=\"none\" style=\"width: 100%;\" controls=\"controls\"><source type=\"audio\/mpeg\" src=\"http:\/\/www.unicentro.br\/feiradasprofissoes\/podcasts\/podcast_quimicabacharelado.mp3?_=34\" \/><a href=\"http:\/\/www.unicentro.br\/feiradasprofissoes\/podcasts\/podcast_quimicabacharelado.mp3\">http:\/\/www.unicentro.br\/feiradasprofissoes\/podcasts\/podcast_quimicabacharelado.mp3<\/a><\/audio><\/td>\n<\/tr>\n<tr>\n<td>\u00a0Qu\u00edmica &#8211; Licenciatura<\/td>\n<td><audio class=\"wp-audio-shortcode\" id=\"audio-172-35\" preload=\"none\" style=\"width: 100%;\" controls=\"controls\"><source type=\"audio\/mpeg\" src=\"http:\/\/www.unicentro.br\/feiradasprofissoes\/podcasts\/podcast_quimicalicenciatura.mp3?_=35\" \/><a href=\"http:\/\/www.unicentro.br\/feiradasprofissoes\/podcasts\/podcast_quimicalicenciatura.mp3\">http:\/\/www.unicentro.br\/feiradasprofissoes\/podcasts\/podcast_quimicalicenciatura.mp3<\/a><\/audio><\/td>\n<\/tr>\n<tr>\n<td>\u00a0Secretariado Executivo<\/td>\n<td><audio class=\"wp-audio-shortcode\" id=\"audio-172-36\" preload=\"none\" style=\"width: 100%;\" controls=\"controls\"><source type=\"audio\/mpeg\" src=\"http:\/\/www.unicentro.br\/feiradasprofissoes\/podcasts\/podcast_secretariadoexecutivo.mp3?_=36\" \/><a href=\"http:\/\/www.unicentro.br\/feiradasprofissoes\/podcasts\/podcast_secretariadoexecutivo.mp3\">http:\/\/www.unicentro.br\/feiradasprofissoes\/podcasts\/podcast_secretariadoexecutivo.mp3<\/a><\/audio><\/td>\n<\/tr>\n<tr>\n<td>\u00a0Servi\u00e7o Social<\/td>\n<td><audio class=\"wp-audio-shortcode\" id=\"audio-172-37\" preload=\"none\" style=\"width: 100%;\" controls=\"controls\"><source type=\"audio\/mpeg\" src=\"http:\/\/www.unicentro.br\/feiradasprofissoes\/podcasts\/podcast_servicosocial.mp3?_=37\" \/><a href=\"http:\/\/www.unicentro.br\/feiradasprofissoes\/podcasts\/podcast_servicosocial.mp3\">http:\/\/www.unicentro.br\/feiradasprofissoes\/podcasts\/podcast_servicosocial.mp3<\/a><\/audio><\/td>\n<\/tr>\n<tr>\n<td>\u00a0Turismo<\/td>\n<td><audio class=\"wp-audio-shortcode\" id=\"audio-172-38\" preload=\"none\" style=\"width: 100%;\" controls=\"controls\"><source type=\"audio\/mpeg\" src=\"http:\/\/www.unicentro.br\/feiradasprofissoes\/podcasts\/podcast_turismo.mp3?_=38\" \/><a href=\"http:\/\/www.unicentro.br\/feiradasprofissoes\/podcasts\/podcast_turismo.mp3\">http:\/\/www.unicentro.br\/feiradasprofissoes\/podcasts\/podcast_turismo.mp3<\/a><\/audio><\/td>\n<\/tr>\n<\/tbody>\n<\/table>\n<p>&nbsp;<\/p>\n","protected":false},"excerpt":{"rendered":"<p>\u00a0Curso ofertado \u00a0Podcast \u00a0Administra\u00e7\u00e3o \u00a0Agronomia \u00a0Arte \u00a0Ci\u00eancia da Computa\u00e7\u00e3o \u00a0Ci\u00eancias Biol\u00f3gicas &#8211; Bacharelado \u00a0Ci\u00eancias Biol\u00f3gicas &#8211; Licenciatura \u00a0Ci\u00eancias Cont\u00e1beis \u00a0Ci\u00eancias Econ\u00f4micas \u00a0Educa\u00e7\u00e3o F\u00edsica &#8211; Bacharelado \u00a0Educa\u00e7\u00e3o F\u00edsica &#8211; Licenciatura \u00a0Enfermagem \u00a0Engenharia Ambiental \u00a0Engenharia de Alimentos \u00a0Engenharia Florestal \u00a0Farm\u00e1cia \u00a0Filosofia \u00a0F\u00edsica \u00a0Fisioterapia \u00a0Fonoaudiologia \u00a0Geografia &#8211; Bacharelado \u00a0Geografia &#8211; Licenciatura \u00a0Hist\u00f3ria \u00a0Jornalismo \u00a0Letras &#8211; Espanhol \u00a0Letras &#8211; [&hellip;]<\/p>\n","protected":false},"author":2,"featured_media":0,"parent":0,"menu_order":0,"comment_status":"closed","ping_status":"closed","template":"","meta":{"_exactmetrics_skip_tracking":false,"_exactmetrics_sitenote_active":false,"_exactmetrics_sitenote_note":"","_exactmetrics_sitenote_category":0,"footnotes":"","_links_to":"","_links_to_target":""},"class_list":["post-172","page","type-page","status-publish","hentry"],"_links":{"self":[{"href":"https:\/\/www2.unicentro.br\/feiradasprofissoes\/wp-json\/wp\/v2\/pages\/172","targetHints":{"allow":["GET"]}}],"collection":[{"href":"https:\/\/www2.unicentro.br\/feiradasprofissoes\/wp-json\/wp\/v2\/pages"}],"about":[{"href":"https:\/\/www2.unicentro.br\/feiradasprofissoes\/wp-json\/wp\/v2\/types\/page"}],"author":[{"embeddable":true,"href":"https:\/\/www2.unicentro.br\/feiradasprofissoes\/wp-json\/wp\/v2\/users\/2"}],"replies":[{"embeddable":true,"href":"https:\/\/www2.unicentro.br\/feiradasprofissoes\/wp-json\/wp\/v2\/comments?post=172"}],"version-history":[{"count":10,"href":"https:\/\/www2.unicentro.br\/feiradasprofissoes\/wp-json\/wp\/v2\/pages\/172\/revisions"}],"predecessor-version":[{"id":182,"href":"https:\/\/www2.unicentro.br\/feiradasprofissoes\/wp-json\/wp\/v2\/pages\/172\/revisions\/182"}],"wp:attachment":[{"href":"https:\/\/www2.unicentro.br\/feiradasprofissoes\/wp-json\/wp\/v2\/media?parent=172"}],"curies":[{"name":"wp","href":"https:\/\/api.w.org\/{rel}","templated":true}]}}