{"id":153,"date":"2016-07-14T18:14:01","date_gmt":"2016-07-14T21:14:01","guid":{"rendered":"http:\/\/www2.unicentro.br\/feiradasprofissoes\/?page_id=153"},"modified":"2016-07-15T14:14:34","modified_gmt":"2016-07-15T17:14:34","slug":"cursos","status":"publish","type":"page","link":"https:\/\/www2.unicentro.br\/feiradasprofissoes\/cursos\/","title":{"rendered":"Conhe\u00e7a os cursos"},"content":{"rendered":"<p>A Unicentro foi criada em 1990, com a fus\u00e3o da Fafig de Guarapuava e da Fecli de Irati. Ao completar\u00a0seus 26 anos em 2016, a Unicentro destaca-se no cen\u00e1rio nacional e internacional, ao\u00a0ser considerada pelo MEC a 25\u00aa melhor universidade do pa\u00eds e por manter conv\u00eanios e parcerias com diversos pa\u00edses.<\/p>\n<p>Abaixo voc\u00ea conhece as 38 op\u00e7\u00f5es de cursos de gradua\u00e7\u00e3o. Confira as \u00e1reas de atua\u00e7\u00e3o de cada profiss\u00e3o e qual \u00e9 o mercado de trabalho de cada uma delas.<\/p>\n<div class=\"listacursos\"><ul class=\"nav nav-tabs\" id=\"oscitas-tabs-0\"><li class=\"active\"><a class=\"\" href=\"#pane-0-0\" data-toggle=\"tab\">Cursos por \u00e1rea<\/a><\/li><li class=\"\"><a class=\"\" href=\"#pane-0-1\" data-toggle=\"tab\">Cursos em ordem alfab\u00e9tica<\/a><\/li><\/ul><div class=\"tab-content\"><div class=\"tab-pane active\" id=\"pane-0-0\"><\/p>\n<p><div class=\"panel-group cursosarea\" id=\"oscitas-accordion-0\">        <div class=\"panel panel-default\">\n            <div class=\"panel-heading\">\n              <h4 class=\"panel-title\">\n                <a class=\"accordion-toggle collapsed\" data-toggle=\"collapse\"\n                data-parent=\"#oscitas-accordion-0\"\n                href=\"#details-0-0\">\n                Agr\u00e1rias e Ambientais\n                <\/a>\n              <\/h4>\n            <\/div>\n            <div id=\"details-0-0\" class=\"panel-collapse collapse seaa\">\n              <div class=\"panel-body\"><\/p>\n<ul>\n<li><a href=\"http:\/\/www2.unicentro.br\/feiradasprofissoes\/agronomia\/\">Agronomia<\/a><\/li>\n<li><a href=\"http:\/\/www2.unicentro.br\/feiradasprofissoes\/ciencias-biologicas-bacharelado\/\">Ci\u00eancias Biol\u00f3gicas &#8211; Bacharelado<\/a><\/li>\n<li><a href=\"http:\/\/www2.unicentro.br\/feiradasprofissoes\/ciencias-biologicas-licenciatura\/\">Ci\u00eancias Biol\u00f3gicas &#8211; Licenciatura<\/a><\/li>\n<li><a href=\"http:\/\/www2.unicentro.br\/feiradasprofissoes\/engenharia-ambiental\/\">Engenharia Ambiental<\/a><\/li>\n<li><a href=\"http:\/\/www2.unicentro.br\/feiradasprofissoes\/engenharia-florestal\/\">Engenharia Florestal<\/a><\/li>\n<li><a href=\"http:\/\/www2.unicentro.br\/feiradasprofissoes\/geografia-bacharelado\/\">Geografia &#8211; Bacharelado<\/a><\/li>\n<li><a href=\"http:\/\/www2.unicentro.br\/feiradasprofissoes\/geografia-licenciatura\/\">Geografia &#8211; Licenciatura<\/a><\/li>\n<li><a href=\"http:\/\/www2.unicentro.br\/feiradasprofissoes\/medicina-veterinaria\/\">Medicina Veterin\u00e1ria<\/a><\/li>\n<\/ul>\n<p><\/div>\n            <\/div>\n        <\/div>        <div class=\"panel panel-default\">\n            <div class=\"panel-heading\">\n              <h4 class=\"panel-title\">\n                <a class=\"accordion-toggle collapsed\" data-toggle=\"collapse\"\n                data-parent=\"#oscitas-accordion-0\"\n                href=\"#details-0-1\">\n                Exatas e de Tecnologia\n                <\/a>\n              <\/h4>\n            <\/div>\n            <div id=\"details-0-1\" class=\"panel-collapse collapse seet\">\n              <div class=\"panel-body\"><\/p>\n<ul>\n<li><a href=\"http:\/\/www2.unicentro.br\/feiradasprofissoes\/ciencia-da-computacao\/\">Ci\u00eancia da Computa\u00e7\u00e3o<\/a><\/li>\n<li><a href=\"http:\/\/www2.unicentro.br\/feiradasprofissoes\/engenharia-de-alimentos\/\">Engenharia de Alimentos<\/a><\/li>\n<li><a href=\"http:\/\/www2.unicentro.br\/feiradasprofissoes\/fisica\/\">F\u00edsica<\/a><\/li>\n<li><a href=\"http:\/\/www2.unicentro.br\/feiradasprofissoes\/matematica\/\">Matem\u00e1tica<\/a><\/li>\n<li><a href=\"http:\/\/www2.unicentro.br\/feiradasprofissoes\/matematica-aplicada-e-computacional\/\">Matem\u00e1tica Aplicada e Computacional<\/a><\/li>\n<li><a href=\"http:\/\/www2.unicentro.br\/feiradasprofissoes\/quimica-bacharelado\/\">Qu\u00edmica &#8211; Bacharelado<\/a><\/li>\n<li><a href=\"http:\/\/www2.unicentro.br\/feiradasprofissoes\/quimica-licenciatura\/\">Qu\u00edmica &#8211; Licenciatura<\/a><\/li>\n<\/ul>\n<p><\/div>\n            <\/div>\n        <\/div>        <div class=\"panel panel-default\">\n            <div class=\"panel-heading\">\n              <h4 class=\"panel-title\">\n                <a class=\"accordion-toggle collapsed\" data-toggle=\"collapse\"\n                data-parent=\"#oscitas-accordion-0\"\n                href=\"#details-0-2\">\n                Humanas, Letras e Artes\n                <\/a>\n              <\/h4>\n            <\/div>\n            <div id=\"details-0-2\" class=\"panel-collapse collapse sehla\">\n              <div class=\"panel-body\"><\/p>\n<ul>\n<li><a href=\"http:\/\/www2.unicentro.br\/feiradasprofissoes\/arte\/\">Arte<\/a><\/li>\n<li><a href=\"http:\/\/www2.unicentro.br\/feiradasprofissoes\/filosofia\/\">Filosofia<\/a><\/li>\n<li><a href=\"http:\/\/www2.unicentro.br\/feiradasprofissoes\/historia\/\">Hist\u00f3ria<\/a><\/li>\n<li><a href=\"http:\/\/www2.unicentro.br\/feiradasprofissoes\/jornalismo\/\">Jornalismo<\/a><\/li>\n<li><a href=\"http:\/\/www2.unicentro.br\/feiradasprofissoes\/letras-espanhol\/\">Letras &#8211; Espanhol<\/a><\/li>\n<li><a href=\"http:\/\/www2.unicentro.br\/feiradasprofissoes\/letras-ingles\/\">Letras &#8211; Ingl\u00eas<\/a><\/li>\n<li><a href=\"http:\/\/www2.unicentro.br\/feiradasprofissoes\/letras-portugues\/\">Letras &#8211; Portugu\u00eas<\/a><\/li>\n<li><a href=\"http:\/\/www2.unicentro.br\/feiradasprofissoes\/pedagogia\/\">Pedagogia<\/a><\/li>\n<li><a href=\"http:\/\/www2.unicentro.br\/feiradasprofissoes\/publicidade-e-propaganda\/\">Publicidade e Propaganda<\/a><\/li>\n<\/ul>\n<p><\/div>\n            <\/div>\n        <\/div>        <div class=\"panel panel-default\">\n            <div class=\"panel-heading\">\n              <h4 class=\"panel-title\">\n                <a class=\"accordion-toggle collapsed\" data-toggle=\"collapse\"\n                data-parent=\"#oscitas-accordion-0\"\n                href=\"#details-0-3\">\n                Sa\u00fade\n                <\/a>\n              <\/h4>\n            <\/div>\n            <div id=\"details-0-3\" class=\"panel-collapse collapse ses\">\n              <div class=\"panel-body\"><\/p>\n<ul>\n<li><a href=\"http:\/\/www2.unicentro.br\/feiradasprofissoes\/educacao-fisica-bacharelado\/\">Educa\u00e7\u00e3o F\u00edsica &#8211; Bacharelado<\/a><\/li>\n<li><a href=\"http:\/\/www2.unicentro.br\/feiradasprofissoes\/educacao-fisica-licenciatura\/\">Educa\u00e7\u00e3o F\u00edsica &#8211; Licenciatura<\/a><\/li>\n<li><a href=\"http:\/\/www2.unicentro.br\/feiradasprofissoes\/enfermagem\/\">Enfermagem<\/a><\/li>\n<li><a href=\"http:\/\/www2.unicentro.br\/feiradasprofissoes\/farmacia\/\">Farm\u00e1cia<\/a><\/li>\n<li><a href=\"http:\/\/www2.unicentro.br\/feiradasprofissoes\/fisioterapia\/\">Fisioterapia<\/a><\/li>\n<li><a href=\"http:\/\/www2.unicentro.br\/feiradasprofissoes\/fonoaudiologia\/\">Fonoaudiologia<\/a><\/li>\n<li><a href=\"http:\/\/www2.unicentro.br\/feiradasprofissoes\/nutricao\/\">Nutri\u00e7\u00e3o<\/a><\/li>\n<li><a href=\"http:\/\/www2.unicentro.br\/feiradasprofissoes\/psicologia\/\">Psicologia<\/a><\/li>\n<\/ul>\n<p><\/div>\n            <\/div>\n        <\/div>        <div class=\"panel panel-default\">\n            <div class=\"panel-heading\">\n              <h4 class=\"panel-title\">\n                <a class=\"accordion-toggle collapsed\" data-toggle=\"collapse\"\n                data-parent=\"#oscitas-accordion-0\"\n                href=\"#details-0-4\">\n                Sociais Aplicadas\n                <\/a>\n              <\/h4>\n            <\/div>\n            <div id=\"details-0-4\" class=\"panel-collapse collapse sesa\">\n              <div class=\"panel-body\"><\/p>\n<ul>\n<li><a href=\"http:\/\/www2.unicentro.br\/feiradasprofissoes\/administracao\/\">Administra\u00e7\u00e3o<\/a><\/li>\n<li><a href=\"http:\/\/www2.unicentro.br\/feiradasprofissoes\/ciencias-contabeis\/\">Ci\u00eancias Cont\u00e1beis<\/a><\/li>\n<li><a href=\"http:\/\/www2.unicentro.br\/feiradasprofissoes\/ciencias-economicas\/\">Ci\u00eancias Econ\u00f4micas<\/a><\/li>\n<li><a href=\"http:\/\/www2.unicentro.br\/feiradasprofissoes\/secretariado-executivo\/\">Secretariado Executivo<\/a><\/li>\n<li><a href=\"http:\/\/www2.unicentro.br\/feiradasprofissoes\/servico-social\/\">Servi\u00e7o Social<\/a><\/li>\n<li><a href=\"http:\/\/www2.unicentro.br\/feiradasprofissoes\/turismo\/\">Turismo<\/a><\/li>\n<\/ul>\n<p><\/div>\n            <\/div>\n        <\/div><\/div><\/p>\n<p><\/div><div class=\"tab-pane \" id=\"pane-0-1\"><\/p>\n<ul>\n<li><a href=\"http:\/\/www2.unicentro.br\/feiradasprofissoes\/administracao\/\">Administra\u00e7\u00e3o<\/a><\/li>\n<li><a href=\"http:\/\/www2.unicentro.br\/feiradasprofissoes\/agronomia\/\">Agronomia<\/a><\/li>\n<li><a href=\"http:\/\/www2.unicentro.br\/feiradasprofissoes\/arte\/\">Arte<\/a><\/li>\n<li><a href=\"http:\/\/www2.unicentro.br\/feiradasprofissoes\/ciencia-da-computacao\/\">Ci\u00eancia da Computa\u00e7\u00e3o<\/a><\/li>\n<li><a href=\"http:\/\/www2.unicentro.br\/feiradasprofissoes\/ciencias-biologicas-bacharelado\/\">Ci\u00eancias Biol\u00f3gicas &#8211; Bacharelado<\/a><\/li>\n<li><a href=\"http:\/\/www2.unicentro.br\/feiradasprofissoes\/ciencias-biologicas-licenciatura\/\">Ci\u00eancias Biol\u00f3gicas &#8211; Licenciatura<\/a><\/li>\n<li><a href=\"http:\/\/www2.unicentro.br\/feiradasprofissoes\/ciencias-contabeis\/\">Ci\u00eancias Cont\u00e1beis<\/a><\/li>\n<li><a href=\"http:\/\/www2.unicentro.br\/feiradasprofissoes\/ciencias-economicas\/\">Ci\u00eancias Econ\u00f4micas<\/a><\/li>\n<li><a href=\"http:\/\/www2.unicentro.br\/feiradasprofissoes\/educacao-fisica-bacharelado\/\">Educa\u00e7\u00e3o F\u00edsica &#8211; Bacharelado<\/a><\/li>\n<li><a href=\"http:\/\/www2.unicentro.br\/feiradasprofissoes\/educacao-fisica-licenciatura\/\">Educa\u00e7\u00e3o F\u00edsica &#8211; Licenciatura<\/a><\/li>\n<li><a href=\"http:\/\/www2.unicentro.br\/feiradasprofissoes\/enfermagem\/\">Enfermagem<\/a><\/li>\n<li><a href=\"http:\/\/www2.unicentro.br\/feiradasprofissoes\/engenharia-ambiental\/\"> Engenharia Ambiental<\/a><\/li>\n<li><a href=\"http:\/\/www2.unicentro.br\/feiradasprofissoes\/engenharia-de-alimentos\/\">Engenharia de Alimentos<\/a><\/li>\n<li><a href=\"http:\/\/www2.unicentro.br\/feiradasprofissoes\/engenharia-florestal\/\">Engenharia Florestal<\/a><\/li>\n<li><a href=\"http:\/\/www2.unicentro.br\/feiradasprofissoes\/farmacia\/\">Farm\u00e1cia<\/a><\/li>\n<li><a href=\"http:\/\/www2.unicentro.br\/feiradasprofissoes\/filosofia\/\">Filosofia<\/a><\/li>\n<li><a href=\"http:\/\/www2.unicentro.br\/feiradasprofissoes\/fisica\/\">F\u00edsica<\/a><\/li>\n<li><a href=\"http:\/\/www2.unicentro.br\/feiradasprofissoes\/fisioterapia\/\">Fisioterapia<\/a><\/li>\n<li><a href=\"http:\/\/www2.unicentro.br\/feiradasprofissoes\/fonoaudiologia\/\">Fonoaudiologia<\/a><\/li>\n<li><a href=\"http:\/\/www2.unicentro.br\/feiradasprofissoes\/geografia-bacharelado\/\">Geografia &#8211; Bacharelado<\/a><\/li>\n<li><a href=\"http:\/\/www2.unicentro.br\/feiradasprofissoes\/geografia-licenciatura\/\">Geografia &#8211; Licenciatura<\/a><\/li>\n<li><a href=\"http:\/\/www2.unicentro.br\/feiradasprofissoes\/historia\/\">Hist\u00f3ria<\/a><\/li>\n<li><a href=\"http:\/\/www2.unicentro.br\/feiradasprofissoes\/jornalismo\/\">Jornalismo<\/a><\/li>\n<li><a href=\"http:\/\/www2.unicentro.br\/feiradasprofissoes\/letras-espanhol\/\">Letras &#8211; Espanhol<\/a><\/li>\n<li><a href=\"http:\/\/www2.unicentro.br\/feiradasprofissoes\/letras-ingles\/\">Letras &#8211; Ingl\u00eas<\/a><\/li>\n<li><a href=\"http:\/\/www2.unicentro.br\/feiradasprofissoes\/letras-portugues\/\">Letras &#8211; Portugu\u00eas<\/a><\/li>\n<li><a href=\"http:\/\/www2.unicentro.br\/feiradasprofissoes\/matematica\/\">Matem\u00e1tica<\/a><\/li>\n<li><a href=\"http:\/\/www2.unicentro.br\/feiradasprofissoes\/matematica-aplicada-e-computacional\/\">Matem\u00e1tica Aplicada e Computacional<\/a><\/li>\n<li><a href=\"http:\/\/www2.unicentro.br\/feiradasprofissoes\/medicina-veterinaria\/\">Medicina Veterin\u00e1ria<\/a><\/li>\n<li><a href=\"http:\/\/www2.unicentro.br\/feiradasprofissoes\/nutricao\/\">Nutri\u00e7\u00e3o<\/a><\/li>\n<li><a href=\"http:\/\/www2.unicentro.br\/feiradasprofissoes\/pedagogia\/\">Pedagogia<\/a><\/li>\n<li><a href=\"http:\/\/www2.unicentro.br\/feiradasprofissoes\/psicologia\/\">Psicologia<\/a><\/li>\n<li><a href=\"http:\/\/www2.unicentro.br\/feiradasprofissoes\/publicidade-e-propaganda\/\">Publicidade e Propaganda<\/a><\/li>\n<li><a href=\"http:\/\/www2.unicentro.br\/feiradasprofissoes\/quimica-bacharelado\/\">Qu\u00edmica &#8211; Bacharelado<\/a><\/li>\n<li><a href=\"http:\/\/www2.unicentro.br\/feiradasprofissoes\/quimica-licenciatura\/\">Qu\u00edmica &#8211; Licenciatura<\/a><\/li>\n<li><a href=\"http:\/\/www2.unicentro.br\/feiradasprofissoes\/secretariado-executivo\/\">Secretariado Executivo<\/a><\/li>\n<li><a href=\"http:\/\/www2.unicentro.br\/feiradasprofissoes\/servico-social\/\">Servi\u00e7o Social<\/a><\/li>\n<li><a href=\"http:\/\/www2.unicentro.br\/feiradasprofissoes\/turismo\/\">Turismo<\/a><\/li>\n<\/ul>\n<p><\/div><\/div><\/div>\n","protected":false},"excerpt":{"rendered":"<p>A Unicentro foi criada em 1990, com a fus\u00e3o da Fafig de Guarapuava e da Fecli de Irati. Ao completar\u00a0seus 26 anos em 2016, a Unicentro destaca-se no cen\u00e1rio nacional e internacional, ao\u00a0ser considerada pelo MEC a 25\u00aa melhor universidade do pa\u00eds e por manter conv\u00eanios e parcerias com diversos pa\u00edses. Abaixo voc\u00ea conhece as [&hellip;]<\/p>\n","protected":false},"author":2,"featured_media":0,"parent":0,"menu_order":0,"comment_status":"closed","ping_status":"closed","template":"","meta":{"_exactmetrics_skip_tracking":false,"_exactmetrics_sitenote_active":false,"_exactmetrics_sitenote_note":"","_exactmetrics_sitenote_category":0,"footnotes":"","_links_to":"","_links_to_target":""},"class_list":["post-153","page","type-page","status-publish","hentry"],"_links":{"self":[{"href":"https:\/\/www2.unicentro.br\/feiradasprofissoes\/wp-json\/wp\/v2\/pages\/153","targetHints":{"allow":["GET"]}}],"collection":[{"href":"https:\/\/www2.unicentro.br\/feiradasprofissoes\/wp-json\/wp\/v2\/pages"}],"about":[{"href":"https:\/\/www2.unicentro.br\/feiradasprofissoes\/wp-json\/wp\/v2\/types\/page"}],"author":[{"embeddable":true,"href":"https:\/\/www2.unicentro.br\/feiradasprofissoes\/wp-json\/wp\/v2\/users\/2"}],"replies":[{"embeddable":true,"href":"https:\/\/www2.unicentro.br\/feiradasprofissoes\/wp-json\/wp\/v2\/comments?post=153"}],"version-history":[{"count":7,"href":"https:\/\/www2.unicentro.br\/feiradasprofissoes\/wp-json\/wp\/v2\/pages\/153\/revisions"}],"predecessor-version":[{"id":161,"href":"https:\/\/www2.unicentro.br\/feiradasprofissoes\/wp-json\/wp\/v2\/pages\/153\/revisions\/161"}],"wp:attachment":[{"href":"https:\/\/www2.unicentro.br\/feiradasprofissoes\/wp-json\/wp\/v2\/media?parent=153"}],"curies":[{"name":"wp","href":"https:\/\/api.w.org\/{rel}","templated":true}]}}