{"id":36,"date":"2013-04-23T18:03:06","date_gmt":"2013-04-23T18:03:06","guid":{"rendered":"http:\/\/www2.unicentro.br\/dirpat\/?page_id=36"},"modified":"2016-03-02T16:08:42","modified_gmt":"2016-03-02T16:08:42","slug":"duvidas-frequentes","status":"publish","type":"page","link":"https:\/\/www2.unicentro.br\/dirpat\/duvidas-frequentes\/","title":{"rendered":"D\u00favidas Frequentes"},"content":{"rendered":"<p style=\"text-align: justify\"><span class=\"collapseomatic \" id=\"id69df15a204ff7\" rel=\"animal-highlander\" tabindex=\"0\" title=\"&lt;strong&gt;Alguns bens\/equipamentos do meu setor est\u00e3o sem placa de tombamento como devo proceder?&lt;\/strong&gt;\"    ><strong>Alguns bens\/equipamentos do meu setor est\u00e3o sem placa de tombamento como devo proceder?<\/strong><\/span><div id=\"target-id69df15a204ff7\" class=\"collapseomatic_content \">\n<p style=\"text-align: justify\"><em>Entre em contato com a\u00a0Dirpat para que possamos\u00a0realizar o tombamento.Converse com os funcion\u00e1rios de seu setor e procure saber como esses bens entraram na Universidade.<\/em><\/div>\n<p>&nbsp;<\/p>\n<p style=\"text-align: justify\"><span class=\"collapseomatic \" id=\"id69df15a20508f\" rel=\"animal-highlander\" tabindex=\"0\" title=\"&lt;strong&gt;O setor pr\u00f3ximo ao meu precisa de um bem\/equipamento que o meu setor possui e n\u00e3o utiliza. Posso transferir esse equipamento para l\u00e1?&lt;\/strong&gt;\"    ><strong>O setor pr\u00f3ximo ao meu precisa de um bem\/equipamento que o meu setor possui e n\u00e3o utiliza. Posso transferir esse equipamento para l\u00e1?<\/strong><\/span><div id=\"target-id69df15a20508f\" class=\"collapseomatic_content \">\n<p style=\"text-align: justify\"><em>Sim, mas n\u00e3o basta que o equipamento seja transferido fisicamente para outro setor, ele tamb\u00e9m precisa ser\u00a0atualizado no nosso cadastro. Para isso,\u00a0solicite autoriza\u00e7\u00e3o para realizar\u00a0a movimenta\u00e7\u00e3o \u00e0\u00a0Dirpat atrav\u00e9s do preenchimento e envio do <a href=\"http:\/\/www2.unicentro.br\/dirpat\/files\/2013\/04\/Formul\u00e1rio-de-Transferencia-de-bens-patrimoniais.doc\">Formul\u00e1rio de Transfer\u00eancia de bens patrimoniais<\/a>.<\/em><\/div>\n<p>&nbsp;<\/p>\n<span class=\"collapseomatic \" id=\"id69df15a2050d5\" rel=\"animal-highlander\" tabindex=\"0\" title=\"&lt;strong&gt;Posso emprestar ou retirar da Universidade um bem\/equipamento para outro setor\/local por tempo determinado?&lt;\/strong&gt;\"    ><strong>Posso emprestar ou retirar da Universidade um bem\/equipamento para outro setor\/local por tempo determinado?<\/strong><\/span><div id=\"target-id69df15a2050d5\" class=\"collapseomatic_content \">\n<p style=\"text-align: justify\"><em>\u00a0Sim, se houver um acordo de empr\u00e9stimo entre os dois setores, basta que ambos preencham a\u00a0<a href=\"http:\/\/www2.unicentro.br\/dirpat\/files\/2013\/04\/Formul\u00e1rio-de-Transferencia-de-bens-patrimoniais.doc\">Formul\u00e1rio de Transfer\u00eancia de bens patrimoniais<\/a> e cumpram o tempo determinado para a devolu\u00e7\u00e3o do bem. Esse procedimento pecisa ser comunicado\u00a0\u00e0 Dirpat.<\/em><\/div>\n<p>&nbsp;<\/p>\n<p style=\"text-align: justify\"><span class=\"collapseomatic \" id=\"id69df15a20510f\" rel=\"animal-highlander\" tabindex=\"0\" title=\"&lt;strong&gt;Encontrei uma plaqueta com n\u00famero de tombamento. O que fa\u00e7o com ela? Posso jogar fora?&lt;\/strong&gt;\"    ><strong>Encontrei uma plaqueta com n\u00famero de tombamento. O que fa\u00e7o com ela? Posso jogar fora?<\/strong><\/span><div id=\"target-id69df15a20510f\" class=\"collapseomatic_content \">\n<p style=\"text-align: justify\"><em>N\u00e3o, nunca jogue fora as placas de tombamento que voc\u00ea encontrar, pois certamente ca\u00edram de algum equipamento. Ligue para a\u00a0Dirpat, informe o n\u00famero de tombamento para que possamos identificar a qual bem pertence\u00a0e afixar a plaqueta novamente.<\/em><\/div>\n<p style=\"text-align: justify\">\n<p style=\"text-align: justify\"><span class=\"collapseomatic \" id=\"id69df15a205145\" rel=\"animal-highlander\" tabindex=\"0\" title=\"&lt;strong&gt;Qual \u00e9 a diferen\u00e7a entre materiais de consumo e materiais permanentes?&lt;\/strong&gt;\"    ><strong>Qual \u00e9 a diferen\u00e7a entre materiais de consumo e materiais permanentes?<\/strong><\/span><div id=\"target-id69df15a205145\" class=\"collapseomatic_content \">\n<p style=\"text-align: justify\"><em>Materiais de consumo s\u00e3o bens de curta dura\u00e7\u00e3o, como caneta, papel, grampos etc. Os bens de dura\u00e7\u00e3o superior a dois anos s\u00e3o considerados materiais permanentes e dever\u00e3o ser tombados para controle individualizado e fins de invent\u00e1rio. Itens de reposi\u00e7\u00e3o, como pe\u00e7as de autom\u00f3veis e acess\u00f3rios de computador, s\u00e3o considerados materiais de consumo.<\/em><\/div>\n<p>&nbsp;<\/p>\n<p style=\"text-align: justify\"><span class=\"collapseomatic \" id=\"id69df15a20517b\" rel=\"animal-highlander\" tabindex=\"0\" title=\"&lt;strong&gt;Existem bens\/equipamentos em perfeito estado mas sem uso no meu setor. O que fa\u00e7o com eles?&lt;\/strong&gt;\"    ><strong>Existem bens\/equipamentos em perfeito estado mas sem uso no meu setor. O que fa\u00e7o com eles?<\/strong><\/span><div id=\"target-id69df15a20517b\" class=\"collapseomatic_content \">\n<p style=\"text-align: justify\"><em>Nunca deixe equipamentos sem uso guardados, pois o tempo e a ociosidade acabar\u00e3o por danific\u00e1-los. O ideal \u00e9 que voc\u00ea entre em contato com a\u00a0Dirpat e disponibilize os mesmos para que possamos oferec\u00ea-los a outros setores.<\/em><\/div>\n<p>&nbsp;<\/p>\n<p style=\"text-align: justify\"><span class=\"collapseomatic \" id=\"id69df15a2051b0\" rel=\"animal-highlander\" tabindex=\"0\" title=\"&lt;strong&gt;Comprei um bem\/equipamento, com verba pr\u00f3pria, para uso pessoal dentro das depend\u00eancias da Unicentro, mas n\u00e3o gostaria de do\u00e1-lo \u00e0 Universidade. Como devo proceder?&lt;\/strong&gt;\"    ><strong>Comprei um bem\/equipamento, com verba pr\u00f3pria, para uso pessoal dentro das depend\u00eancias da Unicentro, mas n\u00e3o gostaria de do\u00e1-lo \u00e0 Universidade. Como devo proceder?<\/strong><\/span><div id=\"target-id69df15a2051b0\" class=\"collapseomatic_content \">\n<p style=\"text-align: justify\"><em>N\u00e3o \u00e9\u00a0permitida\u00a0a sa\u00edda de bens de dentro da Universidade sem autoriza\u00e7\u00e3o. Em casos como esses, tenha sempre com voc\u00ea a Nota Fiscal de compra do bem em seu nome, pois essa \u00e9 a \u00fanica forma de provar que o equipamento \u00e9 seu e n\u00e3o da Unicentro. Lembre-se que a Unicentro n\u00e3o se responsabiliza pela manuten\u00e7\u00e3o ou guarda de bens permanentes que n\u00e3o estejam registrados no acervo da Universidade.<\/em><\/div>\n<p>&nbsp;<\/p>\n<span class=\"collapseomatic \" id=\"id69df15a2051e7\" rel=\"animal-highlander\" tabindex=\"0\" title=\"&lt;strong&gt;O que acontece quando um bem\/equipamento desaparece ou \u00e9 danificado?&lt;\/strong&gt;\"    ><strong>O que acontece quando um bem\/equipamento desaparece ou \u00e9 danificado?<\/strong><\/span><div id=\"target-id69df15a2051e7\" class=\"collapseomatic_content \">\n<p style=\"text-align: justify\"><em>Caracterizada a exist\u00eancia de respons\u00e1vel sobre a avaria ou desaparecimento do material, ficar\u00e1 esse respons\u00e1vel sujeito \u00e0 pena de substitui\u00e7\u00e3o, repara\u00e7\u00e3o ou indeniza\u00e7\u00e3o, conforme o caso. O detentor da carga patrimonial e a Diretoria de Patrim\u00f4nio devem ser informados imediatamente atrav\u00e9s de processo formal.<\/em><\/div>\n<p>&nbsp;<\/p>\n","protected":false},"excerpt":{"rendered":"<p>&nbsp; &nbsp; &nbsp; &nbsp; &nbsp; &nbsp; &nbsp;<\/p>\n","protected":false},"author":2,"featured_media":0,"parent":0,"menu_order":0,"comment_status":"closed","ping_status":"closed","template":"","meta":{"_exactmetrics_skip_tracking":false,"_exactmetrics_sitenote_active":false,"_exactmetrics_sitenote_note":"","_exactmetrics_sitenote_category":0,"ngg_post_thumbnail":0,"footnotes":"","_links_to":"","_links_to_target":""},"class_list":["post-36","page","type-page","status-publish","hentry"],"_links":{"self":[{"href":"https:\/\/www2.unicentro.br\/dirpat\/wp-json\/wp\/v2\/pages\/36","targetHints":{"allow":["GET"]}}],"collection":[{"href":"https:\/\/www2.unicentro.br\/dirpat\/wp-json\/wp\/v2\/pages"}],"about":[{"href":"https:\/\/www2.unicentro.br\/dirpat\/wp-json\/wp\/v2\/types\/page"}],"author":[{"embeddable":true,"href":"https:\/\/www2.unicentro.br\/dirpat\/wp-json\/wp\/v2\/users\/2"}],"replies":[{"embeddable":true,"href":"https:\/\/www2.unicentro.br\/dirpat\/wp-json\/wp\/v2\/comments?post=36"}],"version-history":[{"count":26,"href":"https:\/\/www2.unicentro.br\/dirpat\/wp-json\/wp\/v2\/pages\/36\/revisions"}],"predecessor-version":[{"id":139,"href":"https:\/\/www2.unicentro.br\/dirpat\/wp-json\/wp\/v2\/pages\/36\/revisions\/139"}],"wp:attachment":[{"href":"https:\/\/www2.unicentro.br\/dirpat\/wp-json\/wp\/v2\/media?parent=36"}],"curies":[{"name":"wp","href":"https:\/\/api.w.org\/{rel}","templated":true}]}}