{"id":28,"date":"2013-04-23T18:01:25","date_gmt":"2013-04-23T18:01:25","guid":{"rendered":"http:\/\/www2.unicentro.br\/dirpat\/?page_id=28"},"modified":"2025-03-17T16:52:30","modified_gmt":"2025-03-17T16:52:30","slug":"transferencias","status":"publish","type":"page","link":"https:\/\/www2.unicentro.br\/dirpat\/transferencias\/","title":{"rendered":"Contatos"},"content":{"rendered":"<p><strong>Diretoria de Patrim\u00f4nio &#8211; DIRPAT<\/strong><\/p>\n<p>Endere\u00e7o:\u00a0 Rua Salvatore Renna &#8211; Padre Salvador, 875 &#8211; Bloco I<br \/>\nCep 85015-430 &#8211; Guarapuava-Pr<\/p>\n<div>\n<address>\u00a0<\/address>\n<address><strong>Equipe<\/strong><\/address>\n<address>\u00a0<\/address>\n<\/div>\n<address><strong>Luiz Carlos de Almeida Lemos<\/strong><\/address>\n<address><em>Diretor de Patrim\u00f4nio<\/em><\/address>\n<address><a href=\"mailto:luizao@unicentro.br\">luizao@unicentro.br<\/a><\/address>\n<address>\u00a0(42) 3621-1495<\/address>\n<address>\u00a0<\/address>\n<address>\n<address>\n<address><strong>Admilson Ressai<\/strong><\/address>\n<address><em>Coordenador da Divis\u00e3o de Patrim\u00f4nio<\/em><\/address>\n<address><a href=\"mailto:aressai@unicentro.br\">aressai@unicentro.br<\/a><\/address>\n<address>\u00a0(42) 3621-1058<\/address>\n<address>\u00a0<\/address>\n<\/address>\n<address><strong>Cl\u00e9rito Kaveski Peres<\/strong><\/address>\n<address>Coordenador de Valida\u00e7\u00e3o Patrimonial<\/address>\n<address><a href=\"mailto:ckperes@unicentro.br\">ckperes@unicentro.br <\/a><\/address>\n<address>\u00a0(42) 3621-1373<\/address>\n<\/address>\n<address>\u00a0<\/address>\n<address>\n<address>\n<address><strong>Ana Paula dos Santos Oliveira<\/strong><\/address>\n<address><em>T\u00e9cnica Administrativa &#8211; DIRPAT<\/em><\/address>\n<address><a href=\"mailto:anasantos@unicentro.br\">anasantos@unicentro.br<\/a><\/address>\n<address>\u00a0(42) 3621-1382<\/address>\n<\/address>\n<address>\u00a0<\/address>\n<\/address>\n<address>\n<address><strong>Emanuel de Castro Soares<\/strong><\/address>\n<address><em>T\u00e9cnico Administrativo &#8211; DIRPAT<\/em><\/address>\n<address><a href=\"mailto:emanuelsoares@unicentro.br\">emanuelsoares@unicentro.br<\/a><\/address>\n<address>\u00a0(42) 3621-1369<\/address>\n<\/address>\n<address>\u00a0<\/address>\n<address><strong>Fernanda Lemos Brazil da Silva<\/strong><\/address>\n<address><em>T\u00e9cnica Administrativa &#8211; DIRPAT<\/em><\/address>\n<address><a href=\"mailto:fernandasilva@unicentro.br\">fernandasilva@unicentro.br<\/a><\/address>\n<address>(42) 3621-1376<\/address>\n<address>\u00a0<\/address>\n<address>\n<address><strong>Thiago Millian Maibuk Dalzoto Filho\u00a0<\/strong><\/address>\n<address><em>Estagi\u00e1rio<\/em><\/address>\n<address><a href=\"mailto:thiagodalzoto@unicentro.br\">thiagodalzoto@unicentro.br<\/a><\/address>\n<address>(42) 3621-1376<\/address>\n<\/address>\n<address>\u00a0<\/address>\n<address><strong>Mario Neznek<\/strong><\/address>\n<address>Coordenador da Divis\u00e3o de Almoxarifado<\/address>\n<address><a href=\"mailto:mario@unicentro.br\">mario@unicentro.br<\/a><\/address>\n<address>(42) 3621-1042<\/address>\n<address>\u00a0<\/address>\n<address><strong>Jacqueline Wirthmann<\/strong><\/address>\n<address>\n<address>Coordenadora da Divis\u00e3o de Transportes do C\u00e2mpus Santa Cruz<\/address>\n<address><a href=\"mailto:jacqueline@unicentro.br\">jacqueline@unicentro.br<\/a><\/address>\n<address>(42) 3621-1001<\/address>\n<\/address>\n<address>\u00a0<\/address>\n<address>\n<address><strong>Yuri Pereira Santana<\/strong><\/address>\n<address><em>T\u00e9cnico Administrativo &#8211; DIRPAT<\/em><\/address>\n<address><a href=\"mailto:yurisantana@unicentro.br\">yurisantana@unicentro.br<\/a><\/address>\n<address>\u00a0(42) 3621-1363<\/address>\n<\/address>\n<div>\n<p>&nbsp;<\/p>\n<\/div>\n","protected":false},"excerpt":{"rendered":"<p>Diretoria de Patrim\u00f4nio &#8211; DIRPAT Endere\u00e7o:\u00a0 Rua Salvatore Renna &#8211; Padre Salvador, 875 &#8211; Bloco I Cep 85015-430 &#8211; Guarapuava-Pr \u00a0 Equipe \u00a0 Luiz Carlos de Almeida Lemos Diretor de Patrim\u00f4nio luizao@unicentro.br \u00a0(42) 3621-1495 \u00a0 Admilson Ressai Coordenador da Divis\u00e3o de Patrim\u00f4nio aressai@unicentro.br \u00a0(42) 3621-1058 \u00a0 Cl\u00e9rito Kaveski Peres Coordenador de Valida\u00e7\u00e3o Patrimonial ckperes@unicentro.br \u00a0(42) [&hellip;]<\/p>\n","protected":false},"author":2,"featured_media":0,"parent":0,"menu_order":0,"comment_status":"closed","ping_status":"closed","template":"","meta":{"_exactmetrics_skip_tracking":false,"_exactmetrics_sitenote_active":false,"_exactmetrics_sitenote_note":"","_exactmetrics_sitenote_category":0,"ngg_post_thumbnail":0,"footnotes":"","_links_to":"","_links_to_target":""},"class_list":["post-28","page","type-page","status-publish","hentry"],"_links":{"self":[{"href":"https:\/\/www2.unicentro.br\/dirpat\/wp-json\/wp\/v2\/pages\/28","targetHints":{"allow":["GET"]}}],"collection":[{"href":"https:\/\/www2.unicentro.br\/dirpat\/wp-json\/wp\/v2\/pages"}],"about":[{"href":"https:\/\/www2.unicentro.br\/dirpat\/wp-json\/wp\/v2\/types\/page"}],"author":[{"embeddable":true,"href":"https:\/\/www2.unicentro.br\/dirpat\/wp-json\/wp\/v2\/users\/2"}],"replies":[{"embeddable":true,"href":"https:\/\/www2.unicentro.br\/dirpat\/wp-json\/wp\/v2\/comments?post=28"}],"version-history":[{"count":12,"href":"https:\/\/www2.unicentro.br\/dirpat\/wp-json\/wp\/v2\/pages\/28\/revisions"}],"predecessor-version":[{"id":276,"href":"https:\/\/www2.unicentro.br\/dirpat\/wp-json\/wp\/v2\/pages\/28\/revisions\/276"}],"wp:attachment":[{"href":"https:\/\/www2.unicentro.br\/dirpat\/wp-json\/wp\/v2\/media?parent=28"}],"curies":[{"name":"wp","href":"https:\/\/api.w.org\/{rel}","templated":true}]}}