{"id":52,"date":"2014-09-24T19:22:09","date_gmt":"2014-09-24T19:22:09","guid":{"rendered":"http:\/\/www2.unicentro.br\/denf\/?page_id=52"},"modified":"2016-04-05T17:18:23","modified_gmt":"2016-04-05T20:18:23","slug":"extensao","status":"publish","type":"page","link":"https:\/\/www2.unicentro.br\/denf\/extensao\/","title":{"rendered":"Extens\u00e3o"},"content":{"rendered":"<p><strong><em>Projeto Ortese e Pr\u00f3tese<\/em><\/strong><\/p>\n<p><strong>Coordena\u00e7\u00e3o<\/strong>: Prof\u00aa Dra. Maria Regiane Trincaus<\/p>\n<p><strong>PUBLICO ALVO<\/strong>: pessoas com defici\u00eancia, residentes nos 20 munic\u00edpios da 5\u00aa Regional de Sa\u00fade<\/p>\n<p><strong>PER\u00cdODO DE EXECU\u00c7\u00c3O<\/strong>: Permanente<\/p>\n<p>O \u201cProjeto \u00d3rtese e Pr\u00f3tese\u201d teve in\u00edcio em 15 de julho de 2003 nas depend\u00eancias do Cedeteg, vinculado ao Departamento de Enfermagem.\u00a0 Tem como objetivo realizar prescri\u00e7\u00e3o, avalia\u00e7\u00e3o, adequa\u00e7\u00e3o, treinamento, acompanhamento e dispensa\u00e7\u00e3o de \u00f3rteses, pr\u00f3teses e meios auxiliares de locomo\u00e7\u00e3o a pessoas com defici\u00eancia f\u00edsica natural ou adquirida. Tem ainda como finalidade reinserir a pessoa com defici\u00eancia a uma vida o mais pr\u00f3xima do normal e se poss\u00edvel a uma atividade produtiva. A inser\u00e7\u00e3o de acad\u00eamicos dos cursos de enfermagem, fisioterapia e servi\u00e7o social vem ao encontro dos pilares da universidade, fornecendo campo de ensino, pesquisa e extens\u00e3o aos estudantes como forma de aprimoramento profissional. Desperta no estudante a vis\u00e3o do atendimento multiprofissional e interdisciplinar, al\u00e9m de compreender as necessidades da pessoa com defici\u00eancia. \u00a0O servi\u00e7o atende, atrav\u00e9s de uma equipe multiprofissional e interdisciplinar composta de m\u00e9dico, enfermeiro, fisioterapeuta, psic\u00f3logo, terapeuta ocupacional, fonoaudi\u00f3logo e assistente social, pessoas com defici\u00eancia f\u00edsica residentes em Guarapuava e nos 19 munic\u00edpios adjacentes que comp\u00f5em a 5\u00aa Regional de Sa\u00fade.<\/p>\n<hr \/>\n<p><strong><em>Assist\u00eancia Especializada de Enfermagem em Feridas \u2013 Projeto Feridas<\/em><\/strong><\/p>\n<p><strong>COORDENA\u00c7\u00c3O<\/strong>:<\/p>\n<p>Prof\u00aa Carine Teles Sangaleti Miyahada<br \/>\nProf\u00aa Maria Regiane Trincaus<\/p>\n<p><strong>Professores Participantes<\/strong><\/p>\n<ul>\n<li>Aline Padilha Mattei<\/li>\n<\/ul>\n<p><strong>PUBLICO ALVO<\/strong>: pessoas com feridas cr\u00f4nicas, residentes nos 20 munic\u00edpios da 5\u00aa Regional de Sa\u00fade, preferencialmente Guarapuava<\/p>\n<p><strong>PER\u00cdODO DE EXECU\u00c7\u00c3O<\/strong>: Permanente<\/p>\n<p>O projeto de Extens\u00e3o Permanente intitulado <strong>\u201c<\/strong><strong><em>Assist\u00eancia Especializada de Enfermagem em Feridas \u2013 Projeto Feridas\u201d<\/em><\/strong>\u00a0tem por objetivos:<\/p>\n<p>Geral<\/p>\n<ul>\n<li>Manter um ambulat\u00f3rio de Feridas do Cedeteg como campo de est\u00e1gio para alunos de gradua\u00e7\u00e3o, especializa\u00e7\u00e3o e outros profissionais do Estado, al\u00e9m de prestar atendimento especializado aos portadores de feridas cr\u00f4nicas de Guarapuava e regi\u00e3o;<\/li>\n<\/ul>\n<p>Espec\u00edficos<\/p>\n<ul>\n<li>Promover capacita\u00e7\u00f5es para o cuidado \u00e0s \u00falceras (feridas cr\u00f4nicas) para enfermeiros, m\u00e9dicos, t\u00e9cnicos e auxiliares de enfermagem da rede b\u00e1sica dos munic\u00edpios do Paran\u00e1;<\/li>\n<li>Promover cursos de forma\u00e7\u00e3o e atualiza\u00e7\u00e3o em feridas cr\u00f4nicas para alunos dos diversos cursos de enfermagem da Regi\u00e3o;<\/li>\n<li>Prestar assist\u00eancia de enfermagem individual e especializada a pacientes portadores de feridas cr\u00f4nicas;<\/li>\n<li>Realizar pesquisas epidemiol\u00f3gicas e de evolu\u00e7\u00e3o de tratamento das \u00falceras para ampla divulga\u00e7\u00e3o no meio acad\u00eamico-cient\u00edfico e social;<\/li>\n<li>Fornecer campo de est\u00e1gio a alunos dos cursos de gradua\u00e7\u00e3o em enfermagem, fisioterapia, nutri\u00e7\u00e3o e farm\u00e1cia da Unicentro. O servi\u00e7o atende, atrav\u00e9s de uma equipe multiprofissional e interdisciplinar composta de m\u00e9dico, enfermeiro, fisioterapeuta, psic\u00f3logo e assistente social, pessoas com feridas cr\u00f4nicas (\u00falceras) residentes em Guarapuava e nos 19 munic\u00edpios adjacentes que comp\u00f5em a 5\u00aa Regional de Sa\u00fade, prestando assist\u00eancia tamb\u00e9m a outros munic\u00edpios do Paran\u00e1 desde que acompanhados de profissional competente.<\/li>\n<\/ul>\n<p>&nbsp;<\/p>\n","protected":false},"excerpt":{"rendered":"<p>Projeto Ortese e Pr\u00f3tese Coordena\u00e7\u00e3o: Prof\u00aa Dra. Maria Regiane Trincaus PUBLICO ALVO: pessoas com defici\u00eancia, residentes nos 20 munic\u00edpios da 5\u00aa Regional de Sa\u00fade PER\u00cdODO DE EXECU\u00c7\u00c3O: Permanente O \u201cProjeto \u00d3rtese e Pr\u00f3tese\u201d teve in\u00edcio em 15 de julho de 2003 nas depend\u00eancias do Cedeteg, vinculado ao Departamento de Enfermagem.\u00a0 Tem como objetivo realizar prescri\u00e7\u00e3o, [&hellip;]<\/p>\n","protected":false},"author":2,"featured_media":0,"parent":0,"menu_order":0,"comment_status":"closed","ping_status":"closed","template":"twocolumns-page.php","meta":{"_exactmetrics_skip_tracking":false,"_exactmetrics_sitenote_active":false,"_exactmetrics_sitenote_note":"","_exactmetrics_sitenote_category":0,"ngg_post_thumbnail":0,"footnotes":"","_links_to":"","_links_to_target":""},"class_list":["post-52","page","type-page","status-publish","hentry"],"_links":{"self":[{"href":"https:\/\/www2.unicentro.br\/denf\/wp-json\/wp\/v2\/pages\/52","targetHints":{"allow":["GET"]}}],"collection":[{"href":"https:\/\/www2.unicentro.br\/denf\/wp-json\/wp\/v2\/pages"}],"about":[{"href":"https:\/\/www2.unicentro.br\/denf\/wp-json\/wp\/v2\/types\/page"}],"author":[{"embeddable":true,"href":"https:\/\/www2.unicentro.br\/denf\/wp-json\/wp\/v2\/users\/2"}],"replies":[{"embeddable":true,"href":"https:\/\/www2.unicentro.br\/denf\/wp-json\/wp\/v2\/comments?post=52"}],"version-history":[{"count":5,"href":"https:\/\/www2.unicentro.br\/denf\/wp-json\/wp\/v2\/pages\/52\/revisions"}],"predecessor-version":[{"id":294,"href":"https:\/\/www2.unicentro.br\/denf\/wp-json\/wp\/v2\/pages\/52\/revisions\/294"}],"wp:attachment":[{"href":"https:\/\/www2.unicentro.br\/denf\/wp-json\/wp\/v2\/media?parent=52"}],"curies":[{"name":"wp","href":"https:\/\/api.w.org\/{rel}","templated":true}]}}