{"id":335,"date":"2016-07-28T09:47:26","date_gmt":"2016-07-28T12:47:26","guid":{"rendered":"http:\/\/www2.unicentro.br\/denf\/?page_id=335"},"modified":"2016-07-28T09:54:31","modified_gmt":"2016-07-28T12:54:31","slug":"enade-portarias","status":"publish","type":"page","link":"https:\/\/www2.unicentro.br\/denf\/enade-portarias\/","title":{"rendered":"Enade &#8211; Portarias"},"content":{"rendered":"<p>Legisla\u00e7\u00e3o divulgada pelo Inep, relacionada ao Enade 2016, publicada at\u00e9 o momento:<\/p>\n<ul>\n<li><a href=\"http:\/\/www2.mec.gov.br\/sapiens\/portarias\/port40.pdf\"><strong>Portaria Normativa n\u00ba 40 de 12 de dezembro de 2007 (*) Republicada em 29 de dezembro de 2010<\/strong><\/a> &#8211;\u00a0Institui o e-MEC, sistema eletr\u00f4nico de fluxo de trabalho e gerenciamento de informa\u00e7\u00f5es relativas aos processos de regula\u00e7\u00e3o, avalia\u00e7\u00e3o e supervis\u00e3o da educa\u00e7\u00e3o superior no sistema federal de educa\u00e7\u00e3o, e o Cadastro e-MEC de Institui\u00e7\u00f5es e Cursos Superiores e consolida disposi\u00e7\u00f5es sobre indicadores de qualidade, banco de avaliadores (Basis) e o Exame Nacional de Desempenho de Estudantes (ENADE) e outras disposi\u00e7\u00f5es.<\/li>\n<li><a href=\"http:\/\/portal.mec.gov.br\/arquivos\/pdf\/leisinaes.pdf\"><strong>Lei n\u00ba 10.861, de 14 de abril de 2004<\/strong> <\/a>\u00a0&#8211;\u00a0Institui o Sistema Nacional de Avalia\u00e7\u00e3o da Educa\u00e7\u00e3o Superior \u2013 SINAES e d\u00e1 outras provid\u00eancias.<\/li>\n<li><a href=\"http:\/\/download.inep.gov.br\/educacao_superior\/enade\/legislacao\/2016\/portaria_normativa_n05_de_09032016.pdf\"><strong>Portaria Normativa n\u00ba 05, de 09 de mar\u00e7o de 2016<\/strong> <\/a>&#8211;\u00a0Estabelece as regras do Exame Nacional de Desempenho dos Estudantes \u2013 ENADE, no ano de 2016.<\/li>\n<li><a href=\"http:\/\/download.inep.gov.br\/educacao_superior\/enade\/legislacao\/2016\/formacao_geral_portaria_n294_08062016.pdf\"><strong>Portaria Normativa n\u00ba 294, de 08 de junho de 2016<\/strong> <\/a>&#8211;\u00a0Estabelece as Diretrizes da \u00c1rea de Forma\u00e7\u00e3o Geral<\/li>\n<li><a href=\"http:\/\/www.abmes.org.br\/public\/arquivos\/legislacoes\/Portaria-Inep-290-2016-06-08.pdf\"><strong>Portaria Normativa n\u00ba 290, de 08 de junho de 2016<\/strong><\/a> &#8211;\u00a0Estabelece as Diretrizes da \u00c1rea de Enfermagem<\/li>\n<\/ul>\n","protected":false},"excerpt":{"rendered":"<p>Legisla\u00e7\u00e3o divulgada pelo Inep, relacionada ao Enade 2016, publicada at\u00e9 o momento: Portaria Normativa n\u00ba 40 de 12 de dezembro de 2007 (*) Republicada em 29 de dezembro de 2010 &#8211;\u00a0Institui o e-MEC, sistema eletr\u00f4nico de fluxo de trabalho e gerenciamento de informa\u00e7\u00f5es relativas aos processos de regula\u00e7\u00e3o, avalia\u00e7\u00e3o e supervis\u00e3o da educa\u00e7\u00e3o superior no [&hellip;]<\/p>\n","protected":false},"author":6,"featured_media":0,"parent":0,"menu_order":0,"comment_status":"closed","ping_status":"closed","template":"twocolumns-page.php","meta":{"_exactmetrics_skip_tracking":false,"_exactmetrics_sitenote_active":false,"_exactmetrics_sitenote_note":"","_exactmetrics_sitenote_category":0,"ngg_post_thumbnail":0,"footnotes":"","_links_to":"","_links_to_target":""},"class_list":["post-335","page","type-page","status-publish","hentry"],"_links":{"self":[{"href":"https:\/\/www2.unicentro.br\/denf\/wp-json\/wp\/v2\/pages\/335","targetHints":{"allow":["GET"]}}],"collection":[{"href":"https:\/\/www2.unicentro.br\/denf\/wp-json\/wp\/v2\/pages"}],"about":[{"href":"https:\/\/www2.unicentro.br\/denf\/wp-json\/wp\/v2\/types\/page"}],"author":[{"embeddable":true,"href":"https:\/\/www2.unicentro.br\/denf\/wp-json\/wp\/v2\/users\/6"}],"replies":[{"embeddable":true,"href":"https:\/\/www2.unicentro.br\/denf\/wp-json\/wp\/v2\/comments?post=335"}],"version-history":[{"count":6,"href":"https:\/\/www2.unicentro.br\/denf\/wp-json\/wp\/v2\/pages\/335\/revisions"}],"predecessor-version":[{"id":342,"href":"https:\/\/www2.unicentro.br\/denf\/wp-json\/wp\/v2\/pages\/335\/revisions\/342"}],"wp:attachment":[{"href":"https:\/\/www2.unicentro.br\/denf\/wp-json\/wp\/v2\/media?parent=335"}],"curies":[{"name":"wp","href":"https:\/\/api.w.org\/{rel}","templated":true}]}}