{"id":117,"date":"2014-10-21T19:01:08","date_gmt":"2014-10-21T19:01:08","guid":{"rendered":"http:\/\/www2.unicentro.br\/denf\/?page_id=117"},"modified":"2015-10-26T14:23:56","modified_gmt":"2015-10-26T16:23:56","slug":"avaliacao-do-curso","status":"publish","type":"page","link":"https:\/\/www2.unicentro.br\/denf\/avaliacao-do-curso\/","title":{"rendered":"Avalia\u00e7\u00e3o do curso"},"content":{"rendered":"<p>A avalia\u00e7\u00e3o dos cursos superiores no Brasil \u00e9 realizada pelo INEP.\u00a0A avalia\u00e7\u00e3o \u00e9 baseada na an\u00e1lise das condi\u00e7\u00f5es de ensino, em especial aquelas relativas ao corpo docente, \u00e0s instala\u00e7\u00f5es f\u00edsicas, ao projeto pedag\u00f3gico e ao resultado dos alunos no Exame Nacional de Desempenho dos Estudantes (Enade).<\/p>\n<p>O <strong>Conceito Preliminar de Curso<\/strong> <strong>(CPC)<\/strong> \u00e9 um \u00edndice que avalia os<strong> cursos<\/strong> de gradua\u00e7\u00e3o. Os instrumentos que subsidiam a produ\u00e7\u00e3o de indicadores de qualidade dos cursos s\u00e3o o Enade, aplicado a cada ano por grupo de \u00e1reas do conhecimento, e as avalia\u00e7\u00f5es feitas por especialistas diretamente na institui\u00e7\u00e3o de ensino superior. Quando visitam uma institui\u00e7\u00e3o, os especialistas verificam: as condi\u00e7\u00f5es de ensino, em especial aquelas relativas ao corpo docente, \u00e0s instala\u00e7\u00f5es f\u00edsicas e \u00e0 organiza\u00e7\u00e3o did\u00e1tico-pedag\u00f3gica.<\/p>\n<p>Para uma gradua\u00e7\u00e3o ser considerada excelente para o Minist\u00e9rio da Educa\u00e7\u00e3o (<a href=\"http:\/\/www.exame.com.br\/topicos\/mec\"><strong>MEC<\/strong><\/a>), \u00e9 preciso que o curso tenha \u00edndices 4 ou 5 no CPC (Conceito Preliminar de Curso), a escala de avalia\u00e7\u00e3o vai de 1 a 5.<\/p>\n<p>Na \u00faltima avalia\u00e7\u00e3o realizada pelo INEP o Curso de Enfermagem da UNICENTRO foi considerado <strong>o melhor do pa\u00eds<\/strong>, obtendo a melhor m\u00e9dia entre o CPC e o ENADE de todos os cursos de enfermagem avaliados no Brasil.<\/p>\n<p><a href=\"http:\/\/exame.abril.com.br\/carreira\/noticias\/os-melhores-e-piores-cursos-de-enfermagem-segundo-o-mec\">http:\/\/exame.abril.com.br\/carreira\/noticias\/os-melhores-e-piores-cursos-de-enfermagem-segundo-o-mec<\/a><\/p>\n","protected":false},"excerpt":{"rendered":"<p>A avalia\u00e7\u00e3o dos cursos superiores no Brasil \u00e9 realizada pelo INEP.\u00a0A avalia\u00e7\u00e3o \u00e9 baseada na an\u00e1lise das condi\u00e7\u00f5es de ensino, em especial aquelas relativas ao corpo docente, \u00e0s instala\u00e7\u00f5es f\u00edsicas, ao projeto pedag\u00f3gico e ao resultado dos alunos no Exame Nacional de Desempenho dos Estudantes (Enade). O Conceito Preliminar de Curso (CPC) \u00e9 um \u00edndice [&hellip;]<\/p>\n","protected":false},"author":2,"featured_media":0,"parent":0,"menu_order":0,"comment_status":"closed","ping_status":"closed","template":"twocolumns-page.php","meta":{"_exactmetrics_skip_tracking":false,"_exactmetrics_sitenote_active":false,"_exactmetrics_sitenote_note":"","_exactmetrics_sitenote_category":0,"ngg_post_thumbnail":0,"footnotes":"","_links_to":"","_links_to_target":""},"class_list":["post-117","page","type-page","status-publish","hentry"],"_links":{"self":[{"href":"https:\/\/www2.unicentro.br\/denf\/wp-json\/wp\/v2\/pages\/117","targetHints":{"allow":["GET"]}}],"collection":[{"href":"https:\/\/www2.unicentro.br\/denf\/wp-json\/wp\/v2\/pages"}],"about":[{"href":"https:\/\/www2.unicentro.br\/denf\/wp-json\/wp\/v2\/types\/page"}],"author":[{"embeddable":true,"href":"https:\/\/www2.unicentro.br\/denf\/wp-json\/wp\/v2\/users\/2"}],"replies":[{"embeddable":true,"href":"https:\/\/www2.unicentro.br\/denf\/wp-json\/wp\/v2\/comments?post=117"}],"version-history":[{"count":5,"href":"https:\/\/www2.unicentro.br\/denf\/wp-json\/wp\/v2\/pages\/117\/revisions"}],"predecessor-version":[{"id":289,"href":"https:\/\/www2.unicentro.br\/denf\/wp-json\/wp\/v2\/pages\/117\/revisions\/289"}],"wp:attachment":[{"href":"https:\/\/www2.unicentro.br\/denf\/wp-json\/wp\/v2\/media?parent=117"}],"curies":[{"name":"wp","href":"https:\/\/api.w.org\/{rel}","templated":true}]}}