{"id":75,"date":"2014-02-20T19:36:01","date_gmt":"2014-02-20T19:36:01","guid":{"rendered":"http:\/\/www2.unicentro.br\/coorcap\/?page_id=75"},"modified":"2024-03-05T19:28:33","modified_gmt":"2024-03-05T19:28:33","slug":"dircap","status":"publish","type":"page","link":"https:\/\/www2.unicentro.br\/coorcap\/dircap\/","title":{"rendered":"Diretoria de Capta\u00e7\u00e3o de Recursos"},"content":{"rendered":"<table style=\"width: 842px;height: 598px\" border=\"1\" cellspacing=\"0\" cellpadding=\"10\" align=\"center\">\n<tbody>\n<tr>\n<td bgcolor=\"#CCCCCC\" height=\"8\"><\/td>\n<\/tr>\n<tr>\n<td><strong>Solicita\u00e7\u00f5es<\/strong><\/p>\n<blockquote>\n<ul>\n<li><a href=\"https:\/\/www2.unicentro.br\/coorcap\/files\/2024\/03\/Solicitacao-de-compras-para-Convenios.doc\">Solicita\u00e7\u00e3o de compras para Conv\u00eanios<\/a><\/li>\n<li><a href=\"http:\/\/www2.unicentro.br\/coorcap\/files\/2014\/02\/Solicita\u00e7\u00e3o-de-passagem-CONV\u00caNIOS.doc\">Solicita\u00e7\u00e3o de Passagens<\/a><\/li>\n<li><a href=\"http:\/\/www2.unicentro.br\/coorcap\/files\/2014\/02\/Solicita\u00e7\u00e3o-de-servi\u00e7os-CONV\u00caNIOS-outubro-2017.doc\">Solicita\u00e7\u00e3o de Servi\u00e7os<\/a><\/li>\n<li><a href=\"http:\/\/www2.unicentro.br\/coorcap\/files\/2014\/02\/Solicita\u00e7\u00e3o-de-alimenta\u00e7\u00e3o.doc\">Solicita\u00e7\u00e3o de Alimenta\u00e7\u00e3o<\/a>\u00a0&#8211; <span style=\"color: #ff0000\">exceto para Guarapuava e Irati<\/span><\/li>\n<li><a href=\"http:\/\/www2.unicentro.br\/coorcap\/files\/2014\/02\/Solicita\u00e7\u00e3o-de-hospedagem1.doc\">Solicita\u00e7\u00e3o de Hospedagem<\/a>\u00a0&#8211; <span style=\"color: #ff0000\">exceto para Guarapuava e Irati<\/span><\/li>\n<li>OBS.: para Guarapuava e Irati as solicita\u00e7\u00f5es de<strong> Alimenta\u00e7\u00e3o<\/strong> e <strong>Hospedagem<\/strong> devem ser realizadas via <strong>SGU M\u00f3dulo Financeiro.<\/strong><\/li>\n<\/ul>\n<\/blockquote>\n<\/td>\n<\/tr>\n<tr>\n<td bgcolor=\"#CCCCCC\" height=\"8\"><\/td>\n<\/tr>\n<tr>\n<td><strong>Remanejamentos e Prorroga\u00e7\u00e3o de Conv\u00eanios<\/strong><\/p>\n<blockquote>\n<ul>\n<li><a href=\"http:\/\/www2.unicentro.br\/coorcap\/files\/2014\/02\/Ato-Normativo-01-2012-Funda\u00e7\u00e3o-Arauc\u00e1ria.pdf\">Ato Normativo 01-2012 &#8211; Funda\u00e7\u00e3o Arauc\u00e1ria<\/a><\/li>\n<\/ul>\n<\/blockquote>\n<\/td>\n<\/tr>\n<tr>\n<td bgcolor=\"#CCCCCC\" height=\"8\"><\/td>\n<\/tr>\n<tr>\n<td>\n<blockquote>\n<ul>\n<li><a href=\"http:\/\/www2.unicentro.br\/coorcap\/files\/2014\/02\/Procedimentos-para-execu\u00e7\u00e3o-de-Conv\u00eanios-1.pdf\">Procedimentos para execu\u00e7\u00e3o de Conv\u00eanios<\/a><\/li>\n<\/ul>\n<\/blockquote>\n<\/td>\n<\/tr>\n<tr>\n<td bgcolor=\"#CCCCCC\" height=\"8\"><\/td>\n<\/tr>\n<tr>\n<td>\n<blockquote>\n<ul>\n<li><a href=\"http:\/\/www2.unicentro.br\/coorcap\/files\/2014\/02\/Plano-de-Contas-2017.pdf\">Rubricas para 2017<\/a><\/li>\n<\/ul>\n<\/blockquote>\n<\/td>\n<\/tr>\n<\/tbody>\n<\/table>\n<p>&nbsp;<\/p>\n","protected":false},"excerpt":{"rendered":"<p>Solicita\u00e7\u00f5es Solicita\u00e7\u00e3o de compras para Conv\u00eanios Solicita\u00e7\u00e3o de Passagens Solicita\u00e7\u00e3o de Servi\u00e7os Solicita\u00e7\u00e3o de Alimenta\u00e7\u00e3o\u00a0&#8211; exceto para Guarapuava e Irati Solicita\u00e7\u00e3o de Hospedagem\u00a0&#8211; exceto para Guarapuava e Irati OBS.: para Guarapuava e Irati as solicita\u00e7\u00f5es de Alimenta\u00e7\u00e3o e Hospedagem devem ser realizadas via SGU M\u00f3dulo Financeiro. Remanejamentos e Prorroga\u00e7\u00e3o de Conv\u00eanios Ato Normativo 01-2012 &#8211; [&hellip;]<\/p>\n","protected":false},"author":2,"featured_media":0,"parent":0,"menu_order":0,"comment_status":"closed","ping_status":"closed","template":"twocolumns-page-2-1.php","meta":{"_exactmetrics_skip_tracking":false,"_exactmetrics_sitenote_active":false,"_exactmetrics_sitenote_note":"","_exactmetrics_sitenote_category":0,"footnotes":"","_links_to":"","_links_to_target":""},"class_list":["post-75","page","type-page","status-publish","hentry"],"publishpress_future_action":{"enabled":false,"date":"2026-04-28 19:45:15","action":"change-status","newStatus":"draft","terms":[],"taxonomy":"","extraData":[]},"publishpress_future_workflow_manual_trigger":{"enabledWorkflows":[]},"_links":{"self":[{"href":"https:\/\/www2.unicentro.br\/coorcap\/wp-json\/wp\/v2\/pages\/75","targetHints":{"allow":["GET"]}}],"collection":[{"href":"https:\/\/www2.unicentro.br\/coorcap\/wp-json\/wp\/v2\/pages"}],"about":[{"href":"https:\/\/www2.unicentro.br\/coorcap\/wp-json\/wp\/v2\/types\/page"}],"author":[{"embeddable":true,"href":"https:\/\/www2.unicentro.br\/coorcap\/wp-json\/wp\/v2\/users\/2"}],"replies":[{"embeddable":true,"href":"https:\/\/www2.unicentro.br\/coorcap\/wp-json\/wp\/v2\/comments?post=75"}],"version-history":[{"count":26,"href":"https:\/\/www2.unicentro.br\/coorcap\/wp-json\/wp\/v2\/pages\/75\/revisions"}],"predecessor-version":[{"id":1168,"href":"https:\/\/www2.unicentro.br\/coorcap\/wp-json\/wp\/v2\/pages\/75\/revisions\/1168"}],"wp:attachment":[{"href":"https:\/\/www2.unicentro.br\/coorcap\/wp-json\/wp\/v2\/media?parent=75"}],"curies":[{"name":"wp","href":"https:\/\/api.w.org\/{rel}","templated":true}]}}